{"id":1142,"date":"2023-02-25T10:00:55","date_gmt":"2023-02-25T09:00:55","guid":{"rendered":"https:\/\/e-ucebnice.ff.ucm.sk\/?page_id=1142"},"modified":"2023-02-25T11:26:14","modified_gmt":"2023-02-25T10:26:14","slug":"vybrane-aspekty-pedagogickej-komunikacie-v-edukacnej-realite-3","status":"publish","type":"page","link":"https:\/\/e-ucebnice.ff.ucm.sk\/index.php\/vybrane-aspekty-pedagogickej-komunikacie-v-edukacnej-realite-3\/","title":{"rendered":"Vybran\u00e9 aspekty pedagogickej komunik\u00e1cie v eduka\u010dnej realite-3"},"content":{"rendered":"\t\t<div data-elementor-type=\"wp-page\" data-elementor-id=\"1142\" class=\"elementor elementor-1142\" data-elementor-post-type=\"page\">\n\t\t\t\t\t\t<section class=\"elementor-section elementor-top-section elementor-element elementor-element-46a8103 elementor-section-height-min-height elementor-section-boxed elementor-section-height-default elementor-section-items-middle\" data-id=\"46a8103\" data-element_type=\"section\" data-settings=\"{&quot;background_background&quot;:&quot;classic&quot;}\">\n\t\t\t\t\t\t\t<div class=\"elementor-background-overlay\"><\/div>\n\t\t\t\t\t\t\t<div class=\"elementor-container elementor-column-gap-default\">\n\t\t\t\t\t<div class=\"elementor-column elementor-col-100 elementor-top-column elementor-element elementor-element-1d73468\" data-id=\"1d73468\" data-element_type=\"column\">\n\t\t\t<div class=\"elementor-widget-wrap elementor-element-populated\">\n\t\t\t\t\t\t<div class=\"elementor-element elementor-element-f40cd06 elementor-widget elementor-widget-heading\" data-id=\"f40cd06\" data-element_type=\"widget\" data-widget_type=\"heading.default\">\n\t\t\t\t<div class=\"elementor-widget-container\">\n\t\t\t\t\t<h1 class=\"elementor-heading-title elementor-size-default\">VYBRAN\u00c9 ASPEKTY PEDAGOGICKEJ KOMUNIK\u00c1CIE V EDUKA\u010cNEJ REALITE <\/h1>\t\t\t\t<\/div>\n\t\t\t\t<\/div>\n\t\t\t\t\t<\/div>\n\t\t<\/div>\n\t\t\t\t\t<\/div>\n\t\t<\/section>\n\t\t\t\t<section class=\"elementor-section elementor-top-section elementor-element elementor-element-c7b2341 elementor-section-boxed elementor-section-height-default elementor-section-height-default\" data-id=\"c7b2341\" data-element_type=\"section\">\n\t\t\t\t\t\t<div class=\"elementor-container elementor-column-gap-default\">\n\t\t\t\t\t<div class=\"elementor-column elementor-col-100 elementor-top-column elementor-element elementor-element-0087dd1\" data-id=\"0087dd1\" data-element_type=\"column\">\n\t\t\t<div class=\"elementor-widget-wrap elementor-element-populated\">\n\t\t\t\t\t\t<section class=\"elementor-section elementor-inner-section elementor-element elementor-element-1fd1dbe elementor-section-boxed elementor-section-height-default elementor-section-height-default\" data-id=\"1fd1dbe\" data-element_type=\"section\">\n\t\t\t\t\t\t<div class=\"elementor-container elementor-column-gap-default\">\n\t\t\t\t\t<div class=\"elementor-column elementor-col-100 elementor-inner-column elementor-element elementor-element-7106aa1\" data-id=\"7106aa1\" data-element_type=\"column\">\n\t\t\t<div class=\"elementor-widget-wrap elementor-element-populated\">\n\t\t\t\t\t\t<div class=\"elementor-element elementor-element-594d3d0 elementor-widget elementor-widget-heading\" data-id=\"594d3d0\" data-element_type=\"widget\" data-widget_type=\"heading.default\">\n\t\t\t\t<div class=\"elementor-widget-container\">\n\t\t\t\t\t<h3 class=\"elementor-heading-title elementor-size-default\">KOMUNIK\u00c1CIA V ONLINE PRIESTORE <\/h3>\t\t\t\t<\/div>\n\t\t\t\t<\/div>\n\t\t\t\t<section class=\"elementor-section elementor-inner-section elementor-element elementor-element-f90f511 elementor-section-full_width elementor-section-height-default elementor-section-height-default\" data-id=\"f90f511\" data-element_type=\"section\">\n\t\t\t\t\t\t<div class=\"elementor-container elementor-column-gap-default\">\n\t\t\t\t\t<div class=\"elementor-column elementor-col-100 elementor-inner-column elementor-element elementor-element-29cce0b\" data-id=\"29cce0b\" data-element_type=\"column\">\n\t\t\t<div class=\"elementor-widget-wrap elementor-element-populated\">\n\t\t\t\t\t\t<div class=\"elementor-element elementor-element-e085348 elementor-widget__width-auto elementor-widget elementor-widget-heading\" data-id=\"e085348\" data-element_type=\"widget\" data-widget_type=\"heading.default\">\n\t\t\t\t<div class=\"elementor-widget-container\">\n\t\t\t\t\t<h2 class=\"elementor-heading-title elementor-size-default\">K\u013e\u00fa\u010dov\u00e9 zameranie kapitoly<\/h2>\t\t\t\t<\/div>\n\t\t\t\t<\/div>\n\t\t\t\t\t<\/div>\n\t\t<\/div>\n\t\t\t\t\t<\/div>\n\t\t<\/section>\n\t\t\t\t<div class=\"elementor-element elementor-element-17a58ef elementor-icon-list--layout-traditional elementor-list-item-link-full_width elementor-widget elementor-widget-icon-list\" data-id=\"17a58ef\" data-element_type=\"widget\" data-widget_type=\"icon-list.default\">\n\t\t\t\t<div class=\"elementor-widget-container\">\n\t\t\t\t\t\t\t<ul class=\"elementor-icon-list-items\">\n\t\t\t\t\t\t\t<li class=\"elementor-icon-list-item\">\n\t\t\t\t\t\t\t\t\t\t\t<span class=\"elementor-icon-list-icon\">\n\t\t\t\t\t\t\t<i aria-hidden=\"true\" class=\"fas fa-check\"><\/i>\t\t\t\t\t\t<\/span>\n\t\t\t\t\t\t\t\t\t\t<span class=\"elementor-icon-list-text\">Analyzovanie v\u00fdznamu informa\u010dn\u00fdch a komunika\u010dn\u00fdch technol\u00f3gi\u00ed v \u017eivote mlad\u00e9ho \u010dloveka.<\/span>\n\t\t\t\t\t\t\t\t\t<\/li>\n\t\t\t\t\t\t\t\t<li class=\"elementor-icon-list-item\">\n\t\t\t\t\t\t\t\t\t\t\t<span class=\"elementor-icon-list-icon\">\n\t\t\t\t\t\t\t<i aria-hidden=\"true\" class=\"fas fa-check\"><\/i>\t\t\t\t\t\t<\/span>\n\t\t\t\t\t\t\t\t\t\t<span class=\"elementor-icon-list-text\">Zd\u00f4vodnenie roz\u0161irovania vyu\u017e\u00edvania informa\u010dn\u00fdch a komunika\u010dn\u00fdch technol\u00f3gi\u00ed aj do eduka\u010dn\u00e9ho procesu realizovanom v \u0161kolskom prostred\u00ed.<\/span>\n\t\t\t\t\t\t\t\t\t<\/li>\n\t\t\t\t\t\t\t\t<li class=\"elementor-icon-list-item\">\n\t\t\t\t\t\t\t\t\t\t\t<span class=\"elementor-icon-list-icon\">\n\t\t\t\t\t\t\t<i aria-hidden=\"true\" class=\"fas fa-check\"><\/i>\t\t\t\t\t\t<\/span>\n\t\t\t\t\t\t\t\t\t\t<span class=\"elementor-icon-list-text\">Pozit\u00edva realiz\u00e1cie pedagogickej komunik\u00e1cie v online prostred\u00ed.<\/span>\n\t\t\t\t\t\t\t\t\t<\/li>\n\t\t\t\t\t\t\t\t<li class=\"elementor-icon-list-item\">\n\t\t\t\t\t\t\t\t\t\t\t<span class=\"elementor-icon-list-icon\">\n\t\t\t\t\t\t\t<i aria-hidden=\"true\" class=\"fas fa-check\"><\/i>\t\t\t\t\t\t<\/span>\n\t\t\t\t\t\t\t\t\t\t<span class=\"elementor-icon-list-text\">Negat\u00edva realiz\u00e1cie pedagogickej komunik\u00e1cie v online prostred\u00ed.<\/span>\n\t\t\t\t\t\t\t\t\t<\/li>\n\t\t\t\t\t\t<\/ul>\n\t\t\t\t\t\t<\/div>\n\t\t\t\t<\/div>\n\t\t\t\t<div class=\"elementor-element elementor-element-73cc5a8 elementor-widget elementor-widget-text-editor\" data-id=\"73cc5a8\" data-element_type=\"widget\" data-widget_type=\"text-editor.default\">\n\t\t\t\t<div class=\"elementor-widget-container\">\n\t\t\t\t\t\t\t\t\t<p style=\"text-align: justify;\">\u017divot v\u00a0s\u00fa\u010dasnej spolo\u010dnosti sa vyzna\u010duje mnoh\u00fdmi a\u00a0neust\u00e1lymi premenami zalo\u017een\u00fdmi spravidla na postupuj\u00facom progrese v\u00a0rozmanit\u00fdch oblastiach. Premeny v\u00a0spolo\u010dnosti sa dot\u00fdkaj\u00fa mnoh\u00fdch oblast\u00ed \u013eudskej existencie. So \u017eivotom \u010dloveka sa bez najmen\u0161\u00edch pochybnost\u00ed sp\u00e1jaj\u00fa aj procesy v\u00fdchovy a\u00a0vzdel\u00e1vania, ktor\u00fdch v\u0161eobecn\u00fd charakter, ale aj\u00a0\u0161pecifik\u00e1 s\u00fa do ve\u013ekej miery ur\u010dovan\u00e9 pr\u00e1ve vy\u0161\u0161ie spom\u00ednan\u00fdm v\u00fdvojom v\u00a0spolo\u010dnosti. Za neodmyslite\u013en\u00fa s\u00fa\u010das\u0165 spolo\u010densk\u00e9ho v\u00fdvoja pova\u017eujeme aj rozvoj digit\u00e1lnych technol\u00f3gi\u00ed podporuj\u00facich priebeh \u013eudsk\u00fdch interakci\u00ed bez bezprostrednej fyzickej pr\u00edtomnosti jednotliv\u00fdch akt\u00e9rov na identickom mieste. Vyu\u017e\u00edvanie digit\u00e1lnych technol\u00f3gi\u00ed sa postupne roz\u0161iruje do nieko\u013ek\u00fdch spolo\u010densk\u00fdch oblast\u00ed a\u00a0zah\u0155\u0148a aj oblas\u0165 komunik\u00e1cie. Na z\u00e1klade rozvoja digit\u00e1lnych technol\u00f3gi\u00ed m\u00f4\u017ee komunik\u00e1cia prebieha\u0165 aj v\u00a0online priestore a\u00a0komunikuj\u00faci tak nemusia by\u0165 v\u00a0bezprostrednom fyzickom kontakte.<\/p><p style=\"text-align: justify;\">Z\u00a0tohto d\u00f4vodu mus\u00edme pouk\u00e1za\u0165 aj na postupn\u00e9 zap\u00e1janie vyu\u017e\u00edvania digit\u00e1lnych technol\u00f3gi\u00ed do oblasti v\u00fdchovy a\u00a0vzdel\u00e1vania. V\u0161eobecn\u00e9 vyu\u017e\u00edvanie digit\u00e1lnych technol\u00f3gi\u00ed v\u00a0s\u00favislosti s\u00a0procesmi v\u00fdchovy, ako aj vzdel\u00e1vania sa t\u00fdka predov\u0161etk\u00fdm zberu, zaznamen\u00e1vania, n\u00e1sledn\u00e9ho uchov\u00e1vania, spracovania, ako aj v\u00fdmeny r\u00f4znych inform\u00e1ci\u00ed (Kosturb \u2013 Severini \u2013 Marher Milov\u010dikov\u00e1, 2014, s. 80-81). Vyu\u017e\u00edvanie modern\u00fdch technol\u00f3gi\u00ed je v\u00a0s\u00fa\u010dasnosti neodmyslite\u013enou s\u00fa\u010das\u0165ou zefekt\u00edvnenia eduka\u010dn\u00e9ho procesu. Rozvoj digit\u00e1lnych technol\u00f3gi\u00ed prep\u00e1jame s\u00a0rozvojom modern\u00fdch informa\u010dn\u00fdch a\u00a0komunika\u010dn\u00fdch technol\u00f3gi\u00ed. Na\u0161\u00edm cie\u013eom nie je vytvorenie exaktnej kategoriz\u00e1cie modern\u00fdch informa\u010dn\u00fdch a\u00a0komunika\u010dn\u00fdch technol\u00f3gi\u00ed. Chceme v\u0161ak pouk\u00e1za\u0165 na v\u0161eobecn\u00fd pr\u00ednos rozvoja spomenutej oblasti pre eduka\u010dn\u00fd proces bez oh\u013eadu na vyu\u017eit\u00e9 technol\u00f3gie.<\/p><p style=\"text-align: justify;\">Zaznamen\u00e1vanie inform\u00e1ci\u00ed prostredn\u00edctvom digit\u00e1lnych technol\u00f3gi\u00ed je pova\u017eovan\u00e9 za r\u00fdchly a\u00a0jednoduch\u00fd sp\u00f4sob. Spravidla nen\u00e1ro\u010dn\u00fdm sa st\u00e1va aj uchov\u00e1vanie inform\u00e1ci\u00ed v\u00a0digit\u00e1lnej podobe, v\u00a0z\u00e1vislosti od ich ve\u013ekosti, ako aj v\u00a0z\u00e1vislosti od dostupn\u00fdch kapac\u00edt zvolen\u00e9ho prostriedku uchovania. Pri uchov\u00e1van\u00ed inform\u00e1ci\u00ed v\u00a0digit\u00e1lnej podobe absentuje pri v\u00e4\u010d\u0161om mno\u017estve po\u017eiadavka na adekv\u00e1tny fyzick\u00fd priestor. Naviac, v\u00fdmena inform\u00e1ci\u00ed v\u00a0digit\u00e1lnej podobe sa taktie\u017e uskuto\u010d\u0148uje relat\u00edvne r\u00fdchlym sp\u00f4sobom. Ako pr\u00edklad m\u00f4\u017eeme uvies\u0165 odoslanie mailu, dokumentov v\u00a0pr\u00edlohe mailu.<\/p>\t\t\t\t\t\t\t\t<\/div>\n\t\t\t\t<\/div>\n\t\t\t\t\t<\/div>\n\t\t<\/div>\n\t\t\t\t\t<\/div>\n\t\t<\/section>\n\t\t\t\t\t<\/div>\n\t\t<\/div>\n\t\t\t\t\t<\/div>\n\t\t<\/section>\n\t\t\t\t<\/div>\n\t\t","protected":false},"excerpt":{"rendered":"<p>VYBRAN\u00c9 ASPEKTY PEDAGOGICKEJ KOMUNIK\u00c1CIE V EDUKA\u010cNEJ REALITE KOMUNIK\u00c1CIA V ONLINE PRIESTORE K\u013e\u00fa\u010dov\u00e9 zameranie kapitoly Analyzovanie v\u00fdznamu informa\u010dn\u00fdch a komunika\u010dn\u00fdch technol\u00f3gi\u00ed v \u017eivote mlad\u00e9ho \u010dloveka. Zd\u00f4vodnenie roz\u0161irovania vyu\u017e\u00edvania informa\u010dn\u00fdch a komunika\u010dn\u00fdch technol\u00f3gi\u00ed aj do eduka\u010dn\u00e9ho procesu realizovanom v \u0161kolskom prostred\u00ed. Pozit\u00edva realiz\u00e1cie pedagogickej komunik\u00e1cie v online prostred\u00ed. Negat\u00edva realiz\u00e1cie pedagogickej komunik\u00e1cie v online prostred\u00ed. \u017divot v\u00a0s\u00fa\u010dasnej [&hellip;]<\/p>\n","protected":false},"author":3,"featured_media":0,"parent":0,"menu_order":0,"comment_status":"closed","ping_status":"closed","template":"","meta":{"footnotes":""},"class_list":["post-1142","page","type-page","status-publish","hentry"],"_links":{"self":[{"href":"https:\/\/e-ucebnice.ff.ucm.sk\/index.php\/wp-json\/wp\/v2\/pages\/1142","targetHints":{"allow":["GET"]}}],"collection":[{"href":"https:\/\/e-ucebnice.ff.ucm.sk\/index.php\/wp-json\/wp\/v2\/pages"}],"about":[{"href":"https:\/\/e-ucebnice.ff.ucm.sk\/index.php\/wp-json\/wp\/v2\/types\/page"}],"author":[{"embeddable":true,"href":"https:\/\/e-ucebnice.ff.ucm.sk\/index.php\/wp-json\/wp\/v2\/users\/3"}],"replies":[{"embeddable":true,"href":"https:\/\/e-ucebnice.ff.ucm.sk\/index.php\/wp-json\/wp\/v2\/comments?post=1142"}],"version-history":[{"count":28,"href":"https:\/\/e-ucebnice.ff.ucm.sk\/index.php\/wp-json\/wp\/v2\/pages\/1142\/revisions"}],"predecessor-version":[{"id":1286,"href":"https:\/\/e-ucebnice.ff.ucm.sk\/index.php\/wp-json\/wp\/v2\/pages\/1142\/revisions\/1286"}],"wp:attachment":[{"href":"https:\/\/e-ucebnice.ff.ucm.sk\/index.php\/wp-json\/wp\/v2\/media?parent=1142"}],"curies":[{"name":"wp","href":"https:\/\/api.w.org\/{rel}","templated":true}]}}