{"id":12587,"date":"2025-11-11T10:26:54","date_gmt":"2025-11-11T09:26:54","guid":{"rendered":"https:\/\/e-ucebnice.ff.ucm.sk\/?page_id=12587"},"modified":"2025-11-11T10:34:21","modified_gmt":"2025-11-11T09:34:21","slug":"jazykova-kultura-4-2","status":"publish","type":"page","link":"https:\/\/e-ucebnice.ff.ucm.sk\/index.php\/jazykova-kultura-4-2\/","title":{"rendered":"jazykova-kultura-4-2"},"content":{"rendered":"\t\t<div data-elementor-type=\"wp-page\" data-elementor-id=\"12587\" class=\"elementor elementor-12587\" data-elementor-post-type=\"page\">\n\t\t\t\t\t\t<section class=\"elementor-section elementor-top-section elementor-element elementor-element-468cb6a elementor-section-height-min-height elementor-section-boxed elementor-section-height-default elementor-section-items-middle\" data-id=\"468cb6a\" data-element_type=\"section\" data-settings=\"{&quot;background_background&quot;:&quot;classic&quot;}\">\n\t\t\t\t\t\t\t<div class=\"elementor-background-overlay\"><\/div>\n\t\t\t\t\t\t\t<div class=\"elementor-container elementor-column-gap-default\">\n\t\t\t\t\t<div class=\"elementor-column elementor-col-100 elementor-top-column elementor-element elementor-element-c353e91\" data-id=\"c353e91\" data-element_type=\"column\">\n\t\t\t<div class=\"elementor-widget-wrap elementor-element-populated\">\n\t\t\t\t\t\t<div class=\"elementor-element elementor-element-a3d62af elementor-widget elementor-widget-heading\" data-id=\"a3d62af\" data-element_type=\"widget\" data-widget_type=\"heading.default\">\n\t\t\t\t<div class=\"elementor-widget-container\">\n\t\t\t\t\t<h1 class=\"elementor-heading-title elementor-size-default\">JAZYKOV\u00c1 KULT\u00daRA \u2014 P\u00cdSOMN\u00dd A \u00daSTNY PREJAV<\/h1>\t\t\t\t<\/div>\n\t\t\t\t<\/div>\n\t\t\t\t\t<\/div>\n\t\t<\/div>\n\t\t\t\t\t<\/div>\n\t\t<\/section>\n\t\t\t\t<section class=\"elementor-section elementor-top-section elementor-element elementor-element-9f9a241 elementor-section-boxed elementor-section-height-default elementor-section-height-default\" data-id=\"9f9a241\" data-element_type=\"section\">\n\t\t\t\t\t\t<div class=\"elementor-container elementor-column-gap-default\">\n\t\t\t\t\t<div class=\"elementor-column elementor-col-100 elementor-top-column elementor-element elementor-element-36e8d15\" data-id=\"36e8d15\" data-element_type=\"column\">\n\t\t\t<div class=\"elementor-widget-wrap elementor-element-populated\">\n\t\t\t\t\t\t<section class=\"elementor-section elementor-inner-section elementor-element elementor-element-0f7453d elementor-section-boxed elementor-section-height-default elementor-section-height-default\" data-id=\"0f7453d\" data-element_type=\"section\">\n\t\t\t\t\t\t<div class=\"elementor-container elementor-column-gap-default\">\n\t\t\t\t\t<div class=\"elementor-column elementor-col-100 elementor-inner-column elementor-element elementor-element-4973de6\" data-id=\"4973de6\" data-element_type=\"column\">\n\t\t\t<div class=\"elementor-widget-wrap elementor-element-populated\">\n\t\t\t\t\t\t<div class=\"elementor-element elementor-element-198bac6 elementor-widget__width-initial elementor-fixed elementor-widget elementor-widget-button\" data-id=\"198bac6\" data-element_type=\"widget\" data-settings=\"{&quot;_position&quot;:&quot;fixed&quot;}\" data-widget_type=\"button.default\">\n\t\t\t\t<div class=\"elementor-widget-container\">\n\t\t\t\t\t\t\t\t\t<div class=\"elementor-button-wrapper\">\n\t\t\t\t\t<a class=\"elementor-button elementor-button-link elementor-size-sm\" href=\"#Kapitola1\">\n\t\t\t\t\t\t<span class=\"elementor-button-content-wrapper\">\n\t\t\t\t\t\t<span class=\"elementor-button-icon\">\n\t\t\t\t<i aria-hidden=\"true\" class=\"fas fa-arrow-up\"><\/i>\t\t\t<\/span>\n\t\t\t\t\t\t\t\t<\/span>\n\t\t\t\t\t<\/a>\n\t\t\t\t<\/div>\n\t\t\t\t\t\t\t\t<\/div>\n\t\t\t\t<\/div>\n\t\t\t\t\t<\/div>\n\t\t<\/div>\n\t\t\t\t\t<\/div>\n\t\t<\/section>\n\t\t\t\t\t<\/div>\n\t\t<\/div>\n\t\t\t\t\t<\/div>\n\t\t<\/section>\n\t\t\t\t<section class=\"elementor-section elementor-top-section elementor-element elementor-element-2858d6f elementor-section-boxed elementor-section-height-default elementor-section-height-default\" data-id=\"2858d6f\" data-element_type=\"section\">\n\t\t\t\t\t\t<div class=\"elementor-container elementor-column-gap-default\">\n\t\t\t\t\t<div class=\"elementor-column elementor-col-100 elementor-top-column elementor-element elementor-element-e63bd34\" data-id=\"e63bd34\" data-element_type=\"column\">\n\t\t\t<div class=\"elementor-widget-wrap elementor-element-populated\">\n\t\t\t\t\t\t<section class=\"elementor-section elementor-inner-section elementor-element elementor-element-0b79421 elementor-section-boxed elementor-section-height-default elementor-section-height-default\" data-id=\"0b79421\" data-element_type=\"section\">\n\t\t\t\t\t\t<div class=\"elementor-container elementor-column-gap-default\">\n\t\t\t\t\t<div class=\"elementor-column elementor-col-100 elementor-inner-column elementor-element elementor-element-bb0ded5\" data-id=\"bb0ded5\" data-element_type=\"column\">\n\t\t\t<div class=\"elementor-widget-wrap elementor-element-populated\">\n\t\t\t\t\t\t<div class=\"elementor-element elementor-element-264bbbf elementor-widget elementor-widget-heading\" data-id=\"264bbbf\" data-element_type=\"widget\" data-widget_type=\"heading.default\">\n\t\t\t\t<div class=\"elementor-widget-container\">\n\t\t\t\t\t<h3 class=\"elementor-heading-title elementor-size-default\">4.2 Ve\u013ek\u00e9 p\u00edsmen\u00e1 na za\u010diatku viet a s\u00favet\u00ed<\/h3>\t\t\t\t<\/div>\n\t\t\t\t<\/div>\n\t\t\t\t<div class=\"elementor-element elementor-element-5aa9d5d elementor-widget elementor-widget-text-editor\" data-id=\"5aa9d5d\" data-element_type=\"widget\" data-widget_type=\"text-editor.default\">\n\t\t\t\t<div class=\"elementor-widget-container\">\n\t\t\t\t\t\t\t\t\t<p><strong><em>Ve\u013ek\u00e9 p\u00edsmen\u00e1 p\u00ed\u0161eme:<\/em><\/strong><\/p><ol><li><strong>na za\u010diatku jednoduchej vety alebo s\u00favetia<\/strong>, a\u00a0to:<\/li><\/ol><p>\u2014 na \u00faplnom za\u010diatku, ako n\u00e1pis, oslovenie, napr. <em>V\u00e1\u017een\u00ed priatelia!<\/em>, <em>Potraviny<\/em>;<\/p><p>\u2014 po predch\u00e1dzaj\u00facej vete zakon\u010denej bodkou, v\u00fdkri\u010dn\u00edkom, ot\u00e1znikom, napr. <em>Pr\u00ed\u010f na obed! <\/em><strong><em>P<\/em><\/strong><em>oz\u00fdvam.<\/em><\/p><ol start=\"2\"><li><strong>po dvojbodke<\/strong>:<\/li><\/ol><p>\u2014 na za\u010diatku priamej re\u010di, napr. <em>Peter iba ticho poznamenal: ,,<strong>T<\/strong>akto som to nechcel.\u201c<\/em><\/p><p>\u2014 ak po nej nasleduje v\u00fdpo\u010det, v\u00a0ktorom niektor\u00fd \u010dlen obsahuje jednu cel\u00fa vetu, napr.<\/p><p><em>Pod\u013ea didaktickej funkcie sa delia \u0161kolsk\u00e9 knihy do ur\u010dit\u00fdch kateg\u00f3ri\u00ed:<\/em><\/p><p><strong><em>U<\/em><\/strong><em>\u010debnice<\/em><\/p><p><strong><em>C<\/em><\/strong><em>vi\u010debnice<\/em><\/p><p><strong><em>\u010c<\/em><\/strong><em>\u00edtanky<\/em><\/p><p><strong><em>S<\/em><\/strong><em>lovn\u00edky<\/em><em>;<\/em><\/p>\t\t\t\t\t\t\t\t<\/div>\n\t\t\t\t<\/div>\n\t\t\t\t<div class=\"elementor-element elementor-element-c62e2ce elementor-widget elementor-widget-text-editor\" data-id=\"c62e2ce\" data-element_type=\"widget\" data-widget_type=\"text-editor.default\">\n\t\t\t\t<div class=\"elementor-widget-container\">\n\t\t\t\t\t\t\t\t\t<p><strong>Porovnanie<\/strong><\/p><p>Na za\u010diatku odsekov vo v\u00fdpo\u010dtoch sa nov\u0161ie p\u00ed\u0161u ve\u013emi \u010dasto mal\u00e9 za\u010diato\u010dn\u00e9 p\u00edsmen\u00e1 na ich tesnej\u0161ie zovretie, napr.<\/p><p><em>Konferencia sa uzniesla:<\/em><\/p><p><em>\u2014<\/em><em> kona\u0165 nov\u00fa vo\u013ebu o dva roky,<\/em><\/p><p><em>\u2014<\/em><em> venova\u0165 viac inform\u00e1ci\u00ed na soci\u00e1lne potreby \u010dlenov,<\/em><\/p><p><em>\u2014<\/em><em> svojpomocne vybudova\u0165 ihrisko.<\/em><\/p>\t\t\t\t\t\t\t\t<\/div>\n\t\t\t\t<\/div>\n\t\t\t\t<div class=\"elementor-element elementor-element-a97c018 elementor-widget elementor-widget-text-editor\" data-id=\"a97c018\" data-element_type=\"widget\" data-widget_type=\"text-editor.default\">\n\t\t\t\t<div class=\"elementor-widget-container\">\n\t\t\t\t\t\t\t\t\t<ol start=\"3\"><li>na za\u010diatku <strong>odsekov vo v\u00fdpo\u010dtoch<\/strong>.<\/li><\/ol>\t\t\t\t\t\t\t\t<\/div>\n\t\t\t\t<\/div>\n\t\t\t\t<div class=\"elementor-element elementor-element-cc38dac elementor-widget elementor-widget-text-editor\" data-id=\"cc38dac\" data-element_type=\"widget\" data-widget_type=\"text-editor.default\">\n\t\t\t\t<div class=\"elementor-widget-container\">\n\t\t\t\t\t\t\t\t\t<p><strong>Pozn\u00e1mka<\/strong><\/p><p><strong>Mal\u00e9 p\u00edsmen\u00e1<\/strong> sa p\u00ed\u0161u na za\u010diatku odsekov vo v\u00fdpo\u010dtoch, ktor\u00e9 neobsahuj\u00fa vety, napr.<\/p><p><em>Lexikol\u00f3gia slovensk\u00e9ho jazyka sa \u010dlen\u00ed na tieto discipl\u00edny:<\/em><\/p><p><em>semaziol\u00f3gia<\/em><\/p><p><em>derivatol\u00f3gia<\/em><\/p><p><em>frazeol\u00f3gia<\/em><\/p><p><em>onomaziol\u00f3gia<\/em><\/p><p><em>lexikografia<\/em><\/p><p><em>terminol\u00f3gia<\/em><\/p>\t\t\t\t\t\t\t\t<\/div>\n\t\t\t\t<\/div>\n\t\t\t\t\t<\/div>\n\t\t<\/div>\n\t\t\t\t\t<\/div>\n\t\t<\/section>\n\t\t\t\t\t<\/div>\n\t\t<\/div>\n\t\t\t\t\t<\/div>\n\t\t<\/section>\n\t\t\t\t<\/div>\n\t\t","protected":false},"excerpt":{"rendered":"<p>JAZYKOV\u00c1 KULT\u00daRA \u2014 P\u00cdSOMN\u00dd A \u00daSTNY PREJAV 4.2 Ve\u013ek\u00e9 p\u00edsmen\u00e1 na za\u010diatku viet a s\u00favet\u00ed Ve\u013ek\u00e9 p\u00edsmen\u00e1 p\u00ed\u0161eme: na za\u010diatku jednoduchej vety alebo s\u00favetia, a\u00a0to: \u2014 na \u00faplnom za\u010diatku, ako n\u00e1pis, oslovenie, napr. V\u00e1\u017een\u00ed priatelia!, Potraviny; \u2014 po predch\u00e1dzaj\u00facej vete zakon\u010denej bodkou, v\u00fdkri\u010dn\u00edkom, ot\u00e1znikom, napr. Pr\u00ed\u010f na obed! Poz\u00fdvam. po dvojbodke: \u2014 na za\u010diatku priamej [&hellip;]<\/p>\n","protected":false},"author":3,"featured_media":0,"parent":0,"menu_order":0,"comment_status":"closed","ping_status":"closed","template":"","meta":{"footnotes":""},"class_list":["post-12587","page","type-page","status-publish","hentry"],"_links":{"self":[{"href":"https:\/\/e-ucebnice.ff.ucm.sk\/index.php\/wp-json\/wp\/v2\/pages\/12587","targetHints":{"allow":["GET"]}}],"collection":[{"href":"https:\/\/e-ucebnice.ff.ucm.sk\/index.php\/wp-json\/wp\/v2\/pages"}],"about":[{"href":"https:\/\/e-ucebnice.ff.ucm.sk\/index.php\/wp-json\/wp\/v2\/types\/page"}],"author":[{"embeddable":true,"href":"https:\/\/e-ucebnice.ff.ucm.sk\/index.php\/wp-json\/wp\/v2\/users\/3"}],"replies":[{"embeddable":true,"href":"https:\/\/e-ucebnice.ff.ucm.sk\/index.php\/wp-json\/wp\/v2\/comments?post=12587"}],"version-history":[{"count":10,"href":"https:\/\/e-ucebnice.ff.ucm.sk\/index.php\/wp-json\/wp\/v2\/pages\/12587\/revisions"}],"predecessor-version":[{"id":12606,"href":"https:\/\/e-ucebnice.ff.ucm.sk\/index.php\/wp-json\/wp\/v2\/pages\/12587\/revisions\/12606"}],"wp:attachment":[{"href":"https:\/\/e-ucebnice.ff.ucm.sk\/index.php\/wp-json\/wp\/v2\/media?parent=12587"}],"curies":[{"name":"wp","href":"https:\/\/api.w.org\/{rel}","templated":true}]}}