{"id":12600,"date":"2025-11-11T10:32:42","date_gmt":"2025-11-11T09:32:42","guid":{"rendered":"https:\/\/e-ucebnice.ff.ucm.sk\/?page_id=12600"},"modified":"2025-11-21T19:03:02","modified_gmt":"2025-11-21T18:03:02","slug":"jazykova-kultura-4-3","status":"publish","type":"page","link":"https:\/\/e-ucebnice.ff.ucm.sk\/index.php\/jazykova-kultura-4-3\/","title":{"rendered":"jazykova-kultura-4-3"},"content":{"rendered":"\t\t<div data-elementor-type=\"wp-page\" data-elementor-id=\"12600\" class=\"elementor elementor-12600\" data-elementor-post-type=\"page\">\n\t\t\t\t\t\t<section class=\"elementor-section elementor-top-section elementor-element elementor-element-468cb6a elementor-section-height-min-height elementor-section-boxed elementor-section-height-default elementor-section-items-middle\" data-id=\"468cb6a\" data-element_type=\"section\" data-settings=\"{&quot;background_background&quot;:&quot;classic&quot;}\">\n\t\t\t\t\t\t\t<div class=\"elementor-background-overlay\"><\/div>\n\t\t\t\t\t\t\t<div class=\"elementor-container elementor-column-gap-default\">\n\t\t\t\t\t<div class=\"elementor-column elementor-col-100 elementor-top-column elementor-element elementor-element-c353e91\" data-id=\"c353e91\" data-element_type=\"column\">\n\t\t\t<div class=\"elementor-widget-wrap elementor-element-populated\">\n\t\t\t\t\t\t<div class=\"elementor-element elementor-element-a3d62af elementor-widget elementor-widget-heading\" data-id=\"a3d62af\" data-element_type=\"widget\" data-widget_type=\"heading.default\">\n\t\t\t\t<div class=\"elementor-widget-container\">\n\t\t\t\t\t<h1 class=\"elementor-heading-title elementor-size-default\">JAZYKOV\u00c1 KULT\u00daRA \u2014 P\u00cdSOMN\u00dd A \u00daSTNY PREJAV<\/h1>\t\t\t\t<\/div>\n\t\t\t\t<\/div>\n\t\t\t\t\t<\/div>\n\t\t<\/div>\n\t\t\t\t\t<\/div>\n\t\t<\/section>\n\t\t\t\t<section class=\"elementor-section elementor-top-section elementor-element elementor-element-9f9a241 elementor-section-boxed elementor-section-height-default elementor-section-height-default\" data-id=\"9f9a241\" data-element_type=\"section\">\n\t\t\t\t\t\t<div class=\"elementor-container elementor-column-gap-default\">\n\t\t\t\t\t<div class=\"elementor-column elementor-col-100 elementor-top-column elementor-element elementor-element-36e8d15\" data-id=\"36e8d15\" data-element_type=\"column\">\n\t\t\t<div class=\"elementor-widget-wrap elementor-element-populated\">\n\t\t\t\t\t\t<section class=\"elementor-section elementor-inner-section elementor-element elementor-element-0f7453d elementor-section-boxed elementor-section-height-default elementor-section-height-default\" data-id=\"0f7453d\" data-element_type=\"section\">\n\t\t\t\t\t\t<div class=\"elementor-container elementor-column-gap-default\">\n\t\t\t\t\t<div class=\"elementor-column elementor-col-100 elementor-inner-column elementor-element elementor-element-4973de6\" data-id=\"4973de6\" data-element_type=\"column\">\n\t\t\t<div class=\"elementor-widget-wrap elementor-element-populated\">\n\t\t\t\t\t\t<div class=\"elementor-element elementor-element-198bac6 elementor-widget__width-initial elementor-fixed elementor-widget elementor-widget-button\" data-id=\"198bac6\" data-element_type=\"widget\" data-settings=\"{&quot;_position&quot;:&quot;fixed&quot;}\" data-widget_type=\"button.default\">\n\t\t\t\t<div class=\"elementor-widget-container\">\n\t\t\t\t\t\t\t\t\t<div class=\"elementor-button-wrapper\">\n\t\t\t\t\t<a class=\"elementor-button elementor-button-link elementor-size-sm\" href=\"#Kapitola1\">\n\t\t\t\t\t\t<span class=\"elementor-button-content-wrapper\">\n\t\t\t\t\t\t<span class=\"elementor-button-icon\">\n\t\t\t\t<i aria-hidden=\"true\" class=\"fas fa-arrow-up\"><\/i>\t\t\t<\/span>\n\t\t\t\t\t\t\t\t<\/span>\n\t\t\t\t\t<\/a>\n\t\t\t\t<\/div>\n\t\t\t\t\t\t\t\t<\/div>\n\t\t\t\t<\/div>\n\t\t\t\t\t<\/div>\n\t\t<\/div>\n\t\t\t\t\t<\/div>\n\t\t<\/section>\n\t\t\t\t\t<\/div>\n\t\t<\/div>\n\t\t\t\t\t<\/div>\n\t\t<\/section>\n\t\t\t\t<section class=\"elementor-section elementor-top-section elementor-element elementor-element-2858d6f elementor-section-boxed elementor-section-height-default elementor-section-height-default\" data-id=\"2858d6f\" data-element_type=\"section\">\n\t\t\t\t\t\t<div class=\"elementor-container elementor-column-gap-default\">\n\t\t\t\t\t<div class=\"elementor-column elementor-col-100 elementor-top-column elementor-element elementor-element-e63bd34\" data-id=\"e63bd34\" data-element_type=\"column\">\n\t\t\t<div class=\"elementor-widget-wrap elementor-element-populated\">\n\t\t\t\t\t\t<section class=\"elementor-section elementor-inner-section elementor-element elementor-element-0b79421 elementor-section-boxed elementor-section-height-default elementor-section-height-default\" data-id=\"0b79421\" data-element_type=\"section\">\n\t\t\t\t\t\t<div class=\"elementor-container elementor-column-gap-default\">\n\t\t\t\t\t<div class=\"elementor-column elementor-col-100 elementor-inner-column elementor-element elementor-element-bb0ded5\" data-id=\"bb0ded5\" data-element_type=\"column\">\n\t\t\t<div class=\"elementor-widget-wrap elementor-element-populated\">\n\t\t\t\t\t\t<div class=\"elementor-element elementor-element-264bbbf elementor-widget elementor-widget-heading\" data-id=\"264bbbf\" data-element_type=\"widget\" data-widget_type=\"heading.default\">\n\t\t\t\t<div class=\"elementor-widget-container\">\n\t\t\t\t\t<h3 class=\"elementor-heading-title elementor-size-default\">4.3 Ve\u013ek\u00e9 p\u00edsmen\u00e1 v skratk\u00e1ch a v ust\u00e1len\u00fdch zna\u010dk\u00e1ch<\/h3>\t\t\t\t<\/div>\n\t\t\t\t<\/div>\n\t\t\t\t<div class=\"elementor-element elementor-element-5aa9d5d elementor-widget elementor-widget-text-editor\" data-id=\"5aa9d5d\" data-element_type=\"widget\" data-widget_type=\"text-editor.default\">\n\t\t\t\t<div class=\"elementor-widget-container\">\n\t\t\t\t\t\t\t\t\t<p><strong><em>Ve\u013ek\u00e9 p\u00edsmen\u00e1 p\u00ed\u0161eme v inici\u00e1lov\u00fdch skratk\u00e1ch a zna\u010dk\u00e1ch:<\/em><\/strong><\/p><p>\u2014 vlastn\u00fdch mien, napr. <strong><em>SSSJ<\/em><\/strong> (S\u00fa\u010dasn\u00fd slovn\u00edk slovensk\u00e9ho jazyka);<\/p><p>\u2014 \u00faradov a in\u0161tit\u00faci\u00ed, napr. <strong><em>K\u00daP<\/em> <\/strong>(Krajsk\u00fd \u00farad pr\u00e1ce), <strong><em>SAV<\/em><\/strong> (Slovensk\u00e1 akad\u00e9mia vied);<\/p><p>\u2014 akademick\u00fdch titulov a vedeck\u00fdch hodnost\u00ed, napr. <strong><em>MUDr.<\/em><\/strong> (medicinae universae doctor);<\/p><p>\u2014 chemick\u00fdch prvkov a fyzik\u00e1lnych veli\u010d\u00edn, napr. <strong>O<\/strong> (oxygenium \u2014 kysl\u00edk), <strong>kW<\/strong> (kilowatt);<\/p><p>\u2014 durov\u00fdch hudobn\u00fdch stupn\u00edc, napr. <strong><em>C <\/em><\/strong><em>dur<\/em> (ale <em>c mol<\/em>);<\/p><p>\u2014 menov\u00fdch jednotiek, napr. <strong><em>K\u010d<\/em><\/strong> (koruna \u010desk\u00e1), <strong><em>PLN <\/em><\/strong>(po\u013esk\u00fd zlot\u00fd);<\/p><p>\u2014 svetov\u00fdch str\u00e1n a p\u00e1smov\u00fdch \u010dasov, napr. <strong>S<\/strong>\u00a0(sever), <strong><em>SE\u010c<\/em><\/strong> (stredoeur\u00f3psky \u010das);<\/p><p>\u2014 rozli\u010dn\u00fdch in\u00fdch n\u00e1zvov a pomenovan\u00ed, napr. <strong><em>VTR<\/em><\/strong> (vedecko-technick\u00e1 revol\u00facia).<\/p>\t\t\t\t\t\t\t\t<\/div>\n\t\t\t\t<\/div>\n\t\t\t\t<div class=\"elementor-element elementor-element-c62e2ce elementor-widget elementor-widget-text-editor\" data-id=\"c62e2ce\" data-element_type=\"widget\" data-widget_type=\"text-editor.default\">\n\t\t\t\t<div class=\"elementor-widget-container\">\n\t\t\t\t\t\t\t\t\t<p><strong>Porovnanie<\/strong><\/p><p>Grafick\u00e9 skratky sa vyu\u017e\u00edvaj\u00fa v p\u00edsomnom prejave, p\u00ed\u0161eme za nimi bodku a\u00a0p\u00ed\u0161u sa s\u00a0mal\u00fdm aj ve\u013ek\u00fdm p\u00edsmenom, napr.:<\/p><p><em>at\u010f.<\/em>, <em>a pod.<\/em><\/p><p><strong><em>Mgr.<\/em><\/strong>, <strong><em>PaedDr.<\/em><\/strong><\/p>\t\t\t\t\t\t\t\t<\/div>\n\t\t\t\t<\/div>\n\t\t\t\t<div class=\"elementor-element elementor-element-a97c018 elementor-widget elementor-widget-text-editor\" data-id=\"a97c018\" data-element_type=\"widget\" data-widget_type=\"text-editor.default\">\n\t\t\t\t<div class=\"elementor-widget-container\">\n\t\t\t\t\t\t\t\t\t<p>V skratke m\u00f4\u017ee d\u00f4js\u0165 pri&nbsp;neform\u00e1lnych prejavoch k modifik\u00e1cii v\u00fdrazu pridan\u00edm pr\u00edpony, napr. <strong><em>SBS-ka<\/em><\/strong>, <strong><em>V\u00daC-ka<\/em><\/strong>, <strong><em>USB-\u010dko<\/em><\/strong>. Inici\u00e1lov\u00e9 skratkov\u00e9 slov\u00e1 (akronym\u00e1) sa p\u00ed\u0161u ve\u013ek\u00fdmi p\u00edsmenami, napr. <strong><em>S\u013dUK<\/em><\/strong>, <strong><em>TANAP<\/em><\/strong>.<\/p>\t\t\t\t\t\t\t\t<\/div>\n\t\t\t\t<\/div>\n\t\t\t\t<div class=\"elementor-element elementor-element-cc38dac elementor-widget elementor-widget-text-editor\" data-id=\"cc38dac\" data-element_type=\"widget\" data-widget_type=\"text-editor.default\">\n\t\t\t\t<div class=\"elementor-widget-container\">\n\t\t\t\t\t\t\t\t\t<p><strong>Pozn\u00e1mka<\/strong><\/p><p>V niektor\u00fdch pr\u00edpadoch sa na rozl\u00ed\u0161enie skratiek zapisuje aj mal\u00e9 p\u00edsmeno, napr. <strong><em>FF<\/em><\/strong> (Filozofick\u00e1 fakulta) \u2014 <strong><em>PdF<\/em><\/strong> (Pedagogick\u00e1 fakulta).<\/p>\t\t\t\t\t\t\t\t<\/div>\n\t\t\t\t<\/div>\n\t\t\t\t<div class=\"elementor-element elementor-element-cf6f224 elementor-widget elementor-widget-text-editor\" data-id=\"cf6f224\" data-element_type=\"widget\" data-widget_type=\"text-editor.default\">\n\t\t\t\t<div class=\"elementor-widget-container\">\n\t\t\t\t\t\t\t\t\t<p>Slov\u00e1 za\u010d\u00ednaj\u00face sa p\u00edsmenami <strong><em>dz, d\u017e, ch<\/em><\/strong> skracujeme dvojako: <em>DZ<\/em>, <em>D\u017d<\/em>, <em>CH<\/em> alebo <em>Dz<\/em>, <em>D\u017e<\/em>, <em>Ch<\/em>, napr. <strong><em>CHTF\/ChTF<\/em><\/strong> (chemicko-technologick\u00e1 fakulta).<\/p><p>V\u00a0slabi\u010dn\u00fdch skratk\u00e1ch p\u00ed\u0161eme ve\u013ek\u00e9 za\u010diato\u010dn\u00e9 p\u00edsmen\u00e1, ak ide o\u00a0skratky slov, ktor\u00e9 sa p\u00ed\u0161u ve\u013ek\u00fdmi p\u00edsmenami, napr. <strong><em>S<\/em><\/strong><em>lov. n\u00e1r. divadlo<\/em> (Slovensk\u00e9 n\u00e1rodn\u00e9 divadlo).<\/p>\t\t\t\t\t\t\t\t<\/div>\n\t\t\t\t<\/div>\n\t\t\t\t\t<\/div>\n\t\t<\/div>\n\t\t\t\t\t<\/div>\n\t\t<\/section>\n\t\t\t\t\t<\/div>\n\t\t<\/div>\n\t\t\t\t\t<\/div>\n\t\t<\/section>\n\t\t\t\t<\/div>\n\t\t","protected":false},"excerpt":{"rendered":"<p>JAZYKOV\u00c1 KULT\u00daRA \u2014 P\u00cdSOMN\u00dd A \u00daSTNY PREJAV 4.3 Ve\u013ek\u00e9 p\u00edsmen\u00e1 v skratk\u00e1ch a v ust\u00e1len\u00fdch zna\u010dk\u00e1ch Ve\u013ek\u00e9 p\u00edsmen\u00e1 p\u00ed\u0161eme v inici\u00e1lov\u00fdch skratk\u00e1ch a zna\u010dk\u00e1ch: \u2014 vlastn\u00fdch mien, napr. SSSJ (S\u00fa\u010dasn\u00fd slovn\u00edk slovensk\u00e9ho jazyka); \u2014 \u00faradov a in\u0161tit\u00faci\u00ed, napr. K\u00daP (Krajsk\u00fd \u00farad pr\u00e1ce), SAV (Slovensk\u00e1 akad\u00e9mia vied); \u2014 akademick\u00fdch titulov a vedeck\u00fdch hodnost\u00ed, napr. MUDr. (medicinae [&hellip;]<\/p>\n","protected":false},"author":3,"featured_media":0,"parent":0,"menu_order":0,"comment_status":"closed","ping_status":"closed","template":"","meta":{"footnotes":""},"class_list":["post-12600","page","type-page","status-publish","hentry"],"_links":{"self":[{"href":"https:\/\/e-ucebnice.ff.ucm.sk\/index.php\/wp-json\/wp\/v2\/pages\/12600","targetHints":{"allow":["GET"]}}],"collection":[{"href":"https:\/\/e-ucebnice.ff.ucm.sk\/index.php\/wp-json\/wp\/v2\/pages"}],"about":[{"href":"https:\/\/e-ucebnice.ff.ucm.sk\/index.php\/wp-json\/wp\/v2\/types\/page"}],"author":[{"embeddable":true,"href":"https:\/\/e-ucebnice.ff.ucm.sk\/index.php\/wp-json\/wp\/v2\/users\/3"}],"replies":[{"embeddable":true,"href":"https:\/\/e-ucebnice.ff.ucm.sk\/index.php\/wp-json\/wp\/v2\/comments?post=12600"}],"version-history":[{"count":13,"href":"https:\/\/e-ucebnice.ff.ucm.sk\/index.php\/wp-json\/wp\/v2\/pages\/12600\/revisions"}],"predecessor-version":[{"id":13241,"href":"https:\/\/e-ucebnice.ff.ucm.sk\/index.php\/wp-json\/wp\/v2\/pages\/12600\/revisions\/13241"}],"wp:attachment":[{"href":"https:\/\/e-ucebnice.ff.ucm.sk\/index.php\/wp-json\/wp\/v2\/media?parent=12600"}],"curies":[{"name":"wp","href":"https:\/\/api.w.org\/{rel}","templated":true}]}}