{"id":13107,"date":"2025-11-13T11:55:48","date_gmt":"2025-11-13T10:55:48","guid":{"rendered":"https:\/\/e-ucebnice.ff.ucm.sk\/?page_id=13107"},"modified":"2025-11-13T12:15:42","modified_gmt":"2025-11-13T11:15:42","slug":"jazykova-kultura-resume","status":"publish","type":"page","link":"https:\/\/e-ucebnice.ff.ucm.sk\/index.php\/jazykova-kultura-resume\/","title":{"rendered":"jazykova-kultura-resume"},"content":{"rendered":"\t\t<div data-elementor-type=\"wp-page\" data-elementor-id=\"13107\" class=\"elementor elementor-13107\" data-elementor-post-type=\"page\">\n\t\t\t\t\t\t<section class=\"elementor-section elementor-top-section elementor-element elementor-element-468cb6a elementor-section-height-min-height elementor-section-boxed elementor-section-height-default elementor-section-items-middle\" data-id=\"468cb6a\" data-element_type=\"section\" data-settings=\"{&quot;background_background&quot;:&quot;classic&quot;}\">\n\t\t\t\t\t\t\t<div class=\"elementor-background-overlay\"><\/div>\n\t\t\t\t\t\t\t<div class=\"elementor-container elementor-column-gap-default\">\n\t\t\t\t\t<div class=\"elementor-column elementor-col-100 elementor-top-column elementor-element elementor-element-c353e91\" data-id=\"c353e91\" data-element_type=\"column\">\n\t\t\t<div class=\"elementor-widget-wrap elementor-element-populated\">\n\t\t\t\t\t\t<div class=\"elementor-element elementor-element-a3d62af elementor-widget elementor-widget-heading\" data-id=\"a3d62af\" data-element_type=\"widget\" data-widget_type=\"heading.default\">\n\t\t\t\t<div class=\"elementor-widget-container\">\n\t\t\t\t\t<h1 class=\"elementor-heading-title elementor-size-default\">JAZYKOV\u00c1 KULT\u00daRA \u2014 P\u00cdSOMN\u00dd A \u00daSTNY PREJAV<\/h1>\t\t\t\t<\/div>\n\t\t\t\t<\/div>\n\t\t\t\t\t<\/div>\n\t\t<\/div>\n\t\t\t\t\t<\/div>\n\t\t<\/section>\n\t\t\t\t<section class=\"elementor-section elementor-top-section elementor-element elementor-element-9f9a241 elementor-section-boxed elementor-section-height-default elementor-section-height-default\" data-id=\"9f9a241\" data-element_type=\"section\">\n\t\t\t\t\t\t<div class=\"elementor-container elementor-column-gap-default\">\n\t\t\t\t\t<div class=\"elementor-column elementor-col-100 elementor-top-column elementor-element elementor-element-36e8d15\" data-id=\"36e8d15\" data-element_type=\"column\">\n\t\t\t<div class=\"elementor-widget-wrap elementor-element-populated\">\n\t\t\t\t\t\t<section class=\"elementor-section elementor-inner-section elementor-element elementor-element-0f7453d elementor-section-boxed elementor-section-height-default elementor-section-height-default\" data-id=\"0f7453d\" data-element_type=\"section\">\n\t\t\t\t\t\t<div class=\"elementor-container elementor-column-gap-default\">\n\t\t\t\t\t<div class=\"elementor-column elementor-col-100 elementor-inner-column elementor-element elementor-element-4973de6\" data-id=\"4973de6\" data-element_type=\"column\">\n\t\t\t<div class=\"elementor-widget-wrap elementor-element-populated\">\n\t\t\t\t\t\t<div class=\"elementor-element elementor-element-198bac6 elementor-widget__width-initial elementor-fixed elementor-widget elementor-widget-button\" data-id=\"198bac6\" data-element_type=\"widget\" data-settings=\"{&quot;_position&quot;:&quot;fixed&quot;}\" data-widget_type=\"button.default\">\n\t\t\t\t<div class=\"elementor-widget-container\">\n\t\t\t\t\t\t\t\t\t<div class=\"elementor-button-wrapper\">\n\t\t\t\t\t<a class=\"elementor-button elementor-button-link elementor-size-sm\" href=\"#Kapitola1\">\n\t\t\t\t\t\t<span class=\"elementor-button-content-wrapper\">\n\t\t\t\t\t\t<span class=\"elementor-button-icon\">\n\t\t\t\t<i aria-hidden=\"true\" class=\"fas fa-arrow-up\"><\/i>\t\t\t<\/span>\n\t\t\t\t\t\t\t\t<\/span>\n\t\t\t\t\t<\/a>\n\t\t\t\t<\/div>\n\t\t\t\t\t\t\t\t<\/div>\n\t\t\t\t<\/div>\n\t\t\t\t\t<\/div>\n\t\t<\/div>\n\t\t\t\t\t<\/div>\n\t\t<\/section>\n\t\t\t\t\t<\/div>\n\t\t<\/div>\n\t\t\t\t\t<\/div>\n\t\t<\/section>\n\t\t\t\t<section class=\"elementor-section elementor-top-section elementor-element elementor-element-2858d6f elementor-section-boxed elementor-section-height-default elementor-section-height-default\" data-id=\"2858d6f\" data-element_type=\"section\">\n\t\t\t\t\t\t<div class=\"elementor-container elementor-column-gap-default\">\n\t\t\t\t\t<div class=\"elementor-column elementor-col-100 elementor-top-column elementor-element elementor-element-e63bd34\" data-id=\"e63bd34\" data-element_type=\"column\">\n\t\t\t<div class=\"elementor-widget-wrap elementor-element-populated\">\n\t\t\t\t\t\t<div class=\"elementor-element elementor-element-6d57ea9 elementor-widget elementor-widget-heading\" data-id=\"6d57ea9\" data-element_type=\"widget\" data-widget_type=\"heading.default\">\n\t\t\t\t<div class=\"elementor-widget-container\">\n\t\t\t\t\t<h3 class=\"elementor-heading-title elementor-size-default\">R\u00c9SUM\u00c9<\/h3>\t\t\t\t<\/div>\n\t\t\t\t<\/div>\n\t\t\t\t<section class=\"elementor-section elementor-inner-section elementor-element elementor-element-0b79421 elementor-section-boxed elementor-section-height-default elementor-section-height-default\" data-id=\"0b79421\" data-element_type=\"section\">\n\t\t\t\t\t\t<div class=\"elementor-container elementor-column-gap-default\">\n\t\t\t\t\t<div class=\"elementor-column elementor-col-100 elementor-inner-column elementor-element elementor-element-bb0ded5\" data-id=\"bb0ded5\" data-element_type=\"column\">\n\t\t\t<div class=\"elementor-widget-wrap elementor-element-populated\">\n\t\t\t\t\t\t<div class=\"elementor-element elementor-element-5aa9d5d odsad20 elementor-widget elementor-widget-text-editor\" data-id=\"5aa9d5d\" data-element_type=\"widget\" data-widget_type=\"text-editor.default\">\n\t\t\t\t<div class=\"elementor-widget-container\">\n\t\t\t\t\t\t\t\t\t<p>Cie\u013eom vysoko\u0161kolskej u\u010debnice <em>Jazykov\u00e1 kult\u00fara \u2014 p\u00edsomn\u00fd a\u00a0\u00fastny prejav <\/em>je poda\u0165 ortografick\u00fd a ortoepick\u00fd obsah v zredukovanej forme, aby bol pr\u00edstupn\u00fd \u0161tudentom dopl\u0148uj\u00faceho pedagogick\u00e9ho \u0161t\u00fadia v odbore slovensk\u00fd jazyk a literat\u00fara.U\u010debnica obsahuje preh\u013eadn\u00fd prierez ortografick\u00fdmi a ortoepick\u00fdmi t\u00e9mami, ako s\u00fa jednotliv\u00e9 princ\u00edpy pravopisu, z\u00e1sady p\u00edsania i\/y, ve\u013ek\u00fdch p\u00edsmen a\u00a0tie\u017e pravidl\u00e1 p\u00edsania interpunkcie v\u00a0syntaktick\u00fdch osobitostiach ortografick\u00fdch javov. Druh\u00e1 \u010das\u0165 u\u010debnice obsahuje preh\u013eadn\u00fd prierez ortoepick\u00fdmi t\u00e9mami, ako s\u00fa charakteristika\u00a0 a\u00a0v\u00fdslovnos\u0165 samohl\u00e1sok, dvojhl\u00e1sok a\u00a0spoluhl\u00e1sok, fonetick\u00e1 transkripcia, opis suprasegment\u00e1lnych javov a\u00a0naj\u010dastej\u0161\u00edch neutraliz\u00e1ci\u00ed v\u00a0sloven\u010dine.<\/p><p>Za s\u00fahrnn\u00fdmi poznatkami z\u00a0ortografickej a\u00a0ortoepickej problematiky je na konci ka\u017edej kapitoly s\u00fabor cvi\u010den\u00ed k\u00a0uvedenej problematike. Takto m\u00e1 u\u010debnica aplika\u010dn\u00fd charakter, \u010do zabezpe\u010duje praktick\u00e9 vy\u00fastenie teoretick\u00fdch\u00a0jazykov\u00fdch poznatkov do bud\u00facej u\u010dite\u013eskej praxe.<\/p><p>U\u010debnica sprostredkuje vybran\u00e9 ortografick\u00e9 a\u00a0ortoepick\u00e9 t\u00e9my \u00a0sloven\u010diny a\u00a0z\u00e1rove\u0148 kladie d\u00f4raz na n\u00e1zornos\u0165, preto sa v\u00a0u\u010debnici nach\u00e1dzaj\u00fa v\u017edy po ka\u017edej kapitole zhr\u0148uj\u00face k\u013e\u00fa\u010dov\u00e9 pojmy, defin\u00edcie s\u00fa podporen\u00e9 pr\u00edkladmi.<\/p><p>U\u010debnica s\u00a0cvi\u010deniami predstavuje z\u00a0ortografick\u00e9ho a\u00a0ortoepick\u00e9ho h\u013eadiska redukovan\u00fa formu jazykov\u00e9ho obsahu, nie je komplexnou publik\u00e1ciou reflektuj\u00facou detailne uveden\u00fa problematiku. Odpor\u00fa\u010da sa \u0161tudentom dopl\u0148uj\u00faceho pedagogick\u00e9ho \u0161t\u00fadia v\u00a0odbore slovensk\u00fd jazyk a\u00a0literat\u00fara pri osvojovan\u00ed ortografie a ortoepie s\u00fa\u010dasnej sloven\u010diny \u0161ir\u0161ie \u0161t\u00fadium opieraj\u00face sa predov\u0161etk\u00fdm o\u00a0kodifika\u010dn\u00e9 diela <em>Pravidl\u00e1 slovensk\u00e9ho pravopisu<\/em> a\u00a0<em>Pravidl\u00e1 spisovnej v\u00fdslovnosti<\/em>.<\/p>\t\t\t\t\t\t\t\t<\/div>\n\t\t\t\t<\/div>\n\t\t\t\t\t<\/div>\n\t\t<\/div>\n\t\t\t\t\t<\/div>\n\t\t<\/section>\n\t\t\t\t\t<\/div>\n\t\t<\/div>\n\t\t\t\t\t<\/div>\n\t\t<\/section>\n\t\t\t\t<\/div>\n\t\t","protected":false},"excerpt":{"rendered":"<p>JAZYKOV\u00c1 KULT\u00daRA \u2014 P\u00cdSOMN\u00dd A \u00daSTNY PREJAV R\u00c9SUM\u00c9 Cie\u013eom vysoko\u0161kolskej u\u010debnice Jazykov\u00e1 kult\u00fara \u2014 p\u00edsomn\u00fd a\u00a0\u00fastny prejav je poda\u0165 ortografick\u00fd a ortoepick\u00fd obsah v zredukovanej forme, aby bol pr\u00edstupn\u00fd \u0161tudentom dopl\u0148uj\u00faceho pedagogick\u00e9ho \u0161t\u00fadia v odbore slovensk\u00fd jazyk a literat\u00fara.U\u010debnica obsahuje preh\u013eadn\u00fd prierez ortografick\u00fdmi a ortoepick\u00fdmi t\u00e9mami, ako s\u00fa jednotliv\u00e9 princ\u00edpy pravopisu, z\u00e1sady p\u00edsania i\/y, ve\u013ek\u00fdch [&hellip;]<\/p>\n","protected":false},"author":3,"featured_media":0,"parent":0,"menu_order":0,"comment_status":"closed","ping_status":"closed","template":"","meta":{"footnotes":""},"class_list":["post-13107","page","type-page","status-publish","hentry"],"_links":{"self":[{"href":"https:\/\/e-ucebnice.ff.ucm.sk\/index.php\/wp-json\/wp\/v2\/pages\/13107","targetHints":{"allow":["GET"]}}],"collection":[{"href":"https:\/\/e-ucebnice.ff.ucm.sk\/index.php\/wp-json\/wp\/v2\/pages"}],"about":[{"href":"https:\/\/e-ucebnice.ff.ucm.sk\/index.php\/wp-json\/wp\/v2\/types\/page"}],"author":[{"embeddable":true,"href":"https:\/\/e-ucebnice.ff.ucm.sk\/index.php\/wp-json\/wp\/v2\/users\/3"}],"replies":[{"embeddable":true,"href":"https:\/\/e-ucebnice.ff.ucm.sk\/index.php\/wp-json\/wp\/v2\/comments?post=13107"}],"version-history":[{"count":13,"href":"https:\/\/e-ucebnice.ff.ucm.sk\/index.php\/wp-json\/wp\/v2\/pages\/13107\/revisions"}],"predecessor-version":[{"id":13136,"href":"https:\/\/e-ucebnice.ff.ucm.sk\/index.php\/wp-json\/wp\/v2\/pages\/13107\/revisions\/13136"}],"wp:attachment":[{"href":"https:\/\/e-ucebnice.ff.ucm.sk\/index.php\/wp-json\/wp\/v2\/media?parent=13107"}],"curies":[{"name":"wp","href":"https:\/\/api.w.org\/{rel}","templated":true}]}}