{"id":1645,"date":"2023-02-28T13:14:58","date_gmt":"2023-02-28T12:14:58","guid":{"rendered":"https:\/\/e-ucebnice.ff.ucm.sk\/?page_id=1645"},"modified":"2023-05-05T08:51:00","modified_gmt":"2023-05-05T06:51:00","slug":"lexikologia-slovenskeho-jazyka-v-ucitelskej-praxi-1-1","status":"publish","type":"page","link":"https:\/\/e-ucebnice.ff.ucm.sk\/index.php\/lexikologia-slovenskeho-jazyka-v-ucitelskej-praxi-1-1\/","title":{"rendered":"Lexikol\u00f3gia slovensk\u00e9ho jazyka v u\u010dite\u013eskej praxi-1-1"},"content":{"rendered":"\t\t<div data-elementor-type=\"wp-page\" data-elementor-id=\"1645\" class=\"elementor elementor-1645\" data-elementor-post-type=\"page\">\n\t\t\t\t\t\t<section class=\"elementor-section elementor-top-section elementor-element elementor-element-bbe1484 elementor-section-height-min-height elementor-section-boxed elementor-section-height-default elementor-section-items-middle\" data-id=\"bbe1484\" data-element_type=\"section\" data-settings=\"{&quot;background_background&quot;:&quot;classic&quot;}\">\n\t\t\t\t\t\t\t<div class=\"elementor-background-overlay\"><\/div>\n\t\t\t\t\t\t\t<div class=\"elementor-container elementor-column-gap-default\">\n\t\t\t\t\t<div class=\"elementor-column elementor-col-100 elementor-top-column elementor-element elementor-element-ddf9366\" data-id=\"ddf9366\" data-element_type=\"column\">\n\t\t\t<div class=\"elementor-widget-wrap elementor-element-populated\">\n\t\t\t\t\t\t<div class=\"elementor-element elementor-element-390f7ba elementor-widget elementor-widget-heading\" data-id=\"390f7ba\" data-element_type=\"widget\" data-widget_type=\"heading.default\">\n\t\t\t\t<div class=\"elementor-widget-container\">\n\t\t\t\t\t<h1 class=\"elementor-heading-title elementor-size-default\">LEXIKOL\u00d3GIA SLOVENSK\u00c9HO JAZYKA V U\u010cITE\u013dSKEJ PRAXI<\/h1>\t\t\t\t<\/div>\n\t\t\t\t<\/div>\n\t\t\t\t\t<\/div>\n\t\t<\/div>\n\t\t\t\t\t<\/div>\n\t\t<\/section>\n\t\t\t\t<section class=\"elementor-section elementor-top-section elementor-element elementor-element-9f9a241 elementor-section-boxed elementor-section-height-default elementor-section-height-default\" data-id=\"9f9a241\" data-element_type=\"section\">\n\t\t\t\t\t\t<div class=\"elementor-container elementor-column-gap-default\">\n\t\t\t\t\t<div class=\"elementor-column elementor-col-100 elementor-top-column elementor-element elementor-element-36e8d15\" data-id=\"36e8d15\" data-element_type=\"column\">\n\t\t\t<div class=\"elementor-widget-wrap elementor-element-populated\">\n\t\t\t\t\t\t<section class=\"elementor-section elementor-inner-section elementor-element elementor-element-0f7453d elementor-section-boxed elementor-section-height-default elementor-section-height-default\" data-id=\"0f7453d\" data-element_type=\"section\">\n\t\t\t\t\t\t<div class=\"elementor-container elementor-column-gap-default\">\n\t\t\t\t\t<div class=\"elementor-column elementor-col-100 elementor-inner-column elementor-element elementor-element-4973de6\" data-id=\"4973de6\" data-element_type=\"column\">\n\t\t\t<div class=\"elementor-widget-wrap elementor-element-populated\">\n\t\t\t\t\t\t<div class=\"elementor-element elementor-element-198bac6 elementor-widget__width-initial elementor-fixed elementor-widget elementor-widget-button\" data-id=\"198bac6\" data-element_type=\"widget\" data-settings=\"{&quot;_position&quot;:&quot;fixed&quot;}\" data-widget_type=\"button.default\">\n\t\t\t\t<div class=\"elementor-widget-container\">\n\t\t\t\t\t\t\t\t\t<div class=\"elementor-button-wrapper\">\n\t\t\t\t\t<a class=\"elementor-button elementor-button-link elementor-size-sm\" href=\"#Kapitola1\">\n\t\t\t\t\t\t<span class=\"elementor-button-content-wrapper\">\n\t\t\t\t\t\t<span class=\"elementor-button-icon\">\n\t\t\t\t<i aria-hidden=\"true\" class=\"fas fa-arrow-up\"><\/i>\t\t\t<\/span>\n\t\t\t\t\t\t\t\t<\/span>\n\t\t\t\t\t<\/a>\n\t\t\t\t<\/div>\n\t\t\t\t\t\t\t\t<\/div>\n\t\t\t\t<\/div>\n\t\t\t\t\t<\/div>\n\t\t<\/div>\n\t\t\t\t\t<\/div>\n\t\t<\/section>\n\t\t\t\t\t<\/div>\n\t\t<\/div>\n\t\t\t\t\t<\/div>\n\t\t<\/section>\n\t\t\t\t<section class=\"elementor-section elementor-top-section elementor-element elementor-element-c7b2341 elementor-section-boxed elementor-section-height-default elementor-section-height-default\" data-id=\"c7b2341\" data-element_type=\"section\">\n\t\t\t\t\t\t<div class=\"elementor-container elementor-column-gap-default\">\n\t\t\t\t\t<div class=\"elementor-column elementor-col-100 elementor-top-column elementor-element elementor-element-0087dd1\" data-id=\"0087dd1\" data-element_type=\"column\">\n\t\t\t<div class=\"elementor-widget-wrap elementor-element-populated\">\n\t\t\t\t\t\t<section class=\"elementor-section elementor-inner-section elementor-element elementor-element-256368f elementor-section-boxed elementor-section-height-default elementor-section-height-default\" data-id=\"256368f\" data-element_type=\"section\">\n\t\t\t\t\t\t<div class=\"elementor-container elementor-column-gap-default\">\n\t\t\t\t\t<div class=\"elementor-column elementor-col-100 elementor-inner-column elementor-element elementor-element-dedd719\" data-id=\"dedd719\" data-element_type=\"column\">\n\t\t\t<div class=\"elementor-widget-wrap elementor-element-populated\">\n\t\t\t\t\t\t<div class=\"elementor-element elementor-element-16bba02 elementor-widget elementor-widget-heading\" data-id=\"16bba02\" data-element_type=\"widget\" data-widget_type=\"heading.default\">\n\t\t\t\t<div class=\"elementor-widget-container\">\n\t\t\t\t\t<h3 class=\"elementor-heading-title elementor-size-default\">LEXIKOL\u00d3GIA, LEXIKOLOGICK\u00c9 DISCIPL\u00cdNY, LEXIK\u00c1LNA ROVINA A LEXIKA<\/h3>\t\t\t\t<\/div>\n\t\t\t\t<\/div>\n\t\t\t\t<div class=\"elementor-element elementor-element-7876f64 elementor-widget elementor-widget-heading\" data-id=\"7876f64\" data-element_type=\"widget\" data-widget_type=\"heading.default\">\n\t\t\t\t<div class=\"elementor-widget-container\">\n\t\t\t\t\t<h4 class=\"elementor-heading-title elementor-size-default\">LEXIKOL\u00d3GIA A Z\u00c1KLADN\u00c9 POJMY LEXIKOL\u00d3GIE<\/h4>\t\t\t\t<\/div>\n\t\t\t\t<\/div>\n\t\t\t\t<div class=\"elementor-element elementor-element-03907ad elementor-widget elementor-widget-text-editor\" data-id=\"03907ad\" data-element_type=\"widget\" data-widget_type=\"text-editor.default\">\n\t\t\t\t<div class=\"elementor-widget-container\">\n\t\t\t\t\t\t\t\t\t<strong>LEXIKOL\u00d3GIA <\/strong>je n\u00e1uka o slovnej (lexik\u00e1lnej) z\u00e1sobe\n<div class=\"tooltip\">(lexike)\n<span class=\"tooltiptext\">lexika (aj slovn\u00e1 z\u00e1soba je s\u00fahrn slov a v\u00fdrazov dan\u00e9ho jazyka, ktor\u00e1 sa \u010dlen\u00ed na jednodliv\u00e9 vrstvy pod\u013ea ur\u010dit\u00fdch parametrov, napr. expres\u00edvna, \u0161tylisticky pr\u00edznakov\u00e1 \u010di nespisovn\u00e1 vrstva slovnej z\u00e1soby)<\/span><\/div>\n. Je to jazykovedn\u00e1 discipl\u00edna, ktor\u00e1 sk\u00fama lexiku jazyka:\n<ul>\n \t<li>v s\u00fa\u010dasnom stave s\u00a0jej lexik\u00e1lnymi zmenami\n<div class=\"tooltip\">(synchr\u00f3nna\n<span class=\"tooltiptext\">synchr\u00f3nny (paraleln\u00fd v \u010dase, s\u00fa\u010dasn\u00fd; ide o pr\u00edstup ku sk\u00famaniu javov z h\u013eadiska ich s\u00fa\u010dasn\u00e9ho stavu)<\/span><\/div>\nlexikol\u00f3gia),<\/li>\n \t<li>v historickom v\u00fdvine\n<div class=\"tooltip\">(diachr\u00f3nna\n<span class=\"tooltiptext\">diachr\u00f3nny (dynamick\u00fd rozmer javu; pr\u00edstup ku sk\u00famaniu javov z h\u013eadiska ich v\u00fdvinu v \u010dase)<\/span><\/div>\nlexikol\u00f3gia, resp. <em>historick\u00e1 lexikol\u00f3gia<\/em>).<\/li>\n<\/ul>\n<strong>Predmetom lexikol\u00f3gie<\/strong> je v\u00fdskum v\u0161etk\u00fdch lexik\u00e1lnych jednotiek (LJ) a\u00a0ich vz\u00e1jomn\u00fdch vz\u0165ahov v\u00a0syst\u00e9me slovnej z\u00e1soby aj pri pou\u017eit\u00ed v\u00a0jazykovom prejave, ide o:\n<ul>\n \t<li><em>neodvoden\u00e9 (zna\u010dkov\u00e9) slov\u00e1<\/em>,<\/li>\n \t<li><em>odvoden\u00e9 (opisn\u00e9) slov\u00e1 <\/em>\u2013 deriv\u00e1ty a\u00a0kompozit\u00e1,<\/li>\n \t<li><em>viacslovn\u00e9 pomenovania<\/em> \u2013 zdru\u017een\u00e9 pomenovania\/lexikalizovan\u00e9 spojenia a frazeologick\u00e9 jednotky,<\/li>\n \t<li><em>pretvoren\u00e9 LJ<\/em> \u2013 abreviat\u00fary, univerb\u00e1ty, multiverb\u00e1ty.<\/li>\n<\/ul>\nVzh\u013eadom na otvorenos\u0165, roz\u010dlenenos\u0165, funk\u010dnos\u0165 a\u00a0komunika\u010dn\u00fa determinovanos\u0165 lexik\u00e1lnej z\u00e1soby sk\u00fama lexikol\u00f3gia <strong><em>lexik\u00e1lnu paradigmatiku<\/em><\/strong> (vz\u00e1jomn\u00e9\u00a0 vz\u0165ahy\u00a0 medzi\u00a0 lex\u00e9mami), <strong><em>lexik\u00e1lnu pragmatiku <\/em><\/strong>(komunika\u010dn\u00fd a\u00a0funk\u010dn\u00fd aspekt) a\u00a0<strong><em>lexik\u00e1lnu syntagmatiku<\/em><\/strong> (sp\u00e1jate\u013enos\u0165 lexik\u00e1lnych jednotiek a\u00a0ich spolo\u010dn\u00e1 realiz\u00e1cia v texte).\n\nZ\u00e1kladn\u00e9 lexik\u00e1lne pojmy v lexikol\u00f3gii s\u00fa: lex\u00e9ma, slovo, pomenovanie a lexia.\n<br><br>\n<strong>LEX\u00c9MA <\/strong>je z\u00e1kladnou form\u00e1lno-v\u00fdznamovou jednotkou lexikol\u00f3gie, je to najmen\u0161ia samostatn\u00e1 <strong>jazykov\u00e1 (lexik\u00e1lna) jednotka<\/strong> s ust\u00e1len\u00fdm vecn\u00fdm (lexik\u00e1lnym) v\u00fdznamom a\u00a0s\u00a0ust\u00e1lenou jazykovou formou. Zna\u010d\u00ed s\u00fabor gramatick\u00fdch tvarov jednoslovn\u00fdch a\u00a0viacslovn\u00fdch pomenovan\u00ed, napr. <em>strom, podl\u00fd, jem, robi\u0165 z\u00a0kom\u00e1ra som\u00e1ra, diplomov\u00e1 pr\u00e1ca, ADHD<\/em> a\u00a0pod. Je zalo\u017een\u00e1 na princ\u00edpe dialektickej jednoty obsahu a\u00a0formy \u2013\n<div class=\"tooltip\">bilater\u00e1lna znakov\u00e1 jednotka.\n<span class=\"tooltiptext\">bilater\u00e1lna znakov\u00e1 jednotka (jazykov\u00e1 jednotka stv\u00e1rnen\u00e1 ust\u00e1lenou formou, v\u00fdrazom a ktor\u00e1 je nosite\u013ekou v\u00fdznamu, obsahu)<\/span><\/div>\n&nbsp;\n\n<br><br>\n\n<strong>SLOVO<\/strong> je z\u00e1kladn\u00e1 univerz\u00e1lna komplexn\u00e1 jednotka jazykov\u00e9ho syst\u00e9mu, ide o z\u00e1kladn\u00fa form\u00e1lnu a\u00a0v\u00fdznamov\u00fa jednotku jazyka, a\u00a0preto sa uplat\u0148uje na v\u0161etk\u00fdch jazykov\u00fdch rovin\u00e1ch. Preto sa slovo vymedzuje z\u00a0h\u013eadiska:\n<ul>\n \t<li><em>zvukovej roviny<\/em> ako ucelen\u00fd a\u00a0vo vete premiestnite\u013en\u00fd rad fon\u00e9m, z\u00e1rove\u0148 slovo funguje ako pevn\u00e1 a z\u00e1v\u00e4zn\u00e1 kombin\u00e1cia hl\u00e1sok s ust\u00e1lenou zvukovou a grafickou formou;<\/li>\n \t<li><em>morfologickej roviny<\/em> sa slovo m\u00f4\u017ee ch\u00e1pa\u0165 ako s\u00fabor tvarov, ktor\u00e9 sa \u010dlenia na morf\u00e9my a ktor\u00e9 vyjadruj\u00fa gramatick\u00e9 v\u00fdznamy;<\/li>\n \t<li><em>z\u00a0h\u013eadiska syntaktickej roviny<\/em> sa slov\u00e1 vymedzuj\u00fa funk\u010dne vo vete \u2013 autosyntagmatick\u00e9 slovn\u00e9 druhy vstupuj\u00fa do syntagmy v\u00a0\u00falohe vetn\u00fdch \u010dlenov.<\/li>\n<\/ul>\nKe\u010f\u017ee lex\u00e9my m\u00f4\u017eu by\u0165 tvoren\u00e9 jedn\u00fdm slovom alebo viacer\u00fdmi slovami, preto M. Olo\u0161tiak (2017) vymedzuje tri typy vz\u0165ahov medzi lex\u00e9mami a\u00a0slovami: <strong>slov\u00e1-lex\u00e9my<\/strong> (pero, robi\u0165, r\u00fdchly), <strong>slov\u00e1-sublex\u00e9my<\/strong> (diplomov\u00e1 pr\u00e1ca, streli\u0165 capa), <strong>slov\u00e1-morf\u00e9my<\/strong>, a\u00a0to <em>samostatn\u00e9<\/em> (pravda <u>a<\/u>\u00a0lo\u017e,\u00a0 plavba <u>po<\/u> Dunaji, b\u00e1\u0165 <u>sa<\/u>) a\u00a0<em>nesamostatn\u00e9<\/em> (dostal <u>som<\/u> Fx,\u00a0 urobil <u>si<\/u> to).\n\n<br><br>\n\n<strong>POMENOVANIE <\/strong>mo\u017eno definova\u0165 ako synonymum k term\u00ednom lex\u00e9ma a slovo, ale ke\u010f\u017ee m\u00e1 \u0161ir\u0161\u00ed rozsah, treba rozli\u0161ova\u0165 jednoslovn\u00e9 jednotky a viacslovn\u00e9 jednotky.\n\n<br><br>\n\n<strong>LEXIA <\/strong>je z\u00e1kladn\u00e1 (re\u00e1lna) jednotka re\u010di, je to spojenie jednej formy s jedn\u00fdm v\u00fdznamom. Oproti lex\u00e9me sa l\u00ed\u0161i t\u00fdm, \u017ee lex\u00e9ma predstavuje z\u00e1kladn\u00fa jednotku abstraktn\u00e9ho syst\u00e9mu jazyka a\u00a0je spojen\u00edm jednej formy s jedn\u00fdm alebo viacer\u00fdmi v\u00fdznamami. Lexia predstavuje konkr\u00e9tnej\u0161iu a\u00a0element\u00e1rnej\u0161iu jednotku ako lex\u00e9ma (porov. Slan\u010dov\u00e1, 1998).\t\t\t\t\t\t\t\t<\/div>\n\t\t\t\t<\/div>\n\t\t\t\t\t<\/div>\n\t\t<\/div>\n\t\t\t\t\t<\/div>\n\t\t<\/section>\n\t\t\t\t\t<\/div>\n\t\t<\/div>\n\t\t\t\t\t<\/div>\n\t\t<\/section>\n\t\t\t\t<\/div>\n\t\t","protected":false},"excerpt":{"rendered":"<p>LEXIKOL\u00d3GIA SLOVENSK\u00c9HO JAZYKA V U\u010cITE\u013dSKEJ PRAXI LEXIKOL\u00d3GIA, LEXIKOLOGICK\u00c9 DISCIPL\u00cdNY, LEXIK\u00c1LNA ROVINA A LEXIKA LEXIKOL\u00d3GIA A Z\u00c1KLADN\u00c9 POJMY LEXIKOL\u00d3GIE LEXIKOL\u00d3GIA je n\u00e1uka o slovnej (lexik\u00e1lnej) z\u00e1sobe (lexike) lexika (aj slovn\u00e1 z\u00e1soba je s\u00fahrn slov a v\u00fdrazov dan\u00e9ho jazyka, ktor\u00e1 sa \u010dlen\u00ed na jednodliv\u00e9 vrstvy pod\u013ea ur\u010dit\u00fdch parametrov, napr. expres\u00edvna, \u0161tylisticky pr\u00edznakov\u00e1 \u010di nespisovn\u00e1 vrstva slovnej z\u00e1soby) [&hellip;]<\/p>\n","protected":false},"author":3,"featured_media":0,"parent":0,"menu_order":0,"comment_status":"closed","ping_status":"closed","template":"","meta":{"footnotes":""},"class_list":["post-1645","page","type-page","status-publish","hentry"],"_links":{"self":[{"href":"https:\/\/e-ucebnice.ff.ucm.sk\/index.php\/wp-json\/wp\/v2\/pages\/1645","targetHints":{"allow":["GET"]}}],"collection":[{"href":"https:\/\/e-ucebnice.ff.ucm.sk\/index.php\/wp-json\/wp\/v2\/pages"}],"about":[{"href":"https:\/\/e-ucebnice.ff.ucm.sk\/index.php\/wp-json\/wp\/v2\/types\/page"}],"author":[{"embeddable":true,"href":"https:\/\/e-ucebnice.ff.ucm.sk\/index.php\/wp-json\/wp\/v2\/users\/3"}],"replies":[{"embeddable":true,"href":"https:\/\/e-ucebnice.ff.ucm.sk\/index.php\/wp-json\/wp\/v2\/comments?post=1645"}],"version-history":[{"count":62,"href":"https:\/\/e-ucebnice.ff.ucm.sk\/index.php\/wp-json\/wp\/v2\/pages\/1645\/revisions"}],"predecessor-version":[{"id":13155,"href":"https:\/\/e-ucebnice.ff.ucm.sk\/index.php\/wp-json\/wp\/v2\/pages\/1645\/revisions\/13155"}],"wp:attachment":[{"href":"https:\/\/e-ucebnice.ff.ucm.sk\/index.php\/wp-json\/wp\/v2\/media?parent=1645"}],"curies":[{"name":"wp","href":"https:\/\/api.w.org\/{rel}","templated":true}]}}