{"id":1722,"date":"2023-02-28T13:31:50","date_gmt":"2023-02-28T12:31:50","guid":{"rendered":"https:\/\/e-ucebnice.ff.ucm.sk\/?page_id=1722"},"modified":"2023-03-01T10:57:04","modified_gmt":"2023-03-01T09:57:04","slug":"lexikologia-slovenskeho-jazyka-v-ucitelskej-praxi-z","status":"publish","type":"page","link":"https:\/\/e-ucebnice.ff.ucm.sk\/index.php\/lexikologia-slovenskeho-jazyka-v-ucitelskej-praxi-z\/","title":{"rendered":"Lexikol\u00f3gia slovensk\u00e9ho jazyka v u\u010dite\u013eskej praxi-Z"},"content":{"rendered":"\t\t<div data-elementor-type=\"wp-page\" data-elementor-id=\"1722\" class=\"elementor elementor-1722\" data-elementor-post-type=\"page\">\n\t\t\t\t\t\t<section class=\"elementor-section elementor-top-section elementor-element elementor-element-b8b186d elementor-section-height-min-height elementor-section-boxed elementor-section-height-default elementor-section-items-middle\" data-id=\"b8b186d\" data-element_type=\"section\" data-settings=\"{&quot;background_background&quot;:&quot;classic&quot;}\">\n\t\t\t\t\t\t\t<div class=\"elementor-background-overlay\"><\/div>\n\t\t\t\t\t\t\t<div class=\"elementor-container elementor-column-gap-default\">\n\t\t\t\t\t<div class=\"elementor-column elementor-col-100 elementor-top-column elementor-element elementor-element-f6625d6\" data-id=\"f6625d6\" data-element_type=\"column\">\n\t\t\t<div class=\"elementor-widget-wrap elementor-element-populated\">\n\t\t\t\t\t\t<div class=\"elementor-element elementor-element-a49adaa elementor-widget elementor-widget-heading\" data-id=\"a49adaa\" data-element_type=\"widget\" data-widget_type=\"heading.default\">\n\t\t\t\t<div class=\"elementor-widget-container\">\n\t\t\t\t\t<h1 class=\"elementor-heading-title elementor-size-default\">LEXIKOL\u00d3GIA SLOVENSK\u00c9HO JAZYKA V U\u010cITE\u013dSKEJ PRAXI<\/h1>\t\t\t\t<\/div>\n\t\t\t\t<\/div>\n\t\t\t\t\t<\/div>\n\t\t<\/div>\n\t\t\t\t\t<\/div>\n\t\t<\/section>\n\t\t\t\t<section class=\"elementor-section elementor-top-section elementor-element elementor-element-2858d6f elementor-section-boxed elementor-section-height-default elementor-section-height-default\" data-id=\"2858d6f\" data-element_type=\"section\">\n\t\t\t\t\t\t<div class=\"elementor-container elementor-column-gap-default\">\n\t\t\t\t\t<div class=\"elementor-column elementor-col-100 elementor-top-column elementor-element elementor-element-e63bd34\" data-id=\"e63bd34\" data-element_type=\"column\">\n\t\t\t<div class=\"elementor-widget-wrap elementor-element-populated\">\n\t\t\t\t\t\t<section class=\"elementor-section elementor-inner-section elementor-element elementor-element-0b79421 elementor-section-boxed elementor-section-height-default elementor-section-height-default\" data-id=\"0b79421\" data-element_type=\"section\">\n\t\t\t\t\t\t<div class=\"elementor-container elementor-column-gap-default\">\n\t\t\t\t\t<div class=\"elementor-column elementor-col-100 elementor-inner-column elementor-element elementor-element-bb0ded5\" data-id=\"bb0ded5\" data-element_type=\"column\">\n\t\t\t<div class=\"elementor-widget-wrap elementor-element-populated\">\n\t\t\t\t\t\t<div class=\"elementor-element elementor-element-759b076 elementor-widget elementor-widget-heading\" data-id=\"759b076\" data-element_type=\"widget\" data-widget_type=\"heading.default\">\n\t\t\t\t<div class=\"elementor-widget-container\">\n\t\t\t\t\t<h3 class=\"elementor-heading-title elementor-size-default\">Z\u00e1ver<\/h3>\t\t\t\t<\/div>\n\t\t\t\t<\/div>\n\t\t\t\t<div class=\"elementor-element elementor-element-5aa9d5d elementor-widget elementor-widget-text-editor\" data-id=\"5aa9d5d\" data-element_type=\"widget\" data-widget_type=\"text-editor.default\">\n\t\t\t\t<div class=\"elementor-widget-container\">\n\t\t\t\t\t\t\t\t\t<p style=\"text-align: justify;\">\u00a0\u00a0\u00a0\u00a0 Cie\u013eom vysoko\u0161kolskej u\u010debnice <em>Lexikol\u00f3gia slovensk\u00e9ho jazyka v u\u010dite\u013eskej praxi <\/em>je poda\u0165 lexikologick\u00fd obsah v\u00a0zredukovanej forme, aby bol pr\u00edstupn\u00fd \u0161tudentom dopl\u0148uj\u00faceho pedagogick\u00e9ho \u0161t\u00fadia v\u00a0odbore slovensk\u00fd jazyk a\u00a0literat\u00fara. U\u010debnica obsahuje preh\u013eadn\u00fd prierez lexikologick\u00fdmi t\u00e9mami z\u00a0lexik\u00e1lnej s\u00e9mantiky, supras\u00e9mantiky a\u00a0slovotvorby.<\/p><p style=\"text-align: justify;\">\u00a0\u00a0\u00a0\u00a0 S\u00fahrnn\u00e9 poznatky z\u00a0lexik\u00e1lnej problematiky s\u00fa vystavan\u00e9 tak\u00fdm sp\u00f4sobom, aby u\u010ditelia pri vzdel\u00e1van\u00ed v\u00a0predmete slovensk\u00fd jazyk a\u00a0literat\u00fara didakticky efekt\u00edvne aplikovali jazykov\u00e9 poznatky aj v\u00a0medzipredmetov\u00fdch s\u00favislostiach.<\/p><p style=\"text-align: justify;\">\u00a0\u00a0\u00a0\u00a0 U\u010debnica sprostredkuje vybran\u00e9 t\u00e9my z lexikol\u00f3gie slovensk\u00e9ho jazyka a\u00a0z\u00e1rove\u0148 kladie d\u00f4raz na n\u00e1zornos\u0165, preto sa v\u00a0u\u010debnici nach\u00e1dzaj\u00fa v\u017edy po ka\u017edej kapitole zhr\u0148uj\u00face k\u013e\u00fa\u010dov\u00e9 pojmy, defin\u00edcie s\u00fa podporen\u00e9 pr\u00edkladmi a\u00a0v z\u00e1vere ka\u017edej kapitoly si \u0161tudent m\u00f4\u017ee preveri\u0165 z\u00edskan\u00e9 poznatky vo forme kr\u00e1tkeho kv\u00edzu.<\/p><p style=\"text-align: justify;\">\u00a0\u00a0\u00a0\u00a0 U\u010debnica predstavuje z\u00a0h\u013eadiska filologick\u00e9ho obsahu lexikol\u00f3gie redukovan\u00fa publik\u00e1ciu, nie je komplexnou publik\u00e1ciou reflektuj\u00facou detailne lexik\u00e1lnu problematiku. Odpor\u00fa\u010da sa \u0161tudentom dopl\u0148uj\u00faceho pedagogick\u00e9ho \u0161t\u00fadia v\u00a0odbore slovensk\u00fd jazyk a\u00a0literat\u00fara pri osvojovan\u00ed subsyst\u00e9mu lexikol\u00f3gie slovensk\u00e9ho jazyka \u0161ir\u0161ie \u0161t\u00fadium lexikol\u00f3gie z\u00a0r\u00f4znych lexikologick\u00fdch discipl\u00edn, predov\u0161etk\u00fdm diel odkazuj\u00facich na dan\u00fa problematiku v\u00a0zozname literat\u00fary.<\/p>\t\t\t\t\t\t\t\t<\/div>\n\t\t\t\t<\/div>\n\t\t\t\t\t<\/div>\n\t\t<\/div>\n\t\t\t\t\t<\/div>\n\t\t<\/section>\n\t\t\t\t\t<\/div>\n\t\t<\/div>\n\t\t\t\t\t<\/div>\n\t\t<\/section>\n\t\t\t\t<\/div>\n\t\t","protected":false},"excerpt":{"rendered":"<p>LEXIKOL\u00d3GIA SLOVENSK\u00c9HO JAZYKA V U\u010cITE\u013dSKEJ PRAXI Z\u00e1ver \u00a0\u00a0\u00a0\u00a0 Cie\u013eom vysoko\u0161kolskej u\u010debnice Lexikol\u00f3gia slovensk\u00e9ho jazyka v u\u010dite\u013eskej praxi je poda\u0165 lexikologick\u00fd obsah v\u00a0zredukovanej forme, aby bol pr\u00edstupn\u00fd \u0161tudentom dopl\u0148uj\u00faceho pedagogick\u00e9ho \u0161t\u00fadia v\u00a0odbore slovensk\u00fd jazyk a\u00a0literat\u00fara. U\u010debnica obsahuje preh\u013eadn\u00fd prierez lexikologick\u00fdmi t\u00e9mami z\u00a0lexik\u00e1lnej s\u00e9mantiky, supras\u00e9mantiky a\u00a0slovotvorby. \u00a0\u00a0\u00a0\u00a0 S\u00fahrnn\u00e9 poznatky z\u00a0lexik\u00e1lnej problematiky s\u00fa vystavan\u00e9 tak\u00fdm sp\u00f4sobom, aby u\u010ditelia [&hellip;]<\/p>\n","protected":false},"author":3,"featured_media":0,"parent":0,"menu_order":0,"comment_status":"closed","ping_status":"closed","template":"","meta":{"footnotes":""},"class_list":["post-1722","page","type-page","status-publish","hentry"],"_links":{"self":[{"href":"https:\/\/e-ucebnice.ff.ucm.sk\/index.php\/wp-json\/wp\/v2\/pages\/1722","targetHints":{"allow":["GET"]}}],"collection":[{"href":"https:\/\/e-ucebnice.ff.ucm.sk\/index.php\/wp-json\/wp\/v2\/pages"}],"about":[{"href":"https:\/\/e-ucebnice.ff.ucm.sk\/index.php\/wp-json\/wp\/v2\/types\/page"}],"author":[{"embeddable":true,"href":"https:\/\/e-ucebnice.ff.ucm.sk\/index.php\/wp-json\/wp\/v2\/users\/3"}],"replies":[{"embeddable":true,"href":"https:\/\/e-ucebnice.ff.ucm.sk\/index.php\/wp-json\/wp\/v2\/comments?post=1722"}],"version-history":[{"count":7,"href":"https:\/\/e-ucebnice.ff.ucm.sk\/index.php\/wp-json\/wp\/v2\/pages\/1722\/revisions"}],"predecessor-version":[{"id":2036,"href":"https:\/\/e-ucebnice.ff.ucm.sk\/index.php\/wp-json\/wp\/v2\/pages\/1722\/revisions\/2036"}],"wp:attachment":[{"href":"https:\/\/e-ucebnice.ff.ucm.sk\/index.php\/wp-json\/wp\/v2\/media?parent=1722"}],"curies":[{"name":"wp","href":"https:\/\/api.w.org\/{rel}","templated":true}]}}

Lexikológia slovenského jazyka v učiteľskej praxi-Z

<div data-elementor-type="wp-page" data-elementor-id="1722" class="elementor elementor-1722" data-elementor-post-type="page">
						<section class="elementor-section elementor-top-section elementor-element elementor-element-b8b186d elementor-section-height-min-height elementor-section-boxed elementor-section-height-default elementor-section-items-middle" data-id="b8b186d" data-element_type="section" data-settings="{&quot;background_background&quot;:&quot;classic&quot;}">
							<div class="elementor-background-overlay"></div>
							<div class="elementor-container elementor-column-gap-default">
					<div class="elementor-column elementor-col-100 elementor-top-column elementor-element elementor-element-f6625d6" data-id="f6625d6" data-element_type="column">
			<div class="elementor-widget-wrap elementor-element-populated">
						<div class="elementor-element elementor-element-a49adaa elementor-widget elementor-widget-heading" data-id="a49adaa" data-element_type="widget" data-widget_type="heading.default">
				<div class="elementor-widget-container">
					<h1 class="elementor-heading-title elementor-size-default">LEXIKOLÓGIA SLOVENSKÉHO JAZYKA V UČITEĽSKEJ PRAXI</h1>				</div>
				</div>
					</div>
		</div>
					</div>
		</section>
				<section class="elementor-section elementor-top-section elementor-element elementor-element-2858d6f elementor-section-boxed elementor-section-height-default elementor-section-height-default" data-id="2858d6f" data-element_type="section">
						<div class="elementor-container elementor-column-gap-default">
					<div class="elementor-column elementor-col-100 elementor-top-column elementor-element elementor-element-e63bd34" data-id="e63bd34" data-element_type="column">
			<div class="elementor-widget-wrap elementor-element-populated">
						<section class="elementor-section elementor-inner-section elementor-element elementor-element-0b79421 elementor-section-boxed elementor-section-height-default elementor-section-height-default" data-id="0b79421" data-element_type="section">
						<div class="elementor-container elementor-column-gap-default">
					<div class="elementor-column elementor-col-100 elementor-inner-column elementor-element elementor-element-bb0ded5" data-id="bb0ded5" data-element_type="column">
			<div class="elementor-widget-wrap elementor-element-populated">
						<div class="elementor-element elementor-element-759b076 elementor-widget elementor-widget-heading" data-id="759b076" data-element_type="widget" data-widget_type="heading.default">
				<div class="elementor-widget-container">
					<h3 class="elementor-heading-title elementor-size-default">Záver</h3>				</div>
				</div>
				<div class="elementor-element elementor-element-5aa9d5d elementor-widget elementor-widget-text-editor" data-id="5aa9d5d" data-element_type="widget" data-widget_type="text-editor.default">
				<div class="elementor-widget-container">
									<p style="text-align: justify;">     Cieľom vysokoškolskej učebnice <em>Lexikológia slovenského jazyka v učiteľskej praxi </em>je podať lexikologický obsah v zredukovanej forme, aby bol prístupný študentom doplňujúceho pedagogického štúdia v odbore slovenský jazyk a literatúra. Učebnica obsahuje prehľadný prierez lexikologickými témami z lexikálnej sémantiky, suprasémantiky a slovotvorby.</p><p style="text-align: justify;">     Súhrnné poznatky z lexikálnej problematiky sú vystavané takým spôsobom, aby učitelia pri vzdelávaní v predmete slovenský jazyk a literatúra didakticky efektívne aplikovali jazykové poznatky aj v medzipredmetových súvislostiach.</p><p style="text-align: justify;">     Učebnica sprostredkuje vybrané témy z lexikológie slovenského jazyka a zároveň kladie dôraz na názornosť, preto sa v učebnici nachádzajú vždy po každej kapitole zhrňujúce kľúčové pojmy, definície sú podporené príkladmi a v závere každej kapitoly si študent môže preveriť získané poznatky vo forme krátkeho kvízu.</p><p style="text-align: justify;">     Učebnica predstavuje z hľadiska filologického obsahu lexikológie redukovanú publikáciu, nie je komplexnou publikáciou reflektujúcou detailne lexikálnu problematiku. Odporúča sa študentom doplňujúceho pedagogického štúdia v odbore slovenský jazyk a literatúra pri osvojovaní subsystému lexikológie slovenského jazyka širšie štúdium lexikológie z rôznych lexikologických disciplín, predovšetkým diel odkazujúcich na danú problematiku v zozname literatúry.</p>								</div>
				</div>
					</div>
		</div>
					</div>
		</section>
					</div>
		</div>
					</div>
		</section>
				</div>

<p>LEXIKOLÓGIA SLOVENSKÉHO JAZYKA V UČITEĽSKEJ PRAXI Záver      Cieľom vysokoškolskej učebnice Lexikológia slovenského jazyka v učiteľskej praxi je podať lexikologický obsah v zredukovanej forme, aby bol prístupný študentom doplňujúceho pedagogického štúdia v odbore slovenský jazyk a literatúra. Učebnica obsahuje prehľadný prierez lexikologickými témami z lexikálnej sémantiky, suprasémantiky a slovotvorby.      Súhrnné poznatky z lexikálnej problematiky sú vystavané takým spôsobom, aby učitelia [&hellip;]</p>
