{"id":2074,"date":"2023-03-01T12:47:05","date_gmt":"2023-03-01T11:47:05","guid":{"rendered":"https:\/\/e-ucebnice.ff.ucm.sk\/?page_id=2074"},"modified":"2023-03-02T10:06:35","modified_gmt":"2023-03-02T09:06:35","slug":"kapitoly-z-dejin-slovenska-7","status":"publish","type":"page","link":"https:\/\/e-ucebnice.ff.ucm.sk\/index.php\/kapitoly-z-dejin-slovenska-7\/","title":{"rendered":"Kapitoly z dej\u00edn Slovenska-7"},"content":{"rendered":"\t\t<div data-elementor-type=\"wp-page\" data-elementor-id=\"2074\" class=\"elementor elementor-2074\" data-elementor-post-type=\"page\">\n\t\t\t\t\t\t<section class=\"elementor-section elementor-top-section elementor-element elementor-element-0822fa4 elementor-section-height-min-height elementor-section-boxed elementor-section-height-default elementor-section-items-middle\" data-id=\"0822fa4\" data-element_type=\"section\" data-settings=\"{&quot;background_background&quot;:&quot;classic&quot;}\">\n\t\t\t\t\t\t\t<div class=\"elementor-background-overlay\"><\/div>\n\t\t\t\t\t\t\t<div class=\"elementor-container elementor-column-gap-default\">\n\t\t\t\t\t<div class=\"elementor-column elementor-col-100 elementor-top-column elementor-element elementor-element-458665e\" data-id=\"458665e\" data-element_type=\"column\">\n\t\t\t<div class=\"elementor-widget-wrap elementor-element-populated\">\n\t\t\t\t\t\t<div class=\"elementor-element elementor-element-16986ba elementor-widget elementor-widget-heading\" data-id=\"16986ba\" data-element_type=\"widget\" data-widget_type=\"heading.default\">\n\t\t\t\t<div class=\"elementor-widget-container\">\n\t\t\t\t\t<h1 class=\"elementor-heading-title elementor-size-default\">Kapitoly z dej\u00edn Slovenska 1740 \u2013 1945<\/h1>\t\t\t\t<\/div>\n\t\t\t\t<\/div>\n\t\t\t\t\t<\/div>\n\t\t<\/div>\n\t\t\t\t\t<\/div>\n\t\t<\/section>\n\t\t\t\t<section class=\"elementor-section elementor-top-section elementor-element elementor-element-2858d6f elementor-section-boxed elementor-section-height-default elementor-section-height-default\" data-id=\"2858d6f\" data-element_type=\"section\">\n\t\t\t\t\t\t<div class=\"elementor-container elementor-column-gap-default\">\n\t\t\t\t\t<div class=\"elementor-column elementor-col-100 elementor-top-column elementor-element elementor-element-e63bd34\" data-id=\"e63bd34\" data-element_type=\"column\">\n\t\t\t<div class=\"elementor-widget-wrap elementor-element-populated\">\n\t\t\t\t\t\t<section class=\"elementor-section elementor-inner-section elementor-element elementor-element-0b79421 elementor-section-boxed elementor-section-height-default elementor-section-height-default\" data-id=\"0b79421\" data-element_type=\"section\">\n\t\t\t\t\t\t<div class=\"elementor-container elementor-column-gap-default\">\n\t\t\t\t\t<div class=\"elementor-column elementor-col-100 elementor-inner-column elementor-element elementor-element-bb0ded5\" data-id=\"bb0ded5\" data-element_type=\"column\">\n\t\t\t<div class=\"elementor-widget-wrap elementor-element-populated\">\n\t\t\t\t\t\t<div class=\"elementor-element elementor-element-759b076 elementor-widget elementor-widget-heading\" data-id=\"759b076\" data-element_type=\"widget\" data-widget_type=\"heading.default\">\n\t\t\t\t<div class=\"elementor-widget-container\">\n\t\t\t\t\t<h3 class=\"elementor-heading-title elementor-size-default\">Fenom\u00e9n vys\u0165ahovalectva v \u201edlhom\u201c 19. storo\u010d\u00ed<\/h3>\t\t\t\t<\/div>\n\t\t\t\t<\/div>\n\t\t\t\t<div class=\"elementor-element elementor-element-5aa9d5d elementor-widget elementor-widget-text-editor\" data-id=\"5aa9d5d\" data-element_type=\"widget\" data-widget_type=\"text-editor.default\">\n\t\t\t\t<div class=\"elementor-widget-container\">\n\t\t\t\t\t\t\t\t\t<p style=\"text-align: justify;\">Kapitola predstavuje vys\u0165ahovalectvo (tie\u017e vyvandrovanie) ako fenom\u00e9n 19. storo\u010dia. V\u00a0\u00favode stru\u010dne vysvet\u013euje, \u017ee pohyb \u013eud\u00ed po zemeguli patr\u00ed k\u00a0prirodzen\u00fdm procesom v\u00fdvoja \u013eudstva a\u00a0n\u00e1sledne sa venuje predstaveniu jedn\u00e9ho z\u00a0najv\u00e4\u010d\u0161\u00edch pohybov, ktor\u00fd zasiahol Rak\u00fasko-Uhorsko koncom 19. storo\u010dia. V\u00a0podkapitol\u00e1ch s\u00fa postupne zachyten\u00e9 hlavn\u00e9 pr\u00ed\u010diny vys\u0165ahovalectva z\u00a0n\u00e1\u0161ho \u00fazemia, ktor\u00e9 s\u00fa vy\u0161pecifikovan\u00e9 prostredn\u00edctvom pribl\u00ed\u017eenia situ\u00e1cie v\u00a0\u0161t\u00e1te. Z\u00e1ver kapitoly je venovan\u00fd Slov\u00e1kom v\u00a0Amerike a ich \u010dinnosti a tie\u017e\u00a0motiv\u00e1ci\u00e1m zotrva\u0165 v\u00a0z\u00e1mor\u00ed alebo sa vr\u00e1ti\u0165 domov.<\/p>\t\t\t\t\t\t\t\t<\/div>\n\t\t\t\t<\/div>\n\t\t\t\t\t<\/div>\n\t\t<\/div>\n\t\t\t\t\t<\/div>\n\t\t<\/section>\n\t\t\t\t\t<\/div>\n\t\t<\/div>\n\t\t\t\t\t<\/div>\n\t\t<\/section>\n\t\t\t\t<\/div>\n\t\t","protected":false},"excerpt":{"rendered":"<p>Kapitoly z dej\u00edn Slovenska 1740 \u2013 1945 Fenom\u00e9n vys\u0165ahovalectva v \u201edlhom\u201c 19. storo\u010d\u00ed Kapitola predstavuje vys\u0165ahovalectvo (tie\u017e vyvandrovanie) ako fenom\u00e9n 19. storo\u010dia. V\u00a0\u00favode stru\u010dne vysvet\u013euje, \u017ee pohyb \u013eud\u00ed po zemeguli patr\u00ed k\u00a0prirodzen\u00fdm procesom v\u00fdvoja \u013eudstva a\u00a0n\u00e1sledne sa venuje predstaveniu jedn\u00e9ho z\u00a0najv\u00e4\u010d\u0161\u00edch pohybov, ktor\u00fd zasiahol Rak\u00fasko-Uhorsko koncom 19. storo\u010dia. V\u00a0podkapitol\u00e1ch s\u00fa postupne zachyten\u00e9 hlavn\u00e9 pr\u00ed\u010diny vys\u0165ahovalectva [&hellip;]<\/p>\n","protected":false},"author":3,"featured_media":0,"parent":0,"menu_order":0,"comment_status":"closed","ping_status":"closed","template":"","meta":{"footnotes":""},"class_list":["post-2074","page","type-page","status-publish","hentry"],"_links":{"self":[{"href":"https:\/\/e-ucebnice.ff.ucm.sk\/index.php\/wp-json\/wp\/v2\/pages\/2074","targetHints":{"allow":["GET"]}}],"collection":[{"href":"https:\/\/e-ucebnice.ff.ucm.sk\/index.php\/wp-json\/wp\/v2\/pages"}],"about":[{"href":"https:\/\/e-ucebnice.ff.ucm.sk\/index.php\/wp-json\/wp\/v2\/types\/page"}],"author":[{"embeddable":true,"href":"https:\/\/e-ucebnice.ff.ucm.sk\/index.php\/wp-json\/wp\/v2\/users\/3"}],"replies":[{"embeddable":true,"href":"https:\/\/e-ucebnice.ff.ucm.sk\/index.php\/wp-json\/wp\/v2\/comments?post=2074"}],"version-history":[{"count":4,"href":"https:\/\/e-ucebnice.ff.ucm.sk\/index.php\/wp-json\/wp\/v2\/pages\/2074\/revisions"}],"predecessor-version":[{"id":2500,"href":"https:\/\/e-ucebnice.ff.ucm.sk\/index.php\/wp-json\/wp\/v2\/pages\/2074\/revisions\/2500"}],"wp:attachment":[{"href":"https:\/\/e-ucebnice.ff.ucm.sk\/index.php\/wp-json\/wp\/v2\/media?parent=2074"}],"curies":[{"name":"wp","href":"https:\/\/api.w.org\/{rel}","templated":true}]}}