{"id":2090,"date":"2023-03-01T12:51:51","date_gmt":"2023-03-01T11:51:51","guid":{"rendered":"https:\/\/e-ucebnice.ff.ucm.sk\/?page_id=2090"},"modified":"2023-05-16T13:59:59","modified_gmt":"2023-05-16T11:59:59","slug":"kapitoly-z-dejin-slovenska-l","status":"publish","type":"page","link":"https:\/\/e-ucebnice.ff.ucm.sk\/index.php\/kapitoly-z-dejin-slovenska-l\/","title":{"rendered":"Kapitoly z dej\u00edn Slovenska-L"},"content":{"rendered":"\t\t<div data-elementor-type=\"wp-page\" data-elementor-id=\"2090\" class=\"elementor elementor-2090\" data-elementor-post-type=\"page\">\n\t\t\t\t\t\t<section class=\"elementor-section elementor-top-section elementor-element elementor-element-4829a87 elementor-section-height-min-height elementor-section-boxed elementor-section-height-default elementor-section-items-middle\" data-id=\"4829a87\" data-element_type=\"section\" data-settings=\"{&quot;background_background&quot;:&quot;classic&quot;}\">\n\t\t\t\t\t\t\t<div class=\"elementor-background-overlay\"><\/div>\n\t\t\t\t\t\t\t<div class=\"elementor-container elementor-column-gap-default\">\n\t\t\t\t\t<div class=\"elementor-column elementor-col-100 elementor-top-column elementor-element elementor-element-4cf6c79\" data-id=\"4cf6c79\" data-element_type=\"column\">\n\t\t\t<div class=\"elementor-widget-wrap elementor-element-populated\">\n\t\t\t\t\t\t<div class=\"elementor-element elementor-element-3e8341c elementor-widget elementor-widget-heading\" data-id=\"3e8341c\" data-element_type=\"widget\" data-widget_type=\"heading.default\">\n\t\t\t\t<div class=\"elementor-widget-container\">\n\t\t\t\t\t<h1 class=\"elementor-heading-title elementor-size-default\">Kapitoly z dej\u00edn Slovenska 1740 \u2013 1945<\/h1>\t\t\t\t<\/div>\n\t\t\t\t<\/div>\n\t\t\t\t\t<\/div>\n\t\t<\/div>\n\t\t\t\t\t<\/div>\n\t\t<\/section>\n\t\t\t\t<section class=\"elementor-section elementor-top-section elementor-element elementor-element-2858d6f elementor-section-boxed elementor-section-height-default elementor-section-height-default\" data-id=\"2858d6f\" data-element_type=\"section\">\n\t\t\t\t\t\t<div class=\"elementor-container elementor-column-gap-default\">\n\t\t\t\t\t<div class=\"elementor-column elementor-col-100 elementor-top-column elementor-element elementor-element-e63bd34\" data-id=\"e63bd34\" data-element_type=\"column\">\n\t\t\t<div class=\"elementor-widget-wrap elementor-element-populated\">\n\t\t\t\t\t\t<section class=\"elementor-section elementor-inner-section elementor-element elementor-element-0b79421 elementor-section-boxed elementor-section-height-default elementor-section-height-default\" data-id=\"0b79421\" data-element_type=\"section\">\n\t\t\t\t\t\t<div class=\"elementor-container elementor-column-gap-default\">\n\t\t\t\t\t<div class=\"elementor-column elementor-col-100 elementor-inner-column elementor-element elementor-element-bb0ded5\" data-id=\"bb0ded5\" data-element_type=\"column\">\n\t\t\t<div class=\"elementor-widget-wrap elementor-element-populated\">\n\t\t\t\t\t\t<div class=\"elementor-element elementor-element-759b076 elementor-widget elementor-widget-heading\" data-id=\"759b076\" data-element_type=\"widget\" data-widget_type=\"heading.default\">\n\t\t\t\t<div class=\"elementor-widget-container\">\n\t\t\t\t\t<h3 class=\"elementor-heading-title elementor-size-default\">Pramene a literat\u00fara <\/h3>\t\t\t\t<\/div>\n\t\t\t\t<\/div>\n\t\t\t\t<div class=\"elementor-element elementor-element-5aa9d5d elementor-widget elementor-widget-text-editor\" data-id=\"5aa9d5d\" data-element_type=\"widget\" data-widget_type=\"text-editor.default\">\n\t\t\t\t<div class=\"elementor-widget-container\">\n\t\t\t\t\t\t\t\t\t<p>N\u00e1rodn\u00ed archiv v Prahe<strong>, <\/strong>fond<em> Zahrani\u010dn\u00ed \u00fa\u0159ad Berl<\/em><em>in.<\/em><\/p>\n<p>Slovensk\u00fd n\u00e1rodn\u00fd arch\u00edv v Bratislave, fond<em> Ministerstvo hospod\u00e1rstva.<\/em><\/p>\n<p>ARP\u00c1\u0160, R\u00f3bert. Od auton\u00f3mie k samostatnosti. In: \u0160MIGE\u013d, Michal \u2013 MI\u010cKO, Peter (eds.). <em>Slovensk\u00e1 republika 1939 \u2013 1945 o\u010dami mlad\u00fdch historikov IV<\/em>. Bansk\u00e1 Bystrica: Katedra hist\u00f3rie FF UMB a&nbsp;\u00dastav vedy v\u00fdskumu UMB, 2005, s. 8-19. ISBN 80-8083-147-5.<\/p>\n<p>AUGUSTA, Pavel a&nbsp;kol. <em>Kdo byl kdo v&nbsp;na\u0161ich d\u011bjin\u00e1ch. <\/em>Praha: Libri, 1993, 411 s. ISBN 80-901579-0-4.<\/p>\n<p>BADA, Michal. <em>Slovensk\u00e9 dejiny II. 1526 \u2013 1780<\/em>. Bratislava: Liter\u00e1rne informa\u010dn\u00e9 centrum, 2017, 388 s. ISBN 978-80-8119-103-9.<\/p>\n<p>BIELIK, Franti\u0161ek \u2013 R\u00c1KO\u0160, Elo. <em>Slovensk\u00e9 vys\u0165ahovalectvo. Dokumenty I do roku 1918<\/em>. Bratislava: SAV, 1969, 404 s. ISBN 71-050-69.<\/p>\n<p>BLED, Jean-Paul. <em>M\u00e1ria Ter\u00e9zia<\/em>. Bratislava: Slovart, 2018, 328 s. ISBN 978-80-556-3374-9.<\/p>\n<p>BOKES, Franti\u0161ek (zost.) <em>Dokumenty k&nbsp;slovensk\u00e9mu n\u00e1rodn\u00e9mu hnutiu v&nbsp;rokoch 1848 \u2013 1914 I. <\/em>Bratislava: SAV, 1963, 473 s.<\/p>\n<p>BRANDES, Detlef. <em>Exil v&nbsp;Lond\u00fdn\u011b 1939 \u2013 1943. <\/em>Praha: Karolinum \u2013 nakladatelstv\u00ed Univerzity Karlovy, 2003, 566 s. ISBN 80-246-0488-4.<\/p>\n<p>BUTVIN, Jozef. Tajn\u00fd politick\u00fd spolok Vz\u00e1jomnos\u0165 (1837 \u2013 1840). In: <em>Historica<\/em>. <em>Sborn\u00edk Filozofickej fakulty Univerzity Komensk\u00e9ho<\/em>, ro\u010d. 14, 1963, s. 3-40.<\/p>\n<p>BYSTRICK\u00dd, Valeri\u00e1n \u2013 DE\u00c1K, Ladislav. Od Mn\u00edchova k&nbsp;rozbitiu \u010cesko-Slovenska. In: ZEMKO, Milan \u2013 BYSTRICK\u00dd, Valeri\u00e1n (eds.). <em>Slovensko v&nbsp;\u010ceskoslovensku (1918 \u2013 1939)<\/em>. Bratislava: VEDA, vydavate\u013estvo Slovenskej akad\u00e9mie vied, 2004, s. 199-240. ISBN 80-224-0795-X.<\/p>\n<p>BYSTRICK\u00dd, Valeri\u00e1n. <em>Od auton\u00f3mie k&nbsp;vzniku Slovensk\u00e9ho \u0161t\u00e1tu<\/em>. Bratislava: Historick\u00fd \u00fastav SAV v Prodama s.r.o., 2008, 301 s. ISBN 978-80-969782-5-0.<\/p>\n<p>Cis\u00e1rsky diplom o&nbsp;uspo\u0159\u00e1d\u00e1n\u00ed vnitrn\u00fdch st\u00e1to-pr\u00e1vn\u00edch poner\u016f mocn\u00e1\u0159stva. In: <em>Slovensk\u00e9 noviny, <\/em>ro\u010d. 7, 23.10.1860, \u010d. 125, s. 2-3.<\/p>\n<p>COHEN, Robert. <em>S\u0165ahovanie \u013eudstva. Od praveku a\u017e po s\u00fa\u010dasnos\u0165. <\/em>Bratislava: Ikar. 2019, 223 s. ISBN 978-80-551-7483-9.<\/p>\n<p>CZERNIN, Monika. <em>Der Kaiser reist inkognito. Joseph II. unterwegs im Europa der Aufkl\u00e4rung<\/em>. M\u00fcnchen: Penguin Verlag, 2021, 384 s. ISBN 978-3-328-10945-7.<\/p>\n<p>\u010cULEN, Kon\u0161tant\u00edn \u2013 \u0160PRINC, Mikul\u00e1\u0161 (ed.) <em>Slovensk\u00e1 liga \u0161tyridsa\u0165ro\u010dn\u00e1. <\/em>Pennsylvania: Slovensk\u00e1 liga v&nbsp;Amerike, 1947, 155 s.<\/p>\n<p>DE\u00c1K, Ladislav (ed.). <em>Viedensk\u00e1 arbitr\u00e1\u017e 2. november 1938. Dokumenty I. (20.&nbsp;september \u2013 2. november 1938)<\/em>. Martin: Matica slovensk\u00e1, 2002, 253 s. ISBN 80-7090-630-8.<\/p>\n<p>DE\u00c1K, Ladislav. Miesto Slovenska v&nbsp;\u010deskoslovenskom \u0161t\u00e1te v&nbsp;rokoch 1918 \u2013 1938. In: ZEMKO, Milan \u2013 BYSTRICK\u00dd, Valeri\u00e1n (eds.). <em>Slovensko v&nbsp;\u010ceskoslovensku (1918 \u2013 1939)<\/em>. Bratislava: VEDA, vydavate\u013estvo Slovenskej akad\u00e9mie vied, 2004, s. 15-34. ISBN 80-224-0795-X.<\/p>\n<p>DEMMERLE, Eva. <em>Habsburgovci. <\/em>Bratislava: Slovart, 2011, 259 s. ISBN 978-80-556-0702-3.<\/p>\n<p>Denn\u00e9 zpr\u00e1vy. Vys\u0165ahovalci. In: <em>Slovensk\u00fd denn\u00edk<\/em>, ro\u010d. 2, 11.1.1901, \u010d. 9, s. 1-2.<\/p>\n<p>DVO\u0158\u00c1K, Pavel (ed.). <em>Pramene k dejin\u00e1m Slovenska a Slov\u00e1kov IX. Na prahu modernej doby: S\u00famrak stavovskej, \u00fasvit n\u00e1rodno-ob\u010dianskej spolo\u010dnosti<\/em>. Bratislava: Liter\u00e1rne informa\u010dn\u00e9 centrum, 2008, 392 s. ISBN 978-80-89222-59-9.<\/p>\n<p>DVO\u0158\u00c1K, Pavel (ed.). <em>Pramene k dejin\u00e1m Slovenska a Slov\u00e1kov VIII. Nov\u00fd poh\u013ead na svet: \u010cas osvietensk\u00fdch vl\u00e1dcov od protihabsbursk\u00fdch povstan\u00ed po za\u010diatky slovensk\u00e9ho n\u00e1rodn\u00e9ho obrodenia<\/em>. Bratislava: Liter\u00e1rne informa\u010dn\u00e9 centrum, 2007, 456 s. ISBN 978-80-89222-46-9.<\/p>\n<p>FALTUS, Jozef <em>\u2013<\/em> PR\u016eCHA<strong>, <\/strong>V\u00e1clav. <em>Preh\u013ead hospod\u00e1rskeho v\u00fdvoja na Slovensku 1918 \u2013 1945<\/em>. Bratislava: Vydavate\u013estvo politickej literat\u00fary, 1969, 410 s.<\/p>\n<p>FEREN\u010cUHOV\u00c1, Bohumila \u2013 ZEMKO, Milan (eds.). <em>Slovensko v 20. storo\u010d\u00ed. V medzivojnovom \u010ceskoslovensku 1918 \u2013 1945.<\/em> Bratislava: VEDA, 2012, 543 s. ISBN 978-80-224-1199-8.<\/p>\n<p>FEREN\u010cUHOV\u00c1, Bohumila. \u010ceskoslovensk\u00e1 zahrani\u010dn\u00e1 politika a&nbsp;ot\u00e1zky medzin\u00e1rodnej bezpe\u010dnosti. In: ZEMKO, Milan \u2013 BYSTRICK\u00dd, Valeri\u00e1n (eds.). <em>Slovensko v&nbsp;\u010ceskoslovensku (1918 \u2013 1939)<\/em>. Bratislava: VEDA, vydavate\u013estvo Slovenskej akad\u00e9mie vied, 2004, s. 35-56. ISBN 80-224-0795-X.<\/p>\n<p>FRAIS, Josef. <em>Reformy Marie Terezie a&nbsp;Josefa II. Nejen v&nbsp;\u010desk\u00fdch a&nbsp;moravsk\u00fdch zem\u00edch<\/em>. T\u0159eb\u00ed\u010d: Akcent, 2005, 156 s. ISBN 80-7268-337-3.<\/p>\n<p>GEBHART, Jan \u2013 KUKL\u00cdK, Jan. <em>Velk\u00e9 d\u011bjiny zem\u00ed Koruny \u010desk\u00e9 XV.b<\/em>. Praha: Paseka, 2007, 743 s. ISBN 978-80-7185-835-5.<\/p>\n<p>GOL\u00c1\u0147, Karol. <em>Nitrianske \u017eiadosti roku 1848 (Vyhl\u00e1sen\u00e9 d\u0148a 28. apr\u00edla 1848 v&nbsp;Brezovej pod Bradlom). <\/em>Bratislava: Pr\u00edpravn\u00fd v\u00fdbor jubilejn\u00fdch osl\u00e1v, 1948, 23 s.<\/p>\n<p>GRAF, Gerda. <em>Der Verfassungsentwurf aus dem Jahr 1787 des Granduca Pietro Leopoldo di Toscana<\/em>. <em>Edition &amp; \u00dcbersetzung. Das Verfassungsprojekt<\/em>. Berlin: Duncker &amp; Humblot, 1998, 315 s. ISBN 978-3-428-09325-0.<\/p>\n<p>GRONSK\u00dd, J\u00e1n (ed.). <em>Komentovan\u00e9 dokumenty k&nbsp;\u00fastavn\u00fdm d\u011bjin\u00e1m \u010ceskoslovenska I. 1914 \u2013 1945<\/em>. Praha: Nakladatelstv\u00ed Karolinum, 2005, 584 s. ISBN 80-246-1027-2.<\/p>\n<p>H\u00c1JKOV\u00c1, Dagmar \u2013 HOR\u00c1K, Pavel (eds.). <em>Republika \u010ceskoslovensk\u00e1 1918 \u2013 1939<\/em>. Praha: NLN, 1020 s. ISBN 978-80-7422-643-4.<\/p>\n<p>HAL\u00c1SZ, Ivan. <em>Uhorsko a&nbsp;podoby slovenskej identity v&nbsp;dlhom 19. storo\u010d\u00ed. <\/em>Bratislava: Kaligram, 2011, 233 s. ISBN 978-80-8101-435-2.<\/p>\n<p>HERMANIK, Klaus-J\u00fcrgen. <em>Deutsche und Ungarn im s\u00fcd\u00f6stlichen Europa. Identit\u00e4ts- und Ethnomanagement.<\/em> Wien: B\u00f6hlau Verlag, 2017, 470 s. ISBN 978-3-205-20264-6.<\/p>\n<p>HIML, Pavel. <em>Zrozen\u00ed vagabunda. Neusedl\u00ed lid\u00e9 v&nbsp;\u010cech\u00e1ch 17. a&nbsp;18. stolet\u00ed<\/em>. Praha: Argo, 2007, 372 s. ISBN 978-80-7203-917-3.<\/p>\n<p>HONZ\u00c1K, Franti\u0161ek a&nbsp;kol. <em>Dejiny Slovenska. D\u00e1tumy, udalosti, osobnosti. <\/em>Bratislava: Slovart, 2008, 882 s. ISBN 879-80-8085-596-3.<\/p>\n<p>HRADSK\u00c1, Katar\u00edna. <em>\u017didovsk\u00e1 Bratislava<\/em>. Bratislava: Maren\u010din PT, 2008, 249 s. ISBN 978-80-89218-80-6.<\/p>\n<p>HRBEK, Ji\u0159\u00ed. <em>Evropa a absolutismus v 17. a 18.stolet\u00ed. 1648-1789<\/em>. Praha: Triton, 2012, 202 s. ISBN 978-80-7387-601-2.<\/p>\n<p>HU\u010cKO, J\u00e1n. <em>\u017divot a&nbsp;dielo \u013dudov\u00edta \u0161t\u00fara. <\/em>Martin: Osveta, 1988, 253 s.<\/p>\n<p>JURKOVI\u010c, Milo\u0161. K 70. v\u00fdro\u010diu zalo\u017eenia Muze\u00e1lnej slovenskej spolo\u010dnosti. In: <em>M\u00fazeum. Metodick\u00fd, \u0161tudijn\u00fd a informa\u010dn\u00fd materi\u00e1l,<\/em> ro\u010d. 8, 1963, \u010d. 3, s. 145 \u2013 153.<\/p>\n<p>KAMENEC, Ivan. <em>Trag\u00e9dia politika, k\u0148aza a&nbsp;\u010dloveka<\/em>. Bratislava: Premedia, 2021, 196 s. ISBN 978-80-8159-979-8.<\/p>\n<p>KASMANOV\u00c1, Eva. <em>Slovensk\u00e9 u\u010den\u00e9 tovari\u0161stvo: S\u00fabor 26 poh\u013eadn\u00edc. <\/em>Martin: Matica slovensk\u00e1, 1992, 13 s. ISBN 80-7090-226-4.<\/p>\n<p>KLEIN, Bohu\u0161. <em>S\u00eddla na Slovensku ob\u00fdvan\u00e9 nemeck\u00fdm obyvate\u013estvom na vojensk\u00fdch map\u00e1ch v&nbsp;druhej polovici 18. storo\u010dia<\/em>. Bratislava: Slovensk\u00e9 n\u00e1rodn\u00e9 m\u00fazeum \u2013 M\u00fazeum kult\u00fary karpatsk\u00fdch Nemcov, 2008, 212 s. ISBN 978-80-8060-223-9.<\/p>\n<p>KODAJOV\u00c1, Daniela a&nbsp;kol. <em>\u017divena. 150 rokov spolku slovensk\u00fdch \u017eien. <\/em>Bratislava: Slovart, 2019, 303 s.<\/p>\n<p>KOLEKOV\u00c1, M\u00e1ria. <em>Tri mati\u010dn\u00e9 gymn\u00e1zi\u00e1: Rev\u00faca, Martin, Kl\u00e1\u0161tor pod Znievom. <\/em>Pova\u017esk\u00e1 Bystrica: Pova\u017esk\u00e1 kni\u017enica, 2008, 12 s.<\/p>\n<p>Kolekt\u00edv autorov. <em>Dokumenty slovenskej n\u00e1rodnej identity a&nbsp;\u0161t\u00e1tnosti I. <\/em>Bratislava: N\u00e1rodn\u00e9 liter\u00e1rne centrum, 1998, 513 s. ISBN 80-88878-43-8.<\/p>\n<p>K\u00d3NYA, Peter a&nbsp;kol. <em>Dejiny Uhorska 1000 \u2013 1918<\/em>. Bratislava: Citadella, 2014, 787 s. ISBN 978-80-89628-59-9.<\/p>\n<p>KOV\u00c1\u010c, Du\u0161an. Martinsk\u00e1 deklar\u00e1cia: dokument, ktor\u00fdm sa Slov\u00e1ci rozl\u00fa\u010dili s&nbsp;Uhorskom. In:<em> Historick\u00e1 revue<\/em>, 2018, ro\u010d. XXIX., \u010d. 10.<\/p>\n<p>KOWALSK\u00c1, Eva. <em>Evanjelick\u00e9 a. v. spolo\u010denstvo v 18. storo\u010d\u00ed. Hlavn\u00e9 probl\u00e9my jeho v\u00fdvoja a fungovania v&nbsp;spolo\u010dnosti<\/em>. Bratislava: Veda, 2001, 220 s. ISBN 80-224-0704-6.<\/p>\n<p>KOWALSK\u00c1, Eva. Jozef II. Ochranca \u010di nepriate\u013e cirkv\u00ed? In: <em>Historick\u00e1 revue<\/em>, ro\u010d. 31, 2020, \u010d. 1, s. 24-30. ISSN 1335-6550.<\/p>\n<p>KOWALSK\u00c1, Eva. Katol\u00edcka r\u00ed\u0161a na Dunaji? Cirkevn\u00e1 politika M\u00e1rie Ter\u00e9zie. In: <em>Historick\u00e1 revue<\/em>, ro\u010d. 27, 2016, \u010d. 2, s. 26-29. ISSN 1335-6550.<\/p>\n<p>KOWALSK\u00c1, Eva. \u0160kola \u2013 z\u00e1klad ob\u010dianskeho \u017eivota. M\u00e1ria Ter\u00e9zia a&nbsp;reformy v&nbsp;oblasti vzdel\u00e1vania. In: <em>Historick\u00e1 revue<\/em>, ro\u010d. 27, 2016, \u010d. 2, s. 18-21. ISSN 1335-6550.<\/p>\n<p>KRAJ\u010cOVI\u010cOV\u00c1, Nat\u00e1lia. Za\u010dle\u0148ovanie Slovenska do \u010ceskoslovenskej republiky (1918 \u2013 1920). In: ZEMKO, Milan \u2013 BYSTRICK\u00dd, Valeri\u00e1n (eds.). <em>Slovensko v&nbsp;\u010ceskoslovensku (1918 \u2013 1939)<\/em>. Bratislava: VEDA, vydavate\u013estvo Slovenskej akad\u00e9mie vied, 2004, s. 57-94. ISBN 80-224-0795-X.<\/p>\n<p>KUKL\u00cdK, Jan. <em>Lond\u00fdnsk\u00fd exil a&nbsp;obnova \u010deskoslovensk\u00e9ho st\u00e1tu 1938 \u2013 1945<\/em>. Praha: Karolinum \u2013 nakladatelstv\u00ed Univerzity Karlovy, 1998, 175 s. ISBN 80-7184-665-1.<\/p>\n<p>KUNEC, Patrik. Jozef II. Osudom prenasledovan\u00fd reform\u00e1tor. In: <em>Historick\u00e1 revue<\/em>, ro\u010d. 31, 2020, \u010d.1, s. 12-19. ISSN 1335-6550.<\/p>\n<p>KUNEC, Patrik. Konzervat\u00edvna reform\u00e1torka. \u00dasilie M\u00e1rie Ter\u00e9zie o moderniz\u00e1ciu monarchie. In: <em>Historick\u00e1 revue<\/em>, ro\u010d. 27, 2016, \u010d. 2, s. 12-17. ISSN 1335-6550.<\/p>\n<p>KUNEC, Patrik. Mra\u010dn\u00e1 nad habsbursk\u00fdm domom. Trpk\u00e9 za\u010diatky vl\u00e1dy M\u00e1rie Ter\u00e9zie. In: <em>Historick\u00e1 revue<\/em>, ro\u010d. 27, 2016, \u010d. 2, s. 6-11. ISSN 1335-6550.<\/p>\n<p>KU\u0160NIR\u00c1KOV\u00c1, Ingrid a&nbsp;kol. <em>Pre blaho n\u00e1\u0161ho \u013eudu, v\u0161etk\u00fdch na\u0161ich kr\u00e1\u013eovstiev a&nbsp;provinci\u00ed. Reformn\u00e1 politika M\u00e1rie Ter\u00e9zie a&nbsp;jej pokus o&nbsp;moderniz\u00e1ciu Uhorska<\/em>. Bratislava: Historick\u00fd \u00fastav SAV \u2013 Veda, 2016, 272 s. ISBN 978-80-224-1534-7.<\/p>\n<p>LIPT\u00c1K, \u013dubom\u00edr a kol. <em>Politick\u00e9 strany na Slovensku 1860 \u2013 1989<\/em>. Bratislava: ARCHA, 1992, 312 s. ISBN 80-7115-029-0.<\/p>\n<p>LIPT\u00c1K, \u013dubom\u00edr. <em>Slovensko v&nbsp;dvadsiatom storo\u010d\u00ed<\/em>. Bratislava: KALLIGRAM, 2011, 334 s. ISBN 978-80-8101-518-2.<\/p>\n<p>MAGENSCHAB, Hans. <em>Josef II. Revolutiona\u0308r von Gottes Gnaden<\/em>. Graz: Styria Verlag, 1989, 300 s. ISBN 3-222-11162-6.<\/p>\n<p>MAREK, Milo\u0161. <em>N\u00e1rodnosti Uhorska. Vysoko\u0161kolsk\u00fd u\u010debn\u00fd text<\/em>. Trnava: Filozofick\u00e1 fakulta TU, 2011, 460 s. ISBN 978-80-8082-470-9.<\/p>\n<p>M\u00c1TEJ, Jozef. <em>Kapitoly z&nbsp;dej\u00edn slovensk\u00e9ho \u0161kolstva a&nbsp;pedagogiky (19. a&nbsp;20. storo\u010die). Vysoko\u0161kolsk\u00e9 skript\u00e1. <\/em>Bratislava: Univerzita Komensk\u00e9ho v&nbsp;Bratislave, 1972, 148 s.<\/p>\n<p><em>Matica slovensk\u00e1. <\/em>Martin: Matica slovensk\u00e1, 1963, 66 s.<\/p>\n<p><em>Matica slovensk\u00e1. Z\u00e1kladn\u00e9 dokumenty III. <\/em>Martin: Matica slovensk\u00e1, 2003, 46 s. ISBN 80-7090-688-X.<\/p>\n<p>M\u00c9S\u00c1RO\u0160, J\u00falius \u2013&nbsp;KROPIL\u00c1K Miroslav. <em>Matica slovensk\u00e1 v minulosti a dnes.<\/em> Bratislava: \u010ceskoslovensk\u00e1 spolo\u010dnos\u0165 pre \u0161\u00edrenie politick\u00fdch a vedeck\u00fdch poznatkov a&nbsp;Osvetov\u00fd \u00fastav Bratislava, 1963, 41 s.<\/p>\n<p>MI\u010cKO, Peter. <em>Hospod\u00e1rska politika Slovensk\u00e9ho \u0161t\u00e1tu. Kapitoly z&nbsp;hospod\u00e1rskych dej\u00edn Slovenska v&nbsp;rokoch 1938 \u2013 1945<\/em>. Krakov: Spolok Slov\u00e1kov v&nbsp;Po\u013esku, 2010, 304&nbsp;s. ISBN 978-83-7490-351-6.<\/p>\n<p>MI\u013dANOV\u00c1, \u013dubica \u2013 J\u00d3ZSOV\u00c1, Vikt\u00f3ria<em>. Od lesov kr\u00e1\u013eovsk\u00fdch k lesom \u0161t\u00e1tnym<\/em>. Zvolen: Lesn\u00edcke a&nbsp;drev\u00e1rske m\u00fazeum, 2003, 91 s. ISBN 80-88892-57-0.<\/p>\n<p><em>Moravsk\u00e1 orlice<\/em>, 1942, ro\u010d. LXXX, \u010d. 138.<\/p>\n<p>N\u00c1LEVKA, Vladim\u00edr. <em>Sv\u011btov\u00e1 politika ve 20. stolet\u00ed I<\/em>. Praha: Nakladatelstv\u00ed Ale\u0161 Sk\u0159ivan ml., 2000, 270 s. ISBN 80-902261-4-0.<\/p>\n<p><em>N\u00e1rodnie noviny<\/em>, 1918, ro\u010d. XLIX., \u010d. 128.<\/p>\n<p>N\u011aME\u010cEK, Jan. <em>Mnichovsk\u00e1 dohoda \u2013 cesta k&nbsp;destrukci demokracie v&nbsp;Evrop\u011b<\/em>. Praha: Karolinum, 2004, 389 s. ISBN 80-246-0923-1.<\/p>\n<p>ONDREJOVI\u010c, Slavom\u00edr (ed.). <em>\u013dudov\u00edt \u0160t\u00far a&nbsp;re\u010d slovensk\u00e1. Predn\u00e1\u0161ky z&nbsp;konferencie konanej 13. \u2013 14. j\u00fana 2006 v&nbsp;Bratislave<\/em>. Bratislava: Veda, 2007, 190 s. ISBN 978-80-224-0987-2.<\/p>\n<p>ONDRU\u0160OV\u00c1, Eva. Koncepcia a \u00faloha \u0161t\u00e1tu v dobe osvietenstva na \u00fazem\u00ed habsburskej monarchie. In: <em>Historia nova<\/em>, ro\u010d. 11, 2016, \u010d. 1, s. 92-116. ISBN 978-80-8127-166-3.<\/p>\n<p>OT\u010cEN\u00c1\u0160, Michal. <em>150. v\u00fdro\u010die vzniku Tatr\u00edna. <\/em>Ko\u0161ice: UPJ\u0160, 1955, 81 s. ISBN 80-88722-15-2.<\/p>\n<p>PEK\u00c1R, Martin (ed.) <em>Komentovan\u00e9 pramene k dejin\u00e1m Slovenska 1939 \u2013 1945<\/em>. Ko\u0161ice: UPJ\u0160, 2015, 112 s. ISBN 978-80-8152-268-0.<\/p>\n<p>PODOLAN, Peter \u2013 VIR\u0160INSK\u00c1, Miriam. <em>Slovensk\u00e9 dejiny III 1780 \u2013 1914. <\/em>Bratislava: LIC, 2014, 405 s. ISBN 978-80-8116-081-0.<\/p>\n<p>RADY, Martyn. <em>Habsburgs. The Rise and Fall of a&nbsp;World Power<\/em>. New York: Basic Books, 2020, 397 s. ISBN 978-80-556-5395-2.<\/p>\n<p>RAPANT, Daniel. <em>Viedensk\u00e9 memorandum slovensk\u00e9 z&nbsp;roku 1861. <\/em>Tur\u010d. Sv. Martin: Matica slovensk\u00e1, 1943, 535 s.<\/p>\n<p>RYCHL\u00cdK, Jan. <em>\u010ce\u0161i a&nbsp;Slov\u00e1ci ve 20. stolet\u00ed. \u010cesko-slovensk\u00e9 vztahy 1914 \u2013 1945<\/em>. Bratislava: Academic Electronic Press; Praha: \u00fastav T. G. Masaryka, 1997, 360 s. ISBN 80-88880-10-6.<\/p>\n<p>RYCHL\u00cdK, Jan. <em>\u010ce\u0161i a&nbsp;Slov\u00e1ci ve 20. stolet\u00ed. \u010cesko-slovensk\u00e9 vztahy 1945 \u2013 1992<\/em>. Bratislava: Academic Electronic Press; Praha: \u00fastav T. G. Masaryka, 1998, 554 s. ISBN 80-88880-11-4.<\/p>\n<p>RYCHL\u00cdK, Jan. <em>Rozpad Rakouska-Uherska a&nbsp;vznik \u010cesko-Slovenska 1918<\/em>. Praha: Vy\u0161ehrad, 2018, 275 s. ISBN 978-80-7429-988-9.<\/p>\n<p><em>S\u010d\u00edt\u00e1n\u00ed lidu v Republice \u010deskoslovensk\u00e9 ze dne 1. prosince 1930. D\u00edl I. R\u016fst, koncentrace a hustota obyvatelstva, pohlav\u00ed, v\u011bkov\u00e9 rozvrstven\u00ed, rodinn\u00fd stav, st\u00e1tn\u00ed p\u0159\u00edslu\u0161nost, n\u00e1rodnost, n\u00e1bo\u017eensk\u00e9 vyzn\u00e1n\u00ed. <\/em>Praha: St\u00e1tn\u00ed \u00fa\u0159ad statistick\u00fd, 1934, 205&nbsp;s.<\/p>\n<p>SEDL\u00c1K, Peter. <em>Hnutie Spolkov striezlivosti na Slovensku 1844 \u2013 1874. <\/em>Pre\u0161ov: Vyd. Michala Va\u0161ka, 1998, 150 s. ISBN 80-7165-139-7.<\/p>\n<p>SEGE\u0160, Vladim\u00edr \u2013 \u0160E\u010eOV\u00c1, Bo\u017eena (eds.). <em>Pramene k vojensk\u00fdm dejin\u00e1m Slovenska III\/1. 1711 \u2013 1792<\/em>. Bratislava: Vojensk\u00fd historick\u00fd \u00fastav, 2019, 243 s. ISBN 978-80-89523-56-6.<\/p>\n<p>SEGE\u0160, Vladim\u00edr a&nbsp;kol. <em>Kniha kr\u00e1\u013eov. Panovn\u00edci v&nbsp;dejin\u00e1ch Slovenska a&nbsp;Slov\u00e1kov. <\/em>Bratislava: SPN, 2010, 299 s, ISBN 978-80-10-02026-3.<\/p>\n<p>SMETANA, V\u00edt. <em>In the Shadow of Munich. British Policy towards Czechoslovakia from 1938 to 1942<\/em>. Prague: Karolinum, 2008, 360 s. ISBN 978-80-246-2819-6.<\/p>\n<p><em>Statistick\u00fd zpravodaj<\/em>, 1939, ro\u010d. I., \u010d. 11-12.<\/p>\n<p><em>Statistick\u00fd zpravodaj<\/em>, 1939, ro\u010d. II., \u010d. 1-2.<\/p>\n<p>STEINER, Stephan. <em>R\u00fcckkehr unerw\u00fcnscht Deportationen in der Habsburgermonarchie der Fr\u00fchen Neuzeit und ihr europ\u00e4ischer Kontext<\/em>. Wien: B\u00f6hlau Verlag, 2014, 658 s. ISBN 978-3-205-79499-0.<\/p>\n<p>\u0160AMBERGER, Zden\u011bk (ed.). <em>Mnichov 1938 v&nbsp;\u0159e\u010di archivn\u00edch dokument\u016f<\/em>. Praha: St\u00e1tn\u00ed \u00fast\u0159edn\u00ed archiv v&nbsp;Praze, 2002, 188 s.<\/p>\n<p>\u0160EDIV\u00dd, Miroslav. <em>O&nbsp;\u0161vestky a&nbsp;brambory. Prusko-rakousk\u00e1 v\u00e1lka o&nbsp;bavorsk\u00e9 d\u011bdictv\u00ed 1778 \u2013 1779<\/em>. Praha: Epocha, 2018, 208 s. ISBN 978-80-7557-101-4.<\/p>\n<p>\u0160KVARNA, Du\u0161an a&nbsp;kol. <em>Lexik\u00f3n slovensk\u00fdch dej\u00edn. <\/em>Bratislava: SPN \u2013 Mlad\u00e9 let\u00e1, 2006, 381 s. ISBN 80-10-00872-9.<\/p>\n<p>TARABA, Lubo\u0161. <em>Sukn\u011b proti kalhot\u00e1m. V\u00e1lka o rakousk\u00e9 d\u011bdictv\u00ed 1740-1748<\/em>. Praha: Epocha, 2019, 462 s. ISBN 978-80-7557-176-2.<\/p>\n<p><em>Tatr\u00edn (1844 \u2013 1994). Pr\u00edspevky zo semin\u00e1ra pri pr\u00edle\u017eitosti celon\u00e1rodn\u00fdch osl\u00e1v vzniku spolku. <\/em>Martin: Matica slovensk\u00e1, 1994, 66 s. ISBN 80-7090-324-4.<\/p>\n<p>TINKOV\u00c1, Daniela. <em>H\u0159\u00edch, zlo\u010din, \u0161\u00edlenstv\u00ed v \u010dase odkouzlov\u00e1n\u00ed sv\u011bta<\/em>. Praha: Argo, 2004, 416 s. ISBN 80-7203-565-7.<\/p>\n<p>TI\u0160LIAR, Pavol \u2013 \u0160PROCHA, Branislav. <em>Premeny vybran\u00fdch charakterist\u00edk obyvate\u013estva Slovenska v&nbsp;18. \u2013 1. pol. 20. storo\u010dia<\/em>. Bratislava: Centrum pre historick\u00fa demografiu a popula\u010dn\u00fd v\u00fdvoj Slovenska FiF UK, 2017, 167 s. ISBN 978-80-89881-08-6.<\/p>\n<p>VANEK, Peter. 75. v\u00fdro\u010die atent\u00e1tu na Reinharda Heydricha v&nbsp;\u00faryvkoch vybranej dobovej tla\u010de. In: PODOLAN, Peter (ed.). <em>Historia Nova 12<\/em>. Bratislava: Stimul, 2017, s. 88-97. ISBN 978-80-8127-186-1.<\/p>\n<p>VANEK, Peter. Dopady \u00fazemn\u00fdch zmien z&nbsp;roku 1938 na hospod\u00e1rstvo Slovenska. In: PODOLAN, Peter (ed.). <em>Historia Nova 12<\/em>. Bratislava: Stimul, 2017, s. 46-70. ISBN 978-80-8127-186-1.<\/p>\n<p>VOTRUBOV\u00c1, \u0160tefana. <em>\u017divena. Jej osudy a&nbsp;pr\u00e1ca. <\/em>Tur\u010diansky Sv. Martin: \u017divena, 1931, 348 s.<\/p>\n<p>WEISSENSTEINER, Friedrich. <em>Die grossen Herrscher des Hauses Habsburg. 700 Jahre europ\u00e4ische Geschichte<\/em>. M\u00fcnchen: Piper, 2007, 448 s. ISBN 978-3-492-24914-0.<\/p>\t\t\t\t\t\t\t\t<\/div>\n\t\t\t\t<\/div>\n\t\t\t\t\t<\/div>\n\t\t<\/div>\n\t\t\t\t\t<\/div>\n\t\t<\/section>\n\t\t\t\t\t<\/div>\n\t\t<\/div>\n\t\t\t\t\t<\/div>\n\t\t<\/section>\n\t\t\t\t<\/div>\n\t\t","protected":false},"excerpt":{"rendered":"<p>Kapitoly z dej\u00edn Slovenska 1740 \u2013 1945 Pramene a literat\u00fara N\u00e1rodn\u00ed archiv v Prahe, fond Zahrani\u010dn\u00ed \u00fa\u0159ad Berlin. Slovensk\u00fd n\u00e1rodn\u00fd arch\u00edv v Bratislave, fond Ministerstvo hospod\u00e1rstva. ARP\u00c1\u0160, R\u00f3bert. Od auton\u00f3mie k samostatnosti. In: \u0160MIGE\u013d, Michal \u2013 MI\u010cKO, Peter (eds.). Slovensk\u00e1 republika 1939 \u2013 1945 o\u010dami mlad\u00fdch historikov IV. Bansk\u00e1 Bystrica: Katedra hist\u00f3rie FF UMB a&nbsp;\u00dastav [&hellip;]<\/p>\n","protected":false},"author":3,"featured_media":0,"parent":0,"menu_order":0,"comment_status":"closed","ping_status":"closed","template":"","meta":{"footnotes":""},"class_list":["post-2090","page","type-page","status-publish","hentry"],"_links":{"self":[{"href":"https:\/\/e-ucebnice.ff.ucm.sk\/index.php\/wp-json\/wp\/v2\/pages\/2090","targetHints":{"allow":["GET"]}}],"collection":[{"href":"https:\/\/e-ucebnice.ff.ucm.sk\/index.php\/wp-json\/wp\/v2\/pages"}],"about":[{"href":"https:\/\/e-ucebnice.ff.ucm.sk\/index.php\/wp-json\/wp\/v2\/types\/page"}],"author":[{"embeddable":true,"href":"https:\/\/e-ucebnice.ff.ucm.sk\/index.php\/wp-json\/wp\/v2\/users\/3"}],"replies":[{"embeddable":true,"href":"https:\/\/e-ucebnice.ff.ucm.sk\/index.php\/wp-json\/wp\/v2\/comments?post=2090"}],"version-history":[{"count":13,"href":"https:\/\/e-ucebnice.ff.ucm.sk\/index.php\/wp-json\/wp\/v2\/pages\/2090\/revisions"}],"predecessor-version":[{"id":7963,"href":"https:\/\/e-ucebnice.ff.ucm.sk\/index.php\/wp-json\/wp\/v2\/pages\/2090\/revisions\/7963"}],"wp:attachment":[{"href":"https:\/\/e-ucebnice.ff.ucm.sk\/index.php\/wp-json\/wp\/v2\/media?parent=2090"}],"curies":[{"name":"wp","href":"https:\/\/api.w.org\/{rel}","templated":true}]}}