{"id":2177,"date":"2023-03-01T15:15:30","date_gmt":"2023-03-01T14:15:30","guid":{"rendered":"https:\/\/e-ucebnice.ff.ucm.sk\/?page_id=2177"},"modified":"2023-05-06T11:42:29","modified_gmt":"2023-05-06T09:42:29","slug":"kapitoly-z-dejin-slovenska-2-6","status":"publish","type":"page","link":"https:\/\/e-ucebnice.ff.ucm.sk\/index.php\/kapitoly-z-dejin-slovenska-2-6\/","title":{"rendered":"Kapitoly z dej\u00edn Slovenska-2-6"},"content":{"rendered":"\t\t<div data-elementor-type=\"wp-page\" data-elementor-id=\"2177\" class=\"elementor elementor-2177\" data-elementor-post-type=\"page\">\n\t\t\t\t\t\t<section class=\"elementor-section elementor-top-section elementor-element elementor-element-01dddfd elementor-section-height-min-height elementor-section-boxed elementor-section-height-default elementor-section-items-middle\" data-id=\"01dddfd\" data-element_type=\"section\" data-settings=\"{&quot;background_background&quot;:&quot;classic&quot;}\">\n\t\t\t\t\t\t\t<div class=\"elementor-background-overlay\"><\/div>\n\t\t\t\t\t\t\t<div class=\"elementor-container elementor-column-gap-default\">\n\t\t\t\t\t<div class=\"elementor-column elementor-col-100 elementor-top-column elementor-element elementor-element-563f7c1\" data-id=\"563f7c1\" data-element_type=\"column\">\n\t\t\t<div class=\"elementor-widget-wrap elementor-element-populated\">\n\t\t\t\t\t\t<div class=\"elementor-element elementor-element-befc536 elementor-widget elementor-widget-heading\" data-id=\"befc536\" data-element_type=\"widget\" data-widget_type=\"heading.default\">\n\t\t\t\t<div class=\"elementor-widget-container\">\n\t\t\t\t\t<h1 class=\"elementor-heading-title elementor-size-default\">Kapitoly z dej\u00edn Slovenska 1740 \u2013 1945<\/h1>\t\t\t\t<\/div>\n\t\t\t\t<\/div>\n\t\t\t\t\t<\/div>\n\t\t<\/div>\n\t\t\t\t\t<\/div>\n\t\t<\/section>\n\t\t\t\t<section class=\"elementor-section elementor-top-section elementor-element elementor-element-2858d6f elementor-section-boxed elementor-section-height-default elementor-section-height-default\" data-id=\"2858d6f\" data-element_type=\"section\">\n\t\t\t\t\t\t<div class=\"elementor-container elementor-column-gap-default\">\n\t\t\t\t\t<div class=\"elementor-column elementor-col-100 elementor-top-column elementor-element elementor-element-e63bd34\" data-id=\"e63bd34\" data-element_type=\"column\">\n\t\t\t<div class=\"elementor-widget-wrap elementor-element-populated\">\n\t\t\t\t\t\t<section class=\"elementor-section elementor-inner-section elementor-element elementor-element-0b79421 elementor-section-boxed elementor-section-height-default elementor-section-height-default\" data-id=\"0b79421\" data-element_type=\"section\">\n\t\t\t\t\t\t<div class=\"elementor-container elementor-column-gap-default\">\n\t\t\t\t\t<div class=\"elementor-column elementor-col-100 elementor-inner-column elementor-element elementor-element-bb0ded5\" data-id=\"bb0ded5\" data-element_type=\"column\">\n\t\t\t<div class=\"elementor-widget-wrap elementor-element-populated\">\n\t\t\t\t\t\t<div class=\"elementor-element elementor-element-759b076 elementor-widget elementor-widget-heading\" data-id=\"759b076\" data-element_type=\"widget\" data-widget_type=\"heading.default\">\n\t\t\t\t<div class=\"elementor-widget-container\">\n\t\t\t\t\t<h3 class=\"elementor-heading-title elementor-size-default\">Dopl\u0148uj\u00faca literat\u00fara: <\/h3>\t\t\t\t<\/div>\n\t\t\t\t<\/div>\n\t\t\t\t<div class=\"elementor-element elementor-element-5aa9d5d elementor-widget elementor-widget-text-editor\" data-id=\"5aa9d5d\" data-element_type=\"widget\" data-widget_type=\"text-editor.default\">\n\t\t\t\t<div class=\"elementor-widget-container\">\n\t\t\t\t\t\t\t\t\t<ol>\n \t<li>CZERNIN, Monika. <em>Der Kaiser reist inkognito. Joseph II. unterwegs im Europa der Aufkl\u00e4rung.<\/em> M\u00fcnchen: Penguin Verlag, 2021, 384 s. \u2013 Dielo rak\u00faskej autorky, ktor\u00e9 vy\u0161lo aj v\u00a0\u010deskom preklade (<em>Josef II. Podivuhodn\u00e9 cesty habsbursk\u00e9ho c\u00edsa\u0159e<\/em>) je obsahovo zameran\u00e9 na jednotliv\u00e9 cesty habsbursk\u00e9ho panovn\u00edka Jozefa II. v\u00a0r\u00e1mci Eur\u00f3py.<\/li>\n \t<li>FRAIS, Josef. <em>Reformy Marie Terezie a\u00a0Josefa II. Nejen v\u00a0\u010desk\u00fdch a\u00a0moravsk\u00fdch zem\u00edch<\/em>. T\u0159eb\u00ed\u010d: Akcent, 2005, 156 s. \u2013 Dielo sa okrem reformnej \u010dinnosti M\u00e1rie Ter\u00e9zie a\u00a0Jozefa II. zaober\u00e1 postupnou stabiliz\u00e1ciou habsburskej monarchie v\u00a0druhej polovici 18. storo\u010dia v\u00a0r\u00e1mci eur\u00f3pskej politiky.<\/li>\n<li>\nMAGENSCHAB, Hans. <em>Josef II. Revolutiona\u0308r von Gottes Gnaden<\/em>. Graz: Styria Verlag, 1989, 300 s. \u2013 Monografia od rak\u00faskeho autora, ktor\u00e1 vy\u0161la aj v\u00a0\u010deskom preklade (<em>Josef II. Revolucion\u00e1\u0159 z Bo\u017e\u00ed milosti<\/em>), opisuje mlados\u0165, vl\u00e1du a\u00a0jednotliv\u00e9 reformn\u00e9 opatrenia habsbursk\u00e9ho monarchu Jozefa II.<\/li><\/ol>\t\t\t\t\t\t\t\t<\/div>\n\t\t\t\t<\/div>\n\t\t\t\t\t<\/div>\n\t\t<\/div>\n\t\t\t\t\t<\/div>\n\t\t<\/section>\n\t\t\t\t\t<\/div>\n\t\t<\/div>\n\t\t\t\t\t<\/div>\n\t\t<\/section>\n\t\t\t\t<\/div>\n\t\t","protected":false},"excerpt":{"rendered":"<p>Kapitoly z dej\u00edn Slovenska 1740 \u2013 1945 Dopl\u0148uj\u00faca literat\u00fara: CZERNIN, Monika. Der Kaiser reist inkognito. Joseph II. unterwegs im Europa der Aufkl\u00e4rung. M\u00fcnchen: Penguin Verlag, 2021, 384 s. \u2013 Dielo rak\u00faskej autorky, ktor\u00e9 vy\u0161lo aj v\u00a0\u010deskom preklade (Josef II. Podivuhodn\u00e9 cesty habsbursk\u00e9ho c\u00edsa\u0159e) je obsahovo zameran\u00e9 na jednotliv\u00e9 cesty habsbursk\u00e9ho panovn\u00edka Jozefa II. v\u00a0r\u00e1mci Eur\u00f3py. [&hellip;]<\/p>\n","protected":false},"author":3,"featured_media":0,"parent":0,"menu_order":0,"comment_status":"closed","ping_status":"closed","template":"","meta":{"footnotes":""},"class_list":["post-2177","page","type-page","status-publish","hentry"],"_links":{"self":[{"href":"https:\/\/e-ucebnice.ff.ucm.sk\/index.php\/wp-json\/wp\/v2\/pages\/2177","targetHints":{"allow":["GET"]}}],"collection":[{"href":"https:\/\/e-ucebnice.ff.ucm.sk\/index.php\/wp-json\/wp\/v2\/pages"}],"about":[{"href":"https:\/\/e-ucebnice.ff.ucm.sk\/index.php\/wp-json\/wp\/v2\/types\/page"}],"author":[{"embeddable":true,"href":"https:\/\/e-ucebnice.ff.ucm.sk\/index.php\/wp-json\/wp\/v2\/users\/3"}],"replies":[{"embeddable":true,"href":"https:\/\/e-ucebnice.ff.ucm.sk\/index.php\/wp-json\/wp\/v2\/comments?post=2177"}],"version-history":[{"count":7,"href":"https:\/\/e-ucebnice.ff.ucm.sk\/index.php\/wp-json\/wp\/v2\/pages\/2177\/revisions"}],"predecessor-version":[{"id":7578,"href":"https:\/\/e-ucebnice.ff.ucm.sk\/index.php\/wp-json\/wp\/v2\/pages\/2177\/revisions\/7578"}],"wp:attachment":[{"href":"https:\/\/e-ucebnice.ff.ucm.sk\/index.php\/wp-json\/wp\/v2\/media?parent=2177"}],"curies":[{"name":"wp","href":"https:\/\/api.w.org\/{rel}","templated":true}]}}