{"id":2211,"date":"2023-03-01T18:34:51","date_gmt":"2023-03-01T17:34:51","guid":{"rendered":"https:\/\/e-ucebnice.ff.ucm.sk\/?page_id=2211"},"modified":"2023-05-05T13:08:58","modified_gmt":"2023-05-05T11:08:58","slug":"kapitoly-z-dejin-slovenska-3-3","status":"publish","type":"page","link":"https:\/\/e-ucebnice.ff.ucm.sk\/index.php\/kapitoly-z-dejin-slovenska-3-3\/","title":{"rendered":"Kapitoly z dej\u00edn Slovenska-3-3"},"content":{"rendered":"\t\t<div data-elementor-type=\"wp-page\" data-elementor-id=\"2211\" class=\"elementor elementor-2211\" data-elementor-post-type=\"page\">\n\t\t\t\t\t\t<section class=\"elementor-section elementor-top-section elementor-element elementor-element-01dddfd elementor-section-height-min-height elementor-section-boxed elementor-section-height-default elementor-section-items-middle\" data-id=\"01dddfd\" data-element_type=\"section\" data-settings=\"{&quot;background_background&quot;:&quot;classic&quot;}\">\n\t\t\t\t\t\t\t<div class=\"elementor-background-overlay\"><\/div>\n\t\t\t\t\t\t\t<div class=\"elementor-container elementor-column-gap-default\">\n\t\t\t\t\t<div class=\"elementor-column elementor-col-100 elementor-top-column elementor-element elementor-element-563f7c1\" data-id=\"563f7c1\" data-element_type=\"column\">\n\t\t\t<div class=\"elementor-widget-wrap elementor-element-populated\">\n\t\t\t\t\t\t<div class=\"elementor-element elementor-element-befc536 elementor-widget elementor-widget-heading\" data-id=\"befc536\" data-element_type=\"widget\" data-widget_type=\"heading.default\">\n\t\t\t\t<div class=\"elementor-widget-container\">\n\t\t\t\t\t<h1 class=\"elementor-heading-title elementor-size-default\">Kapitoly z dej\u00edn Slovenska 1740 \u2013 1945<\/h1>\t\t\t\t<\/div>\n\t\t\t\t<\/div>\n\t\t\t\t\t<\/div>\n\t\t<\/div>\n\t\t\t\t\t<\/div>\n\t\t<\/section>\n\t\t\t\t<section class=\"elementor-section elementor-top-section elementor-element elementor-element-2858d6f elementor-section-boxed elementor-section-height-default elementor-section-height-default\" data-id=\"2858d6f\" data-element_type=\"section\">\n\t\t\t\t\t\t<div class=\"elementor-container elementor-column-gap-default\">\n\t\t\t\t\t<div class=\"elementor-column elementor-col-100 elementor-top-column elementor-element elementor-element-e63bd34\" data-id=\"e63bd34\" data-element_type=\"column\">\n\t\t\t<div class=\"elementor-widget-wrap elementor-element-populated\">\n\t\t\t\t\t\t<section class=\"elementor-section elementor-inner-section elementor-element elementor-element-0b79421 elementor-section-boxed elementor-section-height-default elementor-section-height-default\" data-id=\"0b79421\" data-element_type=\"section\">\n\t\t\t\t\t\t<div class=\"elementor-container elementor-column-gap-default\">\n\t\t\t\t\t<div class=\"elementor-column elementor-col-100 elementor-inner-column elementor-element elementor-element-bb0ded5\" data-id=\"bb0ded5\" data-element_type=\"column\">\n\t\t\t<div class=\"elementor-widget-wrap elementor-element-populated\">\n\t\t\t\t\t\t<div class=\"elementor-element elementor-element-759b076 elementor-widget elementor-widget-heading\" data-id=\"759b076\" data-element_type=\"widget\" data-widget_type=\"heading.default\">\n\t\t\t\t<div class=\"elementor-widget-container\">\n\t\t\t\t\t<h3 class=\"elementor-heading-title elementor-size-default\">Dobov\u00e9 materi\u00e1ly a cit\u00e1ty:<\/h3>\t\t\t\t<\/div>\n\t\t\t\t<\/div>\n\t\t\t\t<div class=\"elementor-element elementor-element-5aa9d5d elementor-widget elementor-widget-text-editor\" data-id=\"5aa9d5d\" data-element_type=\"widget\" data-widget_type=\"text-editor.default\">\n\t\t\t\t<div class=\"elementor-widget-container\">\n\t\t\t\t\t\t\t\t\t<p style=\"text-align: justify;\">Z\u00e1konn\u00e9 \u010dl\u00e1nky 16 a 7 z&nbsp;rokov 1791 a\u017e 1792 t\u00fdkaj\u00face sa ma\u010farsk\u00e9ho jazyka:<\/p>\n<p style=\"text-align: justify;\"><em>\u201eZ\u00e1konn\u00fd \u010dl\u00e1nok 16<\/em><\/p>\n<p style=\"text-align: justify;\"><em>O&nbsp;neuveden\u00ed cudzieho jazyka do vybavovania verejn\u00fdch vec\u00ed a&nbsp;o&nbsp;zachovan\u00ed ma\u010far\u010diny\u201c<\/em><\/p>\n<p style=\"text-align: justify;\"><em>&nbsp;<\/em><\/p>\n<p style=\"text-align: justify;\"><em>\u201eJeho najsv\u00e4tej\u0161ie Veli\u010denstvo ubezpe\u010duje vern\u00e9 stavy a&nbsp;r\u00e1dy, \u017ee v&nbsp;\u017eiadnych verejn\u00fdch \u010dinnostiach nebude zaveden\u00fd cudz\u00ed jazyk. Aby sa v\u0161ak viac \u0161\u00edril a&nbsp;zu\u0161\u013each\u0165oval rodn\u00fd ma\u010farsk\u00fd jazyk, bude na gymn\u00e1zi\u00e1ch, akad\u00e9mi\u00e1ch a&nbsp;na uhorskej univerzite ustanoven\u00fd zvl\u00e1\u0161tny profesor ma\u010farsk\u00e9ho jazyka a&nbsp;slohu, aby t\u00ed, ktor\u00ed tento jazyk neovl\u00e1daj\u00fa a&nbsp;chc\u00fa sa ho nau\u010di\u0165 alebo u\u017e znal\u00ed tohto jazyka sa v&nbsp;\u0148om t\u00fa\u017eia zdokonali\u0165, v&nbsp;oboch pr\u00edpadoch na\u0161li pr\u00edle\u017eitos\u0165 na splnenie svojich \u017eelan\u00ed. Av\u0161ak prejedn\u00e1vanie krajinsk\u00fdch z\u00e1le\u017eitost\u00ed bude teraz e\u0161te prebieha\u0165 v&nbsp;latinskej re\u010di.\u201c <\/em><\/p>\n<p style=\"text-align: justify;\"><em>&nbsp;<\/em><\/p>\n<p style=\"text-align: justify;\"><em>\u201eZ\u00e1konn\u00fd \u010dl\u00e1nok 7<\/em><\/p>\n<p style=\"text-align: justify;\"><em>O&nbsp;\u0161t\u00fadiu a&nbsp;pou\u017e\u00edvan\u00ed ma\u010farsk\u00e9ho jazyka\u201c<\/em><\/p>\n<p style=\"text-align: justify;\"><em>&nbsp;<\/em><\/p>\n<p style=\"text-align: justify;\"><em>\u201eNa r\u00fdchlej\u0161ie dosiahnutie cie\u013ea \u010dl\u00e1nku 16\/1791 so s\u00fahlasom Jeho kr\u00e1\u013eovsk\u00e9ho Veli\u010denstva stavy a&nbsp;r\u00e1dy rozhoduj\u00fa, aby \u0161t\u00fadium ma\u010farsk\u00e9ho jazyka bolo v&nbsp;bud\u00facnosti v&nbsp;hraniciach tohto kr\u00e1\u013eovstva povinn\u00fdm predmetom, aby postupne t\u00fdmto sp\u00f4sobom zast\u00e1vali verejn\u00e9 \u00farady v&nbsp;r\u00e1mci kr\u00e1\u013eovstva iba tak\u00e9 osoby, ktor\u00e9 pri ostatn\u00fdch pr\u00e1voplatne ukon\u010den\u00fdch \u0161t\u00fadi\u00e1ch preuk\u00e1\u017eu svedectvom profesorov aj znalos\u0165 jazyka vlasti. Av\u0161ak v&nbsp;pripojen\u00fdch \u010dastiach (Sedmohradsko, Chorv\u00e1tsko, Vojensk\u00e1 hranica) nech zostane nepovinn\u00fdm predmetom. Cudzinci, ktor\u00ed prich\u00e1dzaj\u00fa na uhorsk\u00fa univerzitu alebo na akad\u00e9mie kv\u00f4li \u0161t\u00fadiu vied a&nbsp;nikdy sa nechc\u00fa usadi\u0165 v&nbsp;tomto kr\u00e1\u013eovstve, nech s\u00fa osloboden\u00ed od povinnosti u\u010di\u0165 sa ma\u010farsk\u00fd jazyk. <\/em><\/p>\n<p style=\"text-align: justify;\"><em>K&nbsp;po\u017eiadavke, nech kr\u00e1\u013eovsk\u00e1 miestodr\u017eite\u013esk\u00e1 rada t\u00fdm stoliciam, ktor\u00e9 predlo\u017eia svoje \u017eiadosti v&nbsp;ma\u010farskom jazyku, odpoved\u00e1 v&nbsp;t\u00fdch ist\u00fdch z\u00e1le\u017eitostiach po ma\u010farsky. Jeho najsv\u00e4tej\u0161ie Veli\u010denstvo milostivo nariadi, aby deput\u00e1cia, ktor\u00e1 bude pracova\u0165 na usporiadan\u00ed kr\u00e1\u013eovskej rady, zv\u00e1\u017eila a&nbsp;aby na nasleduj\u00facom sneme predniesla svoje stanovisko k&nbsp;tejto ot\u00e1zke. Deput\u00e1cia sa vyjadr\u00ed, ak\u00fdm sp\u00f4sobom by spomenut\u00e1 rada bola schopn\u00e1 odpoveda\u0165 v&nbsp;ma\u010farskom jazyku z\u00e1konn\u00fdm org\u00e1nom Uhorsk\u00e9ho kr\u00e1\u013eovstva p\u00ed\u0161ucim jej po ma\u010farsky v&nbsp;s\u00favislosti s&nbsp;miestnou spr\u00e1vou vykon\u00e1vanou v&nbsp;r\u00e1mci hran\u00edc krajiny, pod\u013ea princ\u00edpov jasne ur\u010den\u00fdch najsv\u00e4tej\u0161\u00edm Veli\u010denstvom v&nbsp;milostivom uznesen\u00ed adresovanom stavom a&nbsp;r\u00e1dom 22. j\u00fana.\u201c <\/em><\/p>\n<p style=\"text-align: justify;\"><strong>Zdroj:<\/strong> DVO\u0158\u00c1K, Pavel (ed.). <em>Pramene k&nbsp;dejin\u00e1m Slovenska a&nbsp;Slov\u00e1kov IX. Na prahu modernej doby: S\u00famrak stavovskej, \u00fasvit n\u00e1rodno-ob\u010dianskej spolo\u010dnosti<\/em>. Bratislava: Liter\u00e1rne informa\u010dn\u00e9 centrum, 2008, s. 108-109.<\/p>\t\t\t\t\t\t\t\t<\/div>\n\t\t\t\t<\/div>\n\t\t\t\t\t<\/div>\n\t\t<\/div>\n\t\t\t\t\t<\/div>\n\t\t<\/section>\n\t\t\t\t\t<\/div>\n\t\t<\/div>\n\t\t\t\t\t<\/div>\n\t\t<\/section>\n\t\t\t\t<\/div>\n\t\t","protected":false},"excerpt":{"rendered":"<p>Kapitoly z dej\u00edn Slovenska 1740 \u2013 1945 Dobov\u00e9 materi\u00e1ly a cit\u00e1ty: Z\u00e1konn\u00e9 \u010dl\u00e1nky 16 a 7 z&nbsp;rokov 1791 a\u017e 1792 t\u00fdkaj\u00face sa ma\u010farsk\u00e9ho jazyka: \u201eZ\u00e1konn\u00fd \u010dl\u00e1nok 16 O&nbsp;neuveden\u00ed cudzieho jazyka do vybavovania verejn\u00fdch vec\u00ed a&nbsp;o&nbsp;zachovan\u00ed ma\u010far\u010diny\u201c &nbsp; \u201eJeho najsv\u00e4tej\u0161ie Veli\u010denstvo ubezpe\u010duje vern\u00e9 stavy a&nbsp;r\u00e1dy, \u017ee v&nbsp;\u017eiadnych verejn\u00fdch \u010dinnostiach nebude zaveden\u00fd cudz\u00ed jazyk. Aby sa v\u0161ak [&hellip;]<\/p>\n","protected":false},"author":3,"featured_media":0,"parent":0,"menu_order":0,"comment_status":"closed","ping_status":"closed","template":"","meta":{"footnotes":""},"class_list":["post-2211","page","type-page","status-publish","hentry"],"_links":{"self":[{"href":"https:\/\/e-ucebnice.ff.ucm.sk\/index.php\/wp-json\/wp\/v2\/pages\/2211","targetHints":{"allow":["GET"]}}],"collection":[{"href":"https:\/\/e-ucebnice.ff.ucm.sk\/index.php\/wp-json\/wp\/v2\/pages"}],"about":[{"href":"https:\/\/e-ucebnice.ff.ucm.sk\/index.php\/wp-json\/wp\/v2\/types\/page"}],"author":[{"embeddable":true,"href":"https:\/\/e-ucebnice.ff.ucm.sk\/index.php\/wp-json\/wp\/v2\/users\/3"}],"replies":[{"embeddable":true,"href":"https:\/\/e-ucebnice.ff.ucm.sk\/index.php\/wp-json\/wp\/v2\/comments?post=2211"}],"version-history":[{"count":7,"href":"https:\/\/e-ucebnice.ff.ucm.sk\/index.php\/wp-json\/wp\/v2\/pages\/2211\/revisions"}],"predecessor-version":[{"id":7189,"href":"https:\/\/e-ucebnice.ff.ucm.sk\/index.php\/wp-json\/wp\/v2\/pages\/2211\/revisions\/7189"}],"wp:attachment":[{"href":"https:\/\/e-ucebnice.ff.ucm.sk\/index.php\/wp-json\/wp\/v2\/media?parent=2211"}],"curies":[{"name":"wp","href":"https:\/\/api.w.org\/{rel}","templated":true}]}}