{"id":2370,"date":"2023-03-02T07:29:02","date_gmt":"2023-03-02T06:29:02","guid":{"rendered":"https:\/\/e-ucebnice.ff.ucm.sk\/?page_id=2370"},"modified":"2023-03-02T09:46:45","modified_gmt":"2023-03-02T08:46:45","slug":"kapitoly-z-dejin-slovenska-6-6","status":"publish","type":"page","link":"https:\/\/e-ucebnice.ff.ucm.sk\/index.php\/kapitoly-z-dejin-slovenska-6-6\/","title":{"rendered":"Kapitoly z dej\u00edn Slovenska-6-6"},"content":{"rendered":"\t\t<div data-elementor-type=\"wp-page\" data-elementor-id=\"2370\" class=\"elementor elementor-2370\" data-elementor-post-type=\"page\">\n\t\t\t\t\t\t<section class=\"elementor-section elementor-top-section elementor-element elementor-element-1084eb0 elementor-section-height-min-height elementor-section-boxed elementor-section-height-default elementor-section-items-middle\" data-id=\"1084eb0\" data-element_type=\"section\" data-settings=\"{&quot;background_background&quot;:&quot;classic&quot;}\">\n\t\t\t\t\t\t\t<div class=\"elementor-background-overlay\"><\/div>\n\t\t\t\t\t\t\t<div class=\"elementor-container elementor-column-gap-default\">\n\t\t\t\t\t<div class=\"elementor-column elementor-col-100 elementor-top-column elementor-element elementor-element-0443812\" data-id=\"0443812\" data-element_type=\"column\">\n\t\t\t<div class=\"elementor-widget-wrap elementor-element-populated\">\n\t\t\t\t\t\t<div class=\"elementor-element elementor-element-6a5b956 elementor-widget elementor-widget-heading\" data-id=\"6a5b956\" data-element_type=\"widget\" data-widget_type=\"heading.default\">\n\t\t\t\t<div class=\"elementor-widget-container\">\n\t\t\t\t\t<h1 class=\"elementor-heading-title elementor-size-default\">Kapitoly z dej\u00edn Slovenska 1740 \u2013 1945<\/h1>\t\t\t\t<\/div>\n\t\t\t\t<\/div>\n\t\t\t\t\t<\/div>\n\t\t<\/div>\n\t\t\t\t\t<\/div>\n\t\t<\/section>\n\t\t\t\t<section class=\"elementor-section elementor-top-section elementor-element elementor-element-2858d6f elementor-section-boxed elementor-section-height-default elementor-section-height-default\" data-id=\"2858d6f\" data-element_type=\"section\">\n\t\t\t\t\t\t<div class=\"elementor-container elementor-column-gap-default\">\n\t\t\t\t\t<div class=\"elementor-column elementor-col-100 elementor-top-column elementor-element elementor-element-e63bd34\" data-id=\"e63bd34\" data-element_type=\"column\">\n\t\t\t<div class=\"elementor-widget-wrap elementor-element-populated\">\n\t\t\t\t\t\t<section class=\"elementor-section elementor-inner-section elementor-element elementor-element-0b79421 elementor-section-boxed elementor-section-height-default elementor-section-height-default\" data-id=\"0b79421\" data-element_type=\"section\">\n\t\t\t\t\t\t<div class=\"elementor-container elementor-column-gap-default\">\n\t\t\t\t\t<div class=\"elementor-column elementor-col-100 elementor-inner-column elementor-element elementor-element-bb0ded5\" data-id=\"bb0ded5\" data-element_type=\"column\">\n\t\t\t<div class=\"elementor-widget-wrap elementor-element-populated\">\n\t\t\t\t\t\t<div class=\"elementor-element elementor-element-759b076 elementor-widget elementor-widget-heading\" data-id=\"759b076\" data-element_type=\"widget\" data-widget_type=\"heading.default\">\n\t\t\t\t<div class=\"elementor-widget-container\">\n\t\t\t\t\t<h3 class=\"elementor-heading-title elementor-size-default\">Dopl\u0148uj\u00faca literat\u00fara:<\/h3>\t\t\t\t<\/div>\n\t\t\t\t<\/div>\n\t\t\t\t<div class=\"elementor-element elementor-element-5aa9d5d elementor-widget elementor-widget-text-editor\" data-id=\"5aa9d5d\" data-element_type=\"widget\" data-widget_type=\"text-editor.default\">\n\t\t\t\t<div class=\"elementor-widget-container\">\n\t\t\t\t\t\t\t\t\t<ol><li style=\"text-align: justify;\">KODAJOV\u00c1, Daniela a\u00a0kol. <em>\u017divena. 150 rokov spolku slovensk\u00fdch \u017eien. <\/em>Bratislava: Slovart, 2019, 303 s. \u2013 Pr\u00e1ca prostredn\u00edctvom odborn\u00fdch \u0161t\u00fadi\u00ed mapuje \u010dinnos\u0165 <em>\u017diveny<\/em> od jej vzniku a\u017e po s\u00fa\u010dasnos\u0165. Pomerne detailne pribli\u017euje okolnosti jej vzniku, ideol\u00f3giu, vzdel\u00e1vaciu, publika\u010dn\u00fa a\u00a0vydavate\u013esk\u00fa \u010dinnos\u0165 a\u00a0anga\u017eovanie sa v\u00a0soci\u00e1lnej a\u00a0zdravotnej oblasti v\u00a0priebehu 150 rokov jej existencie. Pr\u00e1ca predstavuje prv\u00e9 s\u00fahrnn\u00e9 dielo o\u00a0prvom spolku slovensk\u00fdch \u017eien.<\/li><li style=\"text-align: justify;\">M\u00c9TEJ, Jozef. <em>Kapitoly z\u00a0dej\u00edn slovensk\u00e9ho \u0161kolstva a\u00a0pedagogiky (19. a\u00a020. storo\u010die). Vysoko\u0161kolsk\u00e9 skript\u00e1. <\/em>Bratislava: Univerzita Komensk\u00e9ho v\u00a0Bratislave, 1972, 148 s. \u2013 Pr\u00e1ca podrobne zachyt\u00e1va okolnosti vzniku, existencie a\u00a0z\u00e1niku troch mati\u010dn\u00fdch gymn\u00e1zi\u00ed. Pribli\u017euje ich hist\u00f3riu, u\u010debn\u00e9 pl\u00e1ny i\u00a0osobnosti, ktor\u00e9 na nich \u0161tudovali a\u00a0nesk\u00f4r v\u00fdznamne zasiahli do dejinn\u00e9ho v\u00fdvoja. Zauj\u00edmavos\u0165ou s\u00fa stru\u010dn\u00e9 \u017eivotopisn\u00e9 medail\u00f3ny v\u00fdznamn\u00fdch profesorov, ktor\u00ed v\u00a0\u0161kol\u00e1ch p\u00f4sobili. Autor sa tie\u017e venuje t\u00e9me zalo\u017eenia slovensk\u00e9ho gymn\u00e1zia v\u00a0rokoch 1875 \u2013 1918, \u010do odkazuje na skuto\u010dnos\u0165, \u017ee snaha o\u00a0slovensk\u00e9 \u0161koly ani po zru\u0161en\u00ed patron\u00e1tnych gymn\u00e1zi\u00ed neust\u00e1la.<\/li><\/ol>\t\t\t\t\t\t\t\t<\/div>\n\t\t\t\t<\/div>\n\t\t\t\t\t<\/div>\n\t\t<\/div>\n\t\t\t\t\t<\/div>\n\t\t<\/section>\n\t\t\t\t\t<\/div>\n\t\t<\/div>\n\t\t\t\t\t<\/div>\n\t\t<\/section>\n\t\t\t\t<\/div>\n\t\t","protected":false},"excerpt":{"rendered":"<p>Kapitoly z dej\u00edn Slovenska 1740 \u2013 1945 Dopl\u0148uj\u00faca literat\u00fara: KODAJOV\u00c1, Daniela a\u00a0kol. \u017divena. 150 rokov spolku slovensk\u00fdch \u017eien. Bratislava: Slovart, 2019, 303 s. \u2013 Pr\u00e1ca prostredn\u00edctvom odborn\u00fdch \u0161t\u00fadi\u00ed mapuje \u010dinnos\u0165 \u017diveny od jej vzniku a\u017e po s\u00fa\u010dasnos\u0165. Pomerne detailne pribli\u017euje okolnosti jej vzniku, ideol\u00f3giu, vzdel\u00e1vaciu, publika\u010dn\u00fa a\u00a0vydavate\u013esk\u00fa \u010dinnos\u0165 a\u00a0anga\u017eovanie sa v\u00a0soci\u00e1lnej a\u00a0zdravotnej oblasti v\u00a0priebehu 150 [&hellip;]<\/p>\n","protected":false},"author":3,"featured_media":0,"parent":0,"menu_order":0,"comment_status":"closed","ping_status":"closed","template":"","meta":{"footnotes":""},"class_list":["post-2370","page","type-page","status-publish","hentry"],"_links":{"self":[{"href":"https:\/\/e-ucebnice.ff.ucm.sk\/index.php\/wp-json\/wp\/v2\/pages\/2370","targetHints":{"allow":["GET"]}}],"collection":[{"href":"https:\/\/e-ucebnice.ff.ucm.sk\/index.php\/wp-json\/wp\/v2\/pages"}],"about":[{"href":"https:\/\/e-ucebnice.ff.ucm.sk\/index.php\/wp-json\/wp\/v2\/types\/page"}],"author":[{"embeddable":true,"href":"https:\/\/e-ucebnice.ff.ucm.sk\/index.php\/wp-json\/wp\/v2\/users\/3"}],"replies":[{"embeddable":true,"href":"https:\/\/e-ucebnice.ff.ucm.sk\/index.php\/wp-json\/wp\/v2\/comments?post=2370"}],"version-history":[{"count":4,"href":"https:\/\/e-ucebnice.ff.ucm.sk\/index.php\/wp-json\/wp\/v2\/pages\/2370\/revisions"}],"predecessor-version":[{"id":2466,"href":"https:\/\/e-ucebnice.ff.ucm.sk\/index.php\/wp-json\/wp\/v2\/pages\/2370\/revisions\/2466"}],"wp:attachment":[{"href":"https:\/\/e-ucebnice.ff.ucm.sk\/index.php\/wp-json\/wp\/v2\/media?parent=2370"}],"curies":[{"name":"wp","href":"https:\/\/api.w.org\/{rel}","templated":true}]}}