{"id":2376,"date":"2023-03-02T07:31:05","date_gmt":"2023-03-02T06:31:05","guid":{"rendered":"https:\/\/e-ucebnice.ff.ucm.sk\/?page_id=2376"},"modified":"2023-03-02T09:24:02","modified_gmt":"2023-03-02T08:24:02","slug":"kapitoly-z-dejin-slovenska-6-2-3","status":"publish","type":"page","link":"https:\/\/e-ucebnice.ff.ucm.sk\/index.php\/kapitoly-z-dejin-slovenska-6-2-3\/","title":{"rendered":"Kapitoly z dej\u00edn Slovenska-6-2-3"},"content":{"rendered":"\t\t<div data-elementor-type=\"wp-page\" data-elementor-id=\"2376\" class=\"elementor elementor-2376\" data-elementor-post-type=\"page\">\n\t\t\t\t\t\t<section class=\"elementor-section elementor-top-section elementor-element elementor-element-1084eb0 elementor-section-height-min-height elementor-section-boxed elementor-section-height-default elementor-section-items-middle\" data-id=\"1084eb0\" data-element_type=\"section\" data-settings=\"{&quot;background_background&quot;:&quot;classic&quot;}\">\n\t\t\t\t\t\t\t<div class=\"elementor-background-overlay\"><\/div>\n\t\t\t\t\t\t\t<div class=\"elementor-container elementor-column-gap-default\">\n\t\t\t\t\t<div class=\"elementor-column elementor-col-100 elementor-top-column elementor-element elementor-element-0443812\" data-id=\"0443812\" data-element_type=\"column\">\n\t\t\t<div class=\"elementor-widget-wrap elementor-element-populated\">\n\t\t\t\t\t\t<div class=\"elementor-element elementor-element-6a5b956 elementor-widget elementor-widget-heading\" data-id=\"6a5b956\" data-element_type=\"widget\" data-widget_type=\"heading.default\">\n\t\t\t\t<div class=\"elementor-widget-container\">\n\t\t\t\t\t<h1 class=\"elementor-heading-title elementor-size-default\">Kapitoly z dej\u00edn Slovenska 1740 \u2013 1945<\/h1>\t\t\t\t<\/div>\n\t\t\t\t<\/div>\n\t\t\t\t\t<\/div>\n\t\t<\/div>\n\t\t\t\t\t<\/div>\n\t\t<\/section>\n\t\t\t\t<section class=\"elementor-section elementor-top-section elementor-element elementor-element-2858d6f elementor-section-boxed elementor-section-height-default elementor-section-height-default\" data-id=\"2858d6f\" data-element_type=\"section\">\n\t\t\t\t\t\t<div class=\"elementor-container elementor-column-gap-default\">\n\t\t\t\t\t<div class=\"elementor-column elementor-col-100 elementor-top-column elementor-element elementor-element-e63bd34\" data-id=\"e63bd34\" data-element_type=\"column\">\n\t\t\t<div class=\"elementor-widget-wrap elementor-element-populated\">\n\t\t\t\t\t\t<section class=\"elementor-section elementor-inner-section elementor-element elementor-element-0b79421 elementor-section-boxed elementor-section-height-default elementor-section-height-default\" data-id=\"0b79421\" data-element_type=\"section\">\n\t\t\t\t\t\t<div class=\"elementor-container elementor-column-gap-default\">\n\t\t\t\t\t<div class=\"elementor-column elementor-col-100 elementor-inner-column elementor-element elementor-element-bb0ded5\" data-id=\"bb0ded5\" data-element_type=\"column\">\n\t\t\t<div class=\"elementor-widget-wrap elementor-element-populated\">\n\t\t\t\t\t\t<div class=\"elementor-element elementor-element-759b076 elementor-widget elementor-widget-heading\" data-id=\"759b076\" data-element_type=\"widget\" data-widget_type=\"heading.default\">\n\t\t\t\t<div class=\"elementor-widget-container\">\n\t\t\t\t\t<h3 class=\"elementor-heading-title elementor-size-default\">Spolok milovn\u00edkov re\u010di a literat\u00fary slovenskej (1834 \u2013 1850)<\/h3>\t\t\t\t<\/div>\n\t\t\t\t<\/div>\n\t\t\t\t<div class=\"elementor-element elementor-element-5aa9d5d elementor-widget elementor-widget-text-editor\" data-id=\"5aa9d5d\" data-element_type=\"widget\" data-widget_type=\"text-editor.default\">\n\t\t\t\t<div class=\"elementor-widget-container\">\n\t\t\t\t\t\t\t\t\t<p style=\"text-align: justify;\">Pribli\u017ene desa\u0165ro\u010dn\u00e1 snaha Martina Hamuliaka, po\u010das ktorej sa anga\u017eoval v\u00a0oblasti rozvoja slovenskej kult\u00fary a\u00a0rie\u0161enia k\u013e\u00fa\u010dov\u00fdch ot\u00e1zok slovensk\u00e9ho n\u00e1rodn\u00e9ho hnutia, vyvrcholila na prelome j\u00fala a augusta 1834 zalo\u017een\u00edm <em>Spolku milovn\u00edkov re\u010di a\u00a0literat\u00fary slovenskej<\/em> v\u00a0Bud\u00edne. Stanovy spolku boli podp\u00edsan\u00e9 1. augusta 1834. Jeho prv\u00fdm predsedom sa stal z\u00e1stupca evanjelikov J\u00e1n Koll\u00e1r a\u00a0tajomn\u00edkom z\u00e1stupca katol\u00edkov Martin Hamuliak.<\/p><p style=\"text-align: justify;\">Jedn\u00fdm z\u00a0podnetov na jeho zalo\u017eenie bola skuto\u010dnos\u0165, \u017ee ma\u010farsk\u00e9 jazykov\u00e9 a\u00a0liter\u00e1rne vzdel\u00e1vanie bolo realizovan\u00e9 okrem in\u00e9ho prostredn\u00edctvom vyd\u00e1vania almanachu (liter\u00e1rny zborn\u00edk vych\u00e1dzaj\u00faci v\u00e4\u010d\u0161inou raz ro\u010dne). Pod\u013ea tohto vzoru sa teda aj Slov\u00e1ci chceli sna\u017ei\u0165 podporova\u0165 materinsk\u00fd jazyk pomocou almanachu. Na pr\u00edpravn\u00fdch stretnutiach e\u0161te pred ofici\u00e1lnym zalo\u017een\u00edm spolku sa jeho bud\u00faci \u010dlenovia dohodli, \u017ee od nov\u00e9ho roku za\u010dn\u00fa vyd\u00e1va\u0165 liter\u00e1rny almanach <em>Zora<\/em>.<\/p><p style=\"text-align: justify;\">Spolok si kl\u00e1dol za cie\u013e povznies\u0165 slovensk\u00fa re\u010d a\u00a0literat\u00faru a\u00a0vzdel\u00e1va\u0165 v\u00a0nej \u013eud\u00ed. Jeho aktivity sa s\u00fastredili na pestovanie materinskej re\u010di a\u00a0tie\u017e na podporu spolupr\u00e1ce mladobernol\u00e1kovcov a\u00a0priaznivcov \u010de\u0161tiny, medzi ktor\u00fdmi panovali n\u00e1zorov\u00e9 rozdiely v\u00a0ch\u00e1pan\u00ed slovensk\u00e9ho n\u00e1roda. Chcel reprezentova\u0165 z\u00e1ujmy v\u0161etk\u00fdch Slov\u00e1kov. Tento ce\u013e sa nakoniec naplni\u0165 nepodarilo, preto\u017ee n\u00e1zorov\u00e9 rozdiely medzi evanjelikmi a\u00a0katol\u00edkmi boli pr\u00edli\u0161 markantn\u00e9. Skupina evanjelikov okolo J\u00e1na Koll\u00e1ra spolok po roku opustila. Almanach <em>Zora, <\/em>ktor\u00fd mal vych\u00e1dza\u0165 raz ro\u010dne, v\u0161ak prezentoval pr\u00edspevky od autorov z\u00a0oboch konfesijn\u00fdch t\u00e1borov. Napokon v\u0161ak vy\u0161li iba \u0161tyri zv\u00e4zky; v\u00a0rokoch 1835, 1836, 1839 a\u00a01840. Prispievate\u013emi almanachu sa stali v\u00fdznamn\u00ed slovensk\u00ed vzdelanci a\u00a0liter\u00e1ti, napr\u00edklad J\u00e1n Holl\u00fd, Karol Kuzm\u00e1ny \u010di Michal Godra. Ke\u010f\u017ee spolok, rovnako ako mnoh\u00e9 in\u00e9, nebol \u00faradne potvrden\u00fd, jeho \u010dinnos\u0165 bola financovan\u00e1 z\u00a0\u00fa\u010dastin\u00e1rskych vkladov, ktor\u00e9 boli obmedzen\u00e9 mo\u017enos\u0165ami jednotlivcov.<\/p><p style=\"text-align: justify;\"><em>Spolok milovn\u00edkov re\u010di a\u00a0literat\u00fary slovenskej<\/em> ako prv\u00fd nadkonfesijn\u00fd slovensk\u00fd liter\u00e1rny spolok zohral v\u00a0kult\u00farno-n\u00e1rodnom v\u00fdvine 30. a\u00a040. rokov v\u00fdznamn\u00fa \u00falohu. Mal v\u00fdrazn\u00fd podiel na stme\u013eovan\u00ed slovensk\u00fdch n\u00e1rodn\u00fdch s\u00edl a\u00a0na rozvoji liter\u00e1rneho \u017eivota. V\u00a040. rokoch za\u010dala jeho aktivita postupne upada\u0165 a\u00a0v\u00a0roku 1850 ho Martin Hamuliak ofici\u00e1lne rozpustil.<\/p>\t\t\t\t\t\t\t\t<\/div>\n\t\t\t\t<\/div>\n\t\t\t\t\t<\/div>\n\t\t<\/div>\n\t\t\t\t\t<\/div>\n\t\t<\/section>\n\t\t\t\t\t<\/div>\n\t\t<\/div>\n\t\t\t\t\t<\/div>\n\t\t<\/section>\n\t\t\t\t<\/div>\n\t\t","protected":false},"excerpt":{"rendered":"<p>Kapitoly z dej\u00edn Slovenska 1740 \u2013 1945 Spolok milovn\u00edkov re\u010di a literat\u00fary slovenskej (1834 \u2013 1850) Pribli\u017ene desa\u0165ro\u010dn\u00e1 snaha Martina Hamuliaka, po\u010das ktorej sa anga\u017eoval v\u00a0oblasti rozvoja slovenskej kult\u00fary a\u00a0rie\u0161enia k\u013e\u00fa\u010dov\u00fdch ot\u00e1zok slovensk\u00e9ho n\u00e1rodn\u00e9ho hnutia, vyvrcholila na prelome j\u00fala a augusta 1834 zalo\u017een\u00edm Spolku milovn\u00edkov re\u010di a\u00a0literat\u00fary slovenskej v\u00a0Bud\u00edne. Stanovy spolku boli podp\u00edsan\u00e9 1. augusta [&hellip;]<\/p>\n","protected":false},"author":3,"featured_media":0,"parent":0,"menu_order":0,"comment_status":"closed","ping_status":"closed","template":"","meta":{"footnotes":""},"class_list":["post-2376","page","type-page","status-publish","hentry"],"_links":{"self":[{"href":"https:\/\/e-ucebnice.ff.ucm.sk\/index.php\/wp-json\/wp\/v2\/pages\/2376","targetHints":{"allow":["GET"]}}],"collection":[{"href":"https:\/\/e-ucebnice.ff.ucm.sk\/index.php\/wp-json\/wp\/v2\/pages"}],"about":[{"href":"https:\/\/e-ucebnice.ff.ucm.sk\/index.php\/wp-json\/wp\/v2\/types\/page"}],"author":[{"embeddable":true,"href":"https:\/\/e-ucebnice.ff.ucm.sk\/index.php\/wp-json\/wp\/v2\/users\/3"}],"replies":[{"embeddable":true,"href":"https:\/\/e-ucebnice.ff.ucm.sk\/index.php\/wp-json\/wp\/v2\/comments?post=2376"}],"version-history":[{"count":4,"href":"https:\/\/e-ucebnice.ff.ucm.sk\/index.php\/wp-json\/wp\/v2\/pages\/2376\/revisions"}],"predecessor-version":[{"id":2433,"href":"https:\/\/e-ucebnice.ff.ucm.sk\/index.php\/wp-json\/wp\/v2\/pages\/2376\/revisions\/2433"}],"wp:attachment":[{"href":"https:\/\/e-ucebnice.ff.ucm.sk\/index.php\/wp-json\/wp\/v2\/media?parent=2376"}],"curies":[{"name":"wp","href":"https:\/\/api.w.org\/{rel}","templated":true}]}}