{"id":2382,"date":"2023-03-02T07:32:27","date_gmt":"2023-03-02T06:32:27","guid":{"rendered":"https:\/\/e-ucebnice.ff.ucm.sk\/?page_id=2382"},"modified":"2023-03-02T09:32:40","modified_gmt":"2023-03-02T08:32:40","slug":"kapitoly-z-dejin-slovenska-6-2-6","status":"publish","type":"page","link":"https:\/\/e-ucebnice.ff.ucm.sk\/index.php\/kapitoly-z-dejin-slovenska-6-2-6\/","title":{"rendered":"Kapitoly z dej\u00edn Slovenska-6-2-6"},"content":{"rendered":"\t\t<div data-elementor-type=\"wp-page\" data-elementor-id=\"2382\" class=\"elementor elementor-2382\" data-elementor-post-type=\"page\">\n\t\t\t\t\t\t<section class=\"elementor-section elementor-top-section elementor-element elementor-element-1084eb0 elementor-section-height-min-height elementor-section-boxed elementor-section-height-default elementor-section-items-middle\" data-id=\"1084eb0\" data-element_type=\"section\" data-settings=\"{&quot;background_background&quot;:&quot;classic&quot;}\">\n\t\t\t\t\t\t\t<div class=\"elementor-background-overlay\"><\/div>\n\t\t\t\t\t\t\t<div class=\"elementor-container elementor-column-gap-default\">\n\t\t\t\t\t<div class=\"elementor-column elementor-col-100 elementor-top-column elementor-element elementor-element-0443812\" data-id=\"0443812\" data-element_type=\"column\">\n\t\t\t<div class=\"elementor-widget-wrap elementor-element-populated\">\n\t\t\t\t\t\t<div class=\"elementor-element elementor-element-6a5b956 elementor-widget elementor-widget-heading\" data-id=\"6a5b956\" data-element_type=\"widget\" data-widget_type=\"heading.default\">\n\t\t\t\t<div class=\"elementor-widget-container\">\n\t\t\t\t\t<h1 class=\"elementor-heading-title elementor-size-default\">Kapitoly z dej\u00edn Slovenska 1740 \u2013 1945<\/h1>\t\t\t\t<\/div>\n\t\t\t\t<\/div>\n\t\t\t\t\t<\/div>\n\t\t<\/div>\n\t\t\t\t\t<\/div>\n\t\t<\/section>\n\t\t\t\t<section class=\"elementor-section elementor-top-section elementor-element elementor-element-2858d6f elementor-section-boxed elementor-section-height-default elementor-section-height-default\" data-id=\"2858d6f\" data-element_type=\"section\">\n\t\t\t\t\t\t<div class=\"elementor-container elementor-column-gap-default\">\n\t\t\t\t\t<div class=\"elementor-column elementor-col-100 elementor-top-column elementor-element elementor-element-e63bd34\" data-id=\"e63bd34\" data-element_type=\"column\">\n\t\t\t<div class=\"elementor-widget-wrap elementor-element-populated\">\n\t\t\t\t\t\t<section class=\"elementor-section elementor-inner-section elementor-element elementor-element-0b79421 elementor-section-boxed elementor-section-height-default elementor-section-height-default\" data-id=\"0b79421\" data-element_type=\"section\">\n\t\t\t\t\t\t<div class=\"elementor-container elementor-column-gap-default\">\n\t\t\t\t\t<div class=\"elementor-column elementor-col-100 elementor-inner-column elementor-element elementor-element-bb0ded5\" data-id=\"bb0ded5\" data-element_type=\"column\">\n\t\t\t<div class=\"elementor-widget-wrap elementor-element-populated\">\n\t\t\t\t\t\t<div class=\"elementor-element elementor-element-759b076 elementor-widget elementor-widget-heading\" data-id=\"759b076\" data-element_type=\"widget\" data-widget_type=\"heading.default\">\n\t\t\t\t<div class=\"elementor-widget-container\">\n\t\t\t\t\t<h3 class=\"elementor-heading-title elementor-size-default\">Tatr\u00edn (1844 \u2013 1848)<\/h3>\t\t\t\t<\/div>\n\t\t\t\t<\/div>\n\t\t\t\t<div class=\"elementor-element elementor-element-5aa9d5d elementor-widget elementor-widget-text-editor\" data-id=\"5aa9d5d\" data-element_type=\"widget\" data-widget_type=\"text-editor.default\">\n\t\t\t\t<div class=\"elementor-widget-container\">\n\t\t\t\t\t\t\t\t\t<p style=\"text-align: justify;\">Celon\u00e1rodn\u00fd kult\u00farny spolok <em>Tatr\u00edn<\/em> bol zalo\u017een\u00fd 26. \u2013 28. augusta 1844 a\u00a0hoci nebol nikdy \u00faradne potvrden\u00fd, na poli n\u00e1rodno-emancipa\u010dn\u00e9ho hnutia zohral v\u00fdznamn\u00fa \u00falohu. Mo\u017eno poveda\u0165, \u017ee spolok vznikol z\u00a0iniciat\u00edvy \u013dudov\u00edta \u0160t\u00fara a\u00a0jeho prv\u00fdm predsedom sa stal Michal Miloslav Hod\u017ea. Spolok reprezentoval <em>\u201ejednotu milovn\u00edkov n\u00e1roda a\u00a0\u017eivota slovensk\u00e9ho\u201c<\/em> bez <em>\u201ev\u0161etk\u00fdch oh\u013eadov na n\u00e1bo\u017eensk\u00e9 vyznanie, stav a\u00a0in\u00e9 str\u00e1nky \u017eivota a\u00a0rozdielnosti \u013eudsk\u00e9\u201c<\/em>, pri\u010dom \u0160t\u00far zd\u00f4raz\u0148oval my\u0161lienku pospolitosti. Pr\u00e1ve pospolitos\u0165 a\u00a0celon\u00e1rodn\u00fd charakter boli t\u00fdm, \u010do odli\u0161ovalo <em>Tatr\u00edn<\/em> od predch\u00e1dzaj\u00facich u\u010den\u00fdch spolo\u010dnost\u00ed.<\/p><p style=\"text-align: justify;\">Spolok si kl\u00e1dol za cie\u013e vyd\u00e1va\u0165 a\u00a0roz\u0161irova\u0165 knihy, najm\u00e4 u\u010debnice, \u0161labik\u00e1re a\u00a0\u010d\u00edtanky, ktor\u00e9 by napom\u00e1hali pozdvihova\u0165 vzdelanostn\u00fa \u00farove\u0148 slovenskej ml\u00e1de\u017ee pou\u010dn\u00fdm i\u00a0z\u00e1bavn\u00fdm sp\u00f4sobom, \u010d\u00edm podporoval aktivity \u0161t\u00farovcov via\u017euce sa okrem in\u00e9ho k\u00a0nede\u013en\u00fdm \u0161kol\u00e1m. Okrem toho vyd\u00e1val inon\u00e1rodn\u00e9 spisy \u010di vedeck\u00e9 pr\u00e1ce. Ako pr\u00edklad mo\u017eno uvies\u0165 vydanie \u0160t\u00farovej pr\u00e1ce <em>Nauka re\u010di slovenskej, <\/em>v ktorej sa v\u00a0spisovnej podobne sloven\u010diny zakorenila stredosloven\u010dina. Mnoh\u00e9 amb\u00edcie v\u00a0oblasti vzdel\u00e1vania ml\u00e1de\u017ee sa ale spolku naplni\u0165 nepodarilo \u2013 encyklop\u00e9dia pre me\u0161tianske \u0161koly a\u00a0metodika k\u00a0nej za kr\u00e1tke obdobie \u010dinnosti spolku vyjs\u0165 nestihla; rovnako to bolo aj s\u00a0\u010dasopisom, ktor\u00fd jeho \u010dlenovia pl\u00e1novali vyd\u00e1va\u0165.<\/p><p style=\"text-align: justify;\">K\u00a0\u010fal\u0161\u00edm aktivit\u00e1m <em>Tatr\u00edna<\/em> patr\u00ed napr\u00edklad zakladanie, roz\u0161irovanie a\u00a0podpora spolkov striezlivosti, podporovanie slovenskej ml\u00e1de\u017ee po\u010das \u0161t\u00fadia doma i\u00a0v\u00a0zahrani\u010d\u00ed \u010di zberate\u013esk\u00e1 a\u00a0z\u00e1chrann\u00e1 iniciat\u00edva t\u00fdkaj\u00faca sa star\u0161\u00edch slovensk\u00fdch kult\u00farnych pamiatok i p\u00edsomnost\u00ed. \u010clenovia spolku boli vyz\u00fdvan\u00ed, aby zbierali staro\u017eitnosti, spievanky, porekadl\u00e1 a\u00a0h\u00e1danky, povesti, zvyky, oby\u010daje, hry a\u00a0kroje, aj v\u00fdsady, pr\u00e1va a\u00a0privil\u00e9gi\u00e1, z\u00a0ktor\u00fdch vytv\u00e1rali zbierky reprezentuj\u00face Slovensko a\u00a0Slov\u00e1kov.<\/p><p style=\"text-align: justify;\">Spolok predstavoval centrum slovenskej kult\u00fary, v\u00a0ktorom postupne vznikal priestor na zjednotenie v\u0161etk\u00fdch vzdelancov hl\u00e1siacich sa k\u00a0idei n\u00e1rodnej samostatnosti (bez oh\u013eadu na konfesiu) a\u00a0pou\u017e\u00edvaj\u00facich sloven\u010dinu ako spisovn\u00fd jazyk. Predstavite\u013eom a\u00a0\u010dlenom spolku sa teda podarilo to, \u010do sa nepodarilo mnoh\u00fdm predt\u00fdm \u2013 zjednoti\u0165 katol\u00edcke a\u00a0evanjelick\u00e9 kr\u00eddlo slovenskej spolo\u010dnosti, ktor\u00e9 na n\u00e1rodno-emancipa\u010dnom poli bojovali u\u017e nieko\u013eko desa\u0165ro\u010d\u00ed, no doposia\u013e nena\u0161li spolo\u010dn\u00fa re\u010d. Spolok toti\u017e fungoval pod\u013ea vy\u0161\u0161ie zmienenej z\u00e1sady, ktor\u00e1 vylu\u010dovala n\u00e1bo\u017eensk\u00fa ot\u00e1zku. Svoju \u0161tvorro\u010dn\u00fa ileg\u00e1lnu \u010dinnos\u0165 zav\u0155\u0161il <em>Tatr\u00edn<\/em> v\u00a0roku 1848 vydan\u00edm <em>\u017diadost\u00ed slovensk\u00e9ho n\u00e1roda <\/em>v\u00a0n\u00e1klade 5 000 kusov<em>, <\/em>ktor\u00e9 sa stali impulzom pre celoslovensk\u00fd boj za n\u00e1rodn\u00e9 a\u00a0soci\u00e1lne pr\u00e1va.<\/p>\t\t\t\t\t\t\t\t<\/div>\n\t\t\t\t<\/div>\n\t\t\t\t\t<\/div>\n\t\t<\/div>\n\t\t\t\t\t<\/div>\n\t\t<\/section>\n\t\t\t\t\t<\/div>\n\t\t<\/div>\n\t\t\t\t\t<\/div>\n\t\t<\/section>\n\t\t\t\t<\/div>\n\t\t","protected":false},"excerpt":{"rendered":"<p>Kapitoly z dej\u00edn Slovenska 1740 \u2013 1945 Tatr\u00edn (1844 \u2013 1848) Celon\u00e1rodn\u00fd kult\u00farny spolok Tatr\u00edn bol zalo\u017een\u00fd 26. \u2013 28. augusta 1844 a\u00a0hoci nebol nikdy \u00faradne potvrden\u00fd, na poli n\u00e1rodno-emancipa\u010dn\u00e9ho hnutia zohral v\u00fdznamn\u00fa \u00falohu. Mo\u017eno poveda\u0165, \u017ee spolok vznikol z\u00a0iniciat\u00edvy \u013dudov\u00edta \u0160t\u00fara a\u00a0jeho prv\u00fdm predsedom sa stal Michal Miloslav Hod\u017ea. Spolok reprezentoval \u201ejednotu milovn\u00edkov n\u00e1roda [&hellip;]<\/p>\n","protected":false},"author":3,"featured_media":0,"parent":0,"menu_order":0,"comment_status":"closed","ping_status":"closed","template":"","meta":{"footnotes":""},"class_list":["post-2382","page","type-page","status-publish","hentry"],"_links":{"self":[{"href":"https:\/\/e-ucebnice.ff.ucm.sk\/index.php\/wp-json\/wp\/v2\/pages\/2382","targetHints":{"allow":["GET"]}}],"collection":[{"href":"https:\/\/e-ucebnice.ff.ucm.sk\/index.php\/wp-json\/wp\/v2\/pages"}],"about":[{"href":"https:\/\/e-ucebnice.ff.ucm.sk\/index.php\/wp-json\/wp\/v2\/types\/page"}],"author":[{"embeddable":true,"href":"https:\/\/e-ucebnice.ff.ucm.sk\/index.php\/wp-json\/wp\/v2\/users\/3"}],"replies":[{"embeddable":true,"href":"https:\/\/e-ucebnice.ff.ucm.sk\/index.php\/wp-json\/wp\/v2\/comments?post=2382"}],"version-history":[{"count":4,"href":"https:\/\/e-ucebnice.ff.ucm.sk\/index.php\/wp-json\/wp\/v2\/pages\/2382\/revisions"}],"predecessor-version":[{"id":2442,"href":"https:\/\/e-ucebnice.ff.ucm.sk\/index.php\/wp-json\/wp\/v2\/pages\/2382\/revisions\/2442"}],"wp:attachment":[{"href":"https:\/\/e-ucebnice.ff.ucm.sk\/index.php\/wp-json\/wp\/v2\/media?parent=2382"}],"curies":[{"name":"wp","href":"https:\/\/api.w.org\/{rel}","templated":true}]}}