{"id":2388,"date":"2023-03-02T07:33:44","date_gmt":"2023-03-02T06:33:44","guid":{"rendered":"https:\/\/e-ucebnice.ff.ucm.sk\/?page_id=2388"},"modified":"2023-05-05T14:14:33","modified_gmt":"2023-05-05T12:14:33","slug":"kapitoly-z-dejin-slovenska-6-2-9","status":"publish","type":"page","link":"https:\/\/e-ucebnice.ff.ucm.sk\/index.php\/kapitoly-z-dejin-slovenska-6-2-9\/","title":{"rendered":"Kapitoly z dej\u00edn Slovenska-6-2-9"},"content":{"rendered":"\t\t<div data-elementor-type=\"wp-page\" data-elementor-id=\"2388\" class=\"elementor elementor-2388\" data-elementor-post-type=\"page\">\n\t\t\t\t\t\t<section class=\"elementor-section elementor-top-section elementor-element elementor-element-1084eb0 elementor-section-height-min-height elementor-section-boxed elementor-section-height-default elementor-section-items-middle\" data-id=\"1084eb0\" data-element_type=\"section\" data-settings=\"{&quot;background_background&quot;:&quot;classic&quot;}\">\n\t\t\t\t\t\t\t<div class=\"elementor-background-overlay\"><\/div>\n\t\t\t\t\t\t\t<div class=\"elementor-container elementor-column-gap-default\">\n\t\t\t\t\t<div class=\"elementor-column elementor-col-100 elementor-top-column elementor-element elementor-element-0443812\" data-id=\"0443812\" data-element_type=\"column\">\n\t\t\t<div class=\"elementor-widget-wrap elementor-element-populated\">\n\t\t\t\t\t\t<div class=\"elementor-element elementor-element-6a5b956 elementor-widget elementor-widget-heading\" data-id=\"6a5b956\" data-element_type=\"widget\" data-widget_type=\"heading.default\">\n\t\t\t\t<div class=\"elementor-widget-container\">\n\t\t\t\t\t<h1 class=\"elementor-heading-title elementor-size-default\">Kapitoly z dej\u00edn Slovenska 1740 \u2013 1945<\/h1>\t\t\t\t<\/div>\n\t\t\t\t<\/div>\n\t\t\t\t\t<\/div>\n\t\t<\/div>\n\t\t\t\t\t<\/div>\n\t\t<\/section>\n\t\t\t\t<section class=\"elementor-section elementor-top-section elementor-element elementor-element-2858d6f elementor-section-boxed elementor-section-height-default elementor-section-height-default\" data-id=\"2858d6f\" data-element_type=\"section\">\n\t\t\t\t\t\t<div class=\"elementor-container elementor-column-gap-default\">\n\t\t\t\t\t<div class=\"elementor-column elementor-col-100 elementor-top-column elementor-element elementor-element-e63bd34\" data-id=\"e63bd34\" data-element_type=\"column\">\n\t\t\t<div class=\"elementor-widget-wrap elementor-element-populated\">\n\t\t\t\t\t\t<section class=\"elementor-section elementor-inner-section elementor-element elementor-element-0b79421 elementor-section-boxed elementor-section-height-default elementor-section-height-default\" data-id=\"0b79421\" data-element_type=\"section\">\n\t\t\t\t\t\t<div class=\"elementor-container elementor-column-gap-default\">\n\t\t\t\t\t<div class=\"elementor-column elementor-col-100 elementor-inner-column elementor-element elementor-element-bb0ded5\" data-id=\"bb0ded5\" data-element_type=\"column\">\n\t\t\t<div class=\"elementor-widget-wrap elementor-element-populated\">\n\t\t\t\t\t\t<div class=\"elementor-element elementor-element-759b076 elementor-widget elementor-widget-heading\" data-id=\"759b076\" data-element_type=\"widget\" data-widget_type=\"heading.default\">\n\t\t\t\t<div class=\"elementor-widget-container\">\n\t\t\t\t\t<h3 class=\"elementor-heading-title elementor-size-default\">Muze\u00e1lna slovensk\u00e1 spolo\u010dnos\u0165 (1893 \u2013 1960; 1989 - s\u00fa\u010dasnos\u0165)<\/h3>\t\t\t\t<\/div>\n\t\t\t\t<\/div>\n\t\t\t\t<div class=\"elementor-element elementor-element-5aa9d5d elementor-widget elementor-widget-text-editor\" data-id=\"5aa9d5d\" data-element_type=\"widget\" data-widget_type=\"text-editor.default\">\n\t\t\t\t<div class=\"elementor-widget-container\">\n\t\t\t\t\t\t\t\t\t<p style=\"text-align: justify;\"><em>Muze\u00e1lna slovensk\u00e1 spolo\u010dnos\u0165<\/em> bola ako vedeck\u00e1 a\u00a0kult\u00farna ustanovize\u0148 zalo\u017een\u00e1 24. apr\u00edla 1893, no svoju \u010dinnos\u0165 za\u010dala a\u017e v\u00a0auguste 1895, kedy boli potvrden\u00e9 jej stanovy. Vznik <em>Spolo\u010dnosti<\/em> sa sp\u00e1ja s\u00a0relat\u00edvne zmierlivou n\u00e1rodnostnou politikou nov\u00e9ho ministersk\u00e9ho predsedu Dezidera B\u00e1nffyho, ktor\u00fd sa rozhodol v\u00a0zmysle n\u00e1rodnostn\u00e9ho z\u00e1kona urobi\u0165 vo\u010di Slov\u00e1kom mierne \u00fastupky a\u00a0in\u0161tit\u00faciu povolil.<\/p><p style=\"text-align: justify;\">Cie\u013eom <em>Spolo\u010dnosti<\/em>, ktor\u00e1 na seba prevzala \u010das\u0165 aktiv\u00edt <em>Matice slovenskej<\/em>, a\u00a0de facto sa stala jej pokra\u010dovate\u013ekou, bolo zbiera\u0165, uchov\u00e1va\u0165 a\u00a0prezentova\u0165 hodnoty spojen\u00e9 so slovenskou kult\u00farou a\u00a0slovensk\u00fdm \u00fazem\u00edm a\u00a0tie\u017e rozv\u00edja\u0165 vlastivedn\u00e9 discipl\u00edny. S\u00a0cie\u013eom vystavova\u0165 svoje zbierky z\u00edskala priestory N\u00e1rodn\u00e9ho domu v\u00a0Martine, kde bola z\u00e1rove\u0148 umiestnen\u00e1 aj kni\u017enica. S<em>lovensk\u00e1 muze\u00e1lna spolo\u010dnos\u0165 <\/em>sa tak popri<em> Spolku sv. Vojtecha <\/em>a<em>\u00a0\u017divene<\/em> stala hlavnou kult\u00farnou ustanoviz\u0148ou Slov\u00e1kov v\u00a0obdob\u00ed dualizmu. Jej prv\u00fdm predsedom bol Andrej Kme\u0165, ktor\u00fd zotrval vo funkcii a\u017e do svojej smrti.<\/p><p style=\"text-align: justify;\">V roku 1896 za\u010dala vyd\u00e1va\u0165 <em>Sborn\u00edk Muze\u00e1lnej slovenskej spolo\u010dnosti<\/em> a\u00a0o\u00a0dva roky nesk\u00f4r aj <em>\u010casopis Muze\u00e1lnej slovenskej spolo\u010dnosti<\/em>, ktor\u00fd sa stal prv\u00fdm skuto\u010dn\u00fdm slovensk\u00fdm vedeck\u00fdm \u010dasopisom. <em>Spolo\u010dnos\u0165<\/em> sa zasl\u00fa\u017eila o\u00a0rozvoj zberate\u013estva a\u00a0m\u00fazejn\u00edctva a organizovala archeologick\u00fd v\u00fdskum, v\u010faka \u010domu sa jej zbierky v\u00a0priebehu rokov v\u00fdznamne rozr\u00e1stli. Finan\u010dn\u00e9 prostriedky na realiz\u00e1ciu v\u00fdskumu,\u00a0z\u00edskavanie predmetov do zbierok a\u00a0napokon i\u00a0zabezpe\u010denie vlastnej budovy plynuli do organiz\u00e1cie od dom\u00e1cich darcov, ale tie\u017e od Slov\u00e1kov v\u00a0Amerike. <em>Slovensk\u00e1 muze\u00e1lna spolo\u010dnos\u0165<\/em> ukon\u010dila svoju \u010dinnos\u0165 v\u00a0roku 1960, kedy bola zak\u00e1zan\u00e1. Svoje aktivity obnovila a\u017e po roku 1989.<\/p>\t\t\t\t\t\t\t\t<\/div>\n\t\t\t\t<\/div>\n\t\t\t\t\t<\/div>\n\t\t<\/div>\n\t\t\t\t\t<\/div>\n\t\t<\/section>\n\t\t\t\t\t<\/div>\n\t\t<\/div>\n\t\t\t\t\t<\/div>\n\t\t<\/section>\n\t\t\t\t<\/div>\n\t\t","protected":false},"excerpt":{"rendered":"<p>Kapitoly z dej\u00edn Slovenska 1740 \u2013 1945 Muze\u00e1lna slovensk\u00e1 spolo\u010dnos\u0165 (1893 \u2013 1960; 1989 &#8211; s\u00fa\u010dasnos\u0165) Muze\u00e1lna slovensk\u00e1 spolo\u010dnos\u0165 bola ako vedeck\u00e1 a\u00a0kult\u00farna ustanovize\u0148 zalo\u017een\u00e1 24. apr\u00edla 1893, no svoju \u010dinnos\u0165 za\u010dala a\u017e v\u00a0auguste 1895, kedy boli potvrden\u00e9 jej stanovy. Vznik Spolo\u010dnosti sa sp\u00e1ja s\u00a0relat\u00edvne zmierlivou n\u00e1rodnostnou politikou nov\u00e9ho ministersk\u00e9ho predsedu Dezidera B\u00e1nffyho, ktor\u00fd sa [&hellip;]<\/p>\n","protected":false},"author":3,"featured_media":0,"parent":0,"menu_order":0,"comment_status":"closed","ping_status":"closed","template":"","meta":{"footnotes":""},"class_list":["post-2388","page","type-page","status-publish","hentry"],"_links":{"self":[{"href":"https:\/\/e-ucebnice.ff.ucm.sk\/index.php\/wp-json\/wp\/v2\/pages\/2388","targetHints":{"allow":["GET"]}}],"collection":[{"href":"https:\/\/e-ucebnice.ff.ucm.sk\/index.php\/wp-json\/wp\/v2\/pages"}],"about":[{"href":"https:\/\/e-ucebnice.ff.ucm.sk\/index.php\/wp-json\/wp\/v2\/types\/page"}],"author":[{"embeddable":true,"href":"https:\/\/e-ucebnice.ff.ucm.sk\/index.php\/wp-json\/wp\/v2\/users\/3"}],"replies":[{"embeddable":true,"href":"https:\/\/e-ucebnice.ff.ucm.sk\/index.php\/wp-json\/wp\/v2\/comments?post=2388"}],"version-history":[{"count":7,"href":"https:\/\/e-ucebnice.ff.ucm.sk\/index.php\/wp-json\/wp\/v2\/pages\/2388\/revisions"}],"predecessor-version":[{"id":7282,"href":"https:\/\/e-ucebnice.ff.ucm.sk\/index.php\/wp-json\/wp\/v2\/pages\/2388\/revisions\/7282"}],"wp:attachment":[{"href":"https:\/\/e-ucebnice.ff.ucm.sk\/index.php\/wp-json\/wp\/v2\/media?parent=2388"}],"curies":[{"name":"wp","href":"https:\/\/api.w.org\/{rel}","templated":true}]}}