{"id":2657,"date":"2023-03-02T11:17:53","date_gmt":"2023-03-02T10:17:53","guid":{"rendered":"https:\/\/e-ucebnice.ff.ucm.sk\/?page_id=2657"},"modified":"2023-03-02T11:31:25","modified_gmt":"2023-03-02T10:31:25","slug":"kapitoly-z-dejin-slovenska-11-5","status":"publish","type":"page","link":"https:\/\/e-ucebnice.ff.ucm.sk\/index.php\/kapitoly-z-dejin-slovenska-11-5\/","title":{"rendered":"Kapitoly z dej\u00edn Slovenska-11-5"},"content":{"rendered":"\t\t<div data-elementor-type=\"wp-page\" data-elementor-id=\"2657\" class=\"elementor elementor-2657\" data-elementor-post-type=\"page\">\n\t\t\t\t\t\t<section class=\"elementor-section elementor-top-section elementor-element elementor-element-1084eb0 elementor-section-height-min-height elementor-section-boxed elementor-section-height-default elementor-section-items-middle\" data-id=\"1084eb0\" data-element_type=\"section\" data-settings=\"{&quot;background_background&quot;:&quot;classic&quot;}\">\n\t\t\t\t\t\t\t<div class=\"elementor-background-overlay\"><\/div>\n\t\t\t\t\t\t\t<div class=\"elementor-container elementor-column-gap-default\">\n\t\t\t\t\t<div class=\"elementor-column elementor-col-100 elementor-top-column elementor-element elementor-element-0443812\" data-id=\"0443812\" data-element_type=\"column\">\n\t\t\t<div class=\"elementor-widget-wrap elementor-element-populated\">\n\t\t\t\t\t\t<div class=\"elementor-element elementor-element-6a5b956 elementor-widget elementor-widget-heading\" data-id=\"6a5b956\" data-element_type=\"widget\" data-widget_type=\"heading.default\">\n\t\t\t\t<div class=\"elementor-widget-container\">\n\t\t\t\t\t<h1 class=\"elementor-heading-title elementor-size-default\">Kapitoly z dej\u00edn Slovenska 1740 \u2013 1945<\/h1>\t\t\t\t<\/div>\n\t\t\t\t<\/div>\n\t\t\t\t\t<\/div>\n\t\t<\/div>\n\t\t\t\t\t<\/div>\n\t\t<\/section>\n\t\t\t\t<section class=\"elementor-section elementor-top-section elementor-element elementor-element-2858d6f elementor-section-boxed elementor-section-height-default elementor-section-height-default\" data-id=\"2858d6f\" data-element_type=\"section\">\n\t\t\t\t\t\t<div class=\"elementor-container elementor-column-gap-default\">\n\t\t\t\t\t<div class=\"elementor-column elementor-col-100 elementor-top-column elementor-element elementor-element-e63bd34\" data-id=\"e63bd34\" data-element_type=\"column\">\n\t\t\t<div class=\"elementor-widget-wrap elementor-element-populated\">\n\t\t\t\t\t\t<section class=\"elementor-section elementor-inner-section elementor-element elementor-element-0b79421 elementor-section-boxed elementor-section-height-default elementor-section-height-default\" data-id=\"0b79421\" data-element_type=\"section\">\n\t\t\t\t\t\t<div class=\"elementor-container elementor-column-gap-default\">\n\t\t\t\t\t<div class=\"elementor-column elementor-col-100 elementor-inner-column elementor-element elementor-element-bb0ded5\" data-id=\"bb0ded5\" data-element_type=\"column\">\n\t\t\t<div class=\"elementor-widget-wrap elementor-element-populated\">\n\t\t\t\t\t\t<div class=\"elementor-element elementor-element-759b076 elementor-widget elementor-widget-heading\" data-id=\"759b076\" data-element_type=\"widget\" data-widget_type=\"heading.default\">\n\t\t\t\t<div class=\"elementor-widget-container\">\n\t\t\t\t\t<h3 class=\"elementor-heading-title elementor-size-default\">Dopl\u0148uj\u00faca literat\u00fara<\/h3>\t\t\t\t<\/div>\n\t\t\t\t<\/div>\n\t\t\t\t<div class=\"elementor-element elementor-element-5aa9d5d elementor-widget elementor-widget-text-editor\" data-id=\"5aa9d5d\" data-element_type=\"widget\" data-widget_type=\"text-editor.default\">\n\t\t\t\t<div class=\"elementor-widget-container\">\n\t\t\t\t\t\t\t\t\t<ol><li style=\"text-align: justify;\">BRANDES, Detlef. <em>Exil v\u00a0Lond\u00fdn\u011b 1939 \u2013 1943. <\/em>Praha: Karolinum \u2013 nakladatelstv\u00ed Univerzity Karlovy, 2003, 566 s. \u2013 Nemeck\u00fd autor vy\u010derp\u00e1vaj\u00faco popisuje \u010dinnos\u0165 exilov\u00fdch vl\u00e1d \u010ceskoslovenska, Po\u013eska a\u00a0Juhosl\u00e1vie. Pr\u00e1ca fundovane analyzuje ich vz\u0165ahy s\u00a0mocnos\u0165ami, jednania o\u00a0povojnov\u00fdch hraniciach, proces odsunu men\u0161\u00edn a\u00a0pod.<\/li><li style=\"text-align: justify;\">GEBHART, Jan \u2013 KUKL\u00cdK, Jan. <em>Velk\u00e9 d\u011bjiny zem\u00ed Koruny \u010desk\u00e9 XV.b.<\/em> Praha: Paseka, 2007, 743 s. \u2013 Syntetick\u00e1 odborn\u00e1 pr\u00e1ca venovan\u00e1 nielen situ\u00e1cii v protektor\u00e1te, ale najm\u00e4 spolo\u010dn\u00e9mu \u010deskoslovensk\u00e9mu z\u00e1pasu o\u00a0obnovenie republiky v\u00a0obdob\u00ed od j\u00fana 1941 do m\u00e1ja 1945.<\/li><li style=\"text-align: justify;\">RYCHL\u00cdK, Jan. <em>\u010ce\u0161i a\u00a0Slov\u00e1ci ve 20. stolet\u00ed. \u010cesko-slovensk\u00e9 vztahy 1945 \u2013 1992<\/em>. Bratislava: Academic Electronic Press; Praha: \u00fastav T. G. Masaryka, 1998, 554 s. \u2013 Vedeck\u00e1 publik\u00e1cia pon\u00faka v\u00a0\u00favode rozbor \u0161t\u00e1topr\u00e1vnej situ\u00e1cie tesne pred obnoven\u00edm \u010ceskoslovenska na konci vojny. Nasleduj\u00face kapitoly s\u00fa vhodn\u00e9 ako nadv\u00e4zuj\u00faci zdroj pre \u0161t\u00fadium \u010desk\u00fdch a\u00a0slovensk\u00fdch vz\u0165ahov od konca vojny do rozdelenia \u010cSFR.<\/li><\/ol>\t\t\t\t\t\t\t\t<\/div>\n\t\t\t\t<\/div>\n\t\t\t\t\t<\/div>\n\t\t<\/div>\n\t\t\t\t\t<\/div>\n\t\t<\/section>\n\t\t\t\t\t<\/div>\n\t\t<\/div>\n\t\t\t\t\t<\/div>\n\t\t<\/section>\n\t\t\t\t<\/div>\n\t\t","protected":false},"excerpt":{"rendered":"<p>Kapitoly z dej\u00edn Slovenska 1740 \u2013 1945 Dopl\u0148uj\u00faca literat\u00fara BRANDES, Detlef. Exil v\u00a0Lond\u00fdn\u011b 1939 \u2013 1943. Praha: Karolinum \u2013 nakladatelstv\u00ed Univerzity Karlovy, 2003, 566 s. \u2013 Nemeck\u00fd autor vy\u010derp\u00e1vaj\u00faco popisuje \u010dinnos\u0165 exilov\u00fdch vl\u00e1d \u010ceskoslovenska, Po\u013eska a\u00a0Juhosl\u00e1vie. Pr\u00e1ca fundovane analyzuje ich vz\u0165ahy s\u00a0mocnos\u0165ami, jednania o\u00a0povojnov\u00fdch hraniciach, proces odsunu men\u0161\u00edn a\u00a0pod. GEBHART, Jan \u2013 KUKL\u00cdK, Jan. Velk\u00e9 [&hellip;]<\/p>\n","protected":false},"author":3,"featured_media":0,"parent":0,"menu_order":0,"comment_status":"closed","ping_status":"closed","template":"","meta":{"footnotes":""},"class_list":["post-2657","page","type-page","status-publish","hentry"],"_links":{"self":[{"href":"https:\/\/e-ucebnice.ff.ucm.sk\/index.php\/wp-json\/wp\/v2\/pages\/2657","targetHints":{"allow":["GET"]}}],"collection":[{"href":"https:\/\/e-ucebnice.ff.ucm.sk\/index.php\/wp-json\/wp\/v2\/pages"}],"about":[{"href":"https:\/\/e-ucebnice.ff.ucm.sk\/index.php\/wp-json\/wp\/v2\/types\/page"}],"author":[{"embeddable":true,"href":"https:\/\/e-ucebnice.ff.ucm.sk\/index.php\/wp-json\/wp\/v2\/users\/3"}],"replies":[{"embeddable":true,"href":"https:\/\/e-ucebnice.ff.ucm.sk\/index.php\/wp-json\/wp\/v2\/comments?post=2657"}],"version-history":[{"count":4,"href":"https:\/\/e-ucebnice.ff.ucm.sk\/index.php\/wp-json\/wp\/v2\/pages\/2657\/revisions"}],"predecessor-version":[{"id":2679,"href":"https:\/\/e-ucebnice.ff.ucm.sk\/index.php\/wp-json\/wp\/v2\/pages\/2657\/revisions\/2679"}],"wp:attachment":[{"href":"https:\/\/e-ucebnice.ff.ucm.sk\/index.php\/wp-json\/wp\/v2\/media?parent=2657"}],"curies":[{"name":"wp","href":"https:\/\/api.w.org\/{rel}","templated":true}]}}

Kapitoly z dejín Slovenska-11-5

<div data-elementor-type="wp-page" data-elementor-id="2657" class="elementor elementor-2657" data-elementor-post-type="page">
						<section class="elementor-section elementor-top-section elementor-element elementor-element-1084eb0 elementor-section-height-min-height elementor-section-boxed elementor-section-height-default elementor-section-items-middle" data-id="1084eb0" data-element_type="section" data-settings="{&quot;background_background&quot;:&quot;classic&quot;}">
							<div class="elementor-background-overlay"></div>
							<div class="elementor-container elementor-column-gap-default">
					<div class="elementor-column elementor-col-100 elementor-top-column elementor-element elementor-element-0443812" data-id="0443812" data-element_type="column">
			<div class="elementor-widget-wrap elementor-element-populated">
						<div class="elementor-element elementor-element-6a5b956 elementor-widget elementor-widget-heading" data-id="6a5b956" data-element_type="widget" data-widget_type="heading.default">
				<div class="elementor-widget-container">
					<h1 class="elementor-heading-title elementor-size-default">Kapitoly z dejín Slovenska 1740 – 1945</h1>				</div>
				</div>
					</div>
		</div>
					</div>
		</section>
				<section class="elementor-section elementor-top-section elementor-element elementor-element-2858d6f elementor-section-boxed elementor-section-height-default elementor-section-height-default" data-id="2858d6f" data-element_type="section">
						<div class="elementor-container elementor-column-gap-default">
					<div class="elementor-column elementor-col-100 elementor-top-column elementor-element elementor-element-e63bd34" data-id="e63bd34" data-element_type="column">
			<div class="elementor-widget-wrap elementor-element-populated">
						<section class="elementor-section elementor-inner-section elementor-element elementor-element-0b79421 elementor-section-boxed elementor-section-height-default elementor-section-height-default" data-id="0b79421" data-element_type="section">
						<div class="elementor-container elementor-column-gap-default">
					<div class="elementor-column elementor-col-100 elementor-inner-column elementor-element elementor-element-bb0ded5" data-id="bb0ded5" data-element_type="column">
			<div class="elementor-widget-wrap elementor-element-populated">
						<div class="elementor-element elementor-element-759b076 elementor-widget elementor-widget-heading" data-id="759b076" data-element_type="widget" data-widget_type="heading.default">
				<div class="elementor-widget-container">
					<h3 class="elementor-heading-title elementor-size-default">Doplňujúca literatúra</h3>				</div>
				</div>
				<div class="elementor-element elementor-element-5aa9d5d elementor-widget elementor-widget-text-editor" data-id="5aa9d5d" data-element_type="widget" data-widget_type="text-editor.default">
				<div class="elementor-widget-container">
									<ol><li style="text-align: justify;">BRANDES, Detlef. <em>Exil v Londýně 1939 – 1943. </em>Praha: Karolinum – nakladatelství Univerzity Karlovy, 2003, 566 s. – Nemecký autor vyčerpávajúco popisuje činnosť exilových vlád Československa, Poľska a Juhoslávie. Práca fundovane analyzuje ich vzťahy s mocnosťami, jednania o povojnových hraniciach, proces odsunu menšín a pod.</li><li style="text-align: justify;">GEBHART, Jan – KUKLÍK, Jan. <em>Velké dějiny zemí Koruny české XV.b.</em> Praha: Paseka, 2007, 743 s. – Syntetická odborná práca venovaná nielen situácii v protektoráte, ale najmä spoločnému československému zápasu o obnovenie republiky v období od júna 1941 do mája 1945.</li><li style="text-align: justify;">RYCHLÍK, Jan. <em>Češi a Slováci ve 20. století. Česko-slovenské vztahy 1945 – 1992</em>. Bratislava: Academic Electronic Press; Praha: ústav T. G. Masaryka, 1998, 554 s. – Vedecká publikácia ponúka v úvode rozbor štátoprávnej situácie tesne pred obnovením Československa na konci vojny. Nasledujúce kapitoly sú vhodné ako nadväzujúci zdroj pre štúdium českých a slovenských vzťahov od konca vojny do rozdelenia ČSFR.</li></ol>								</div>
				</div>
					</div>
		</div>
					</div>
		</section>
					</div>
		</div>
					</div>
		</section>
				</div>

<p>Kapitoly z dejín Slovenska 1740 – 1945 Doplňujúca literatúra BRANDES, Detlef. Exil v Londýně 1939 – 1943. Praha: Karolinum – nakladatelství Univerzity Karlovy, 2003, 566 s. – Nemecký autor vyčerpávajúco popisuje činnosť exilových vlád Československa, Poľska a Juhoslávie. Práca fundovane analyzuje ich vzťahy s mocnosťami, jednania o povojnových hraniciach, proces odsunu menšín a pod. GEBHART, Jan – KUKLÍK, Jan. Velké [&hellip;]</p>
