{"id":2714,"date":"2023-03-02T18:48:44","date_gmt":"2023-03-02T17:48:44","guid":{"rendered":"https:\/\/e-ucebnice.ff.ucm.sk\/?page_id=2714"},"modified":"2023-03-04T10:46:57","modified_gmt":"2023-03-04T09:46:57","slug":"uvod-do-eduk-man-5","status":"publish","type":"page","link":"https:\/\/e-ucebnice.ff.ucm.sk\/index.php\/uvod-do-eduk-man-5\/","title":{"rendered":"\u00davod do eduk man-5"},"content":{"rendered":"\t\t<div data-elementor-type=\"wp-page\" data-elementor-id=\"2714\" class=\"elementor elementor-2714\" data-elementor-post-type=\"page\">\n\t\t\t\t\t\t<section class=\"elementor-section elementor-top-section elementor-element elementor-element-4d29abc elementor-section-height-min-height elementor-section-boxed elementor-section-height-default elementor-section-items-middle\" data-id=\"4d29abc\" data-element_type=\"section\" data-settings=\"{&quot;background_background&quot;:&quot;classic&quot;}\">\n\t\t\t\t\t\t\t<div class=\"elementor-background-overlay\"><\/div>\n\t\t\t\t\t\t\t<div class=\"elementor-container elementor-column-gap-default\">\n\t\t\t\t\t<div class=\"elementor-column elementor-col-100 elementor-top-column elementor-element elementor-element-dca0f40\" data-id=\"dca0f40\" data-element_type=\"column\">\n\t\t\t<div class=\"elementor-widget-wrap elementor-element-populated\">\n\t\t\t\t\t\t<div class=\"elementor-element elementor-element-66d56c3 elementor-widget elementor-widget-heading\" data-id=\"66d56c3\" data-element_type=\"widget\" data-widget_type=\"heading.default\">\n\t\t\t\t<div class=\"elementor-widget-container\">\n\t\t\t\t\t<h1 class=\"elementor-heading-title elementor-size-default\">\u00daVOD DO EDUKA\u010cN\u00c9HO MANA\u017dMENTU <\/h1>\t\t\t\t<\/div>\n\t\t\t\t<\/div>\n\t\t\t\t\t<\/div>\n\t\t<\/div>\n\t\t\t\t\t<\/div>\n\t\t<\/section>\n\t\t\t\t<section class=\"elementor-section elementor-top-section elementor-element elementor-element-4671453 elementor-section-boxed elementor-section-height-default elementor-section-height-default\" data-id=\"4671453\" data-element_type=\"section\">\n\t\t\t\t\t\t<div class=\"elementor-container elementor-column-gap-default\">\n\t\t\t\t\t<div class=\"elementor-column elementor-col-100 elementor-top-column elementor-element elementor-element-833d86a\" data-id=\"833d86a\" data-element_type=\"column\">\n\t\t\t<div class=\"elementor-widget-wrap elementor-element-populated\">\n\t\t\t\t\t\t<section class=\"elementor-section elementor-inner-section elementor-element elementor-element-9c3bc0f elementor-section-boxed elementor-section-height-default elementor-section-height-default\" data-id=\"9c3bc0f\" data-element_type=\"section\">\n\t\t\t\t\t\t<div class=\"elementor-container elementor-column-gap-default\">\n\t\t\t\t\t<div class=\"elementor-column elementor-col-100 elementor-inner-column elementor-element elementor-element-7f72a36\" data-id=\"7f72a36\" data-element_type=\"column\">\n\t\t\t<div class=\"elementor-widget-wrap elementor-element-populated\">\n\t\t\t\t\t\t<div class=\"elementor-element elementor-element-68002af elementor-widget elementor-widget-heading\" data-id=\"68002af\" data-element_type=\"widget\" data-widget_type=\"heading.default\">\n\t\t\t\t<div class=\"elementor-widget-container\">\n\t\t\t\t\t<h3 class=\"elementor-heading-title elementor-size-default\">MIKRORIADENIE \u0160KOLY II. - ORG\u00c1NY \u0160KOLSKEJ SAMOSPR\u00c1VY<\/h3>\t\t\t\t<\/div>\n\t\t\t\t<\/div>\n\t\t\t\t<section class=\"elementor-section elementor-inner-section elementor-element elementor-element-9f92f1b elementor-section-full_width elementor-section-height-default elementor-section-height-default\" data-id=\"9f92f1b\" data-element_type=\"section\">\n\t\t\t\t\t\t<div class=\"elementor-container elementor-column-gap-default\">\n\t\t\t\t\t<div class=\"elementor-column elementor-col-100 elementor-inner-column elementor-element elementor-element-bea7e10\" data-id=\"bea7e10\" data-element_type=\"column\">\n\t\t\t<div class=\"elementor-widget-wrap elementor-element-populated\">\n\t\t\t\t\t\t<div class=\"elementor-element elementor-element-48828e2 elementor-widget__width-auto elementor-widget elementor-widget-heading\" data-id=\"48828e2\" data-element_type=\"widget\" data-widget_type=\"heading.default\">\n\t\t\t\t<div class=\"elementor-widget-container\">\n\t\t\t\t\t<h2 class=\"elementor-heading-title elementor-size-default\">K\u013e\u00fa\u010dov\u00e9 slov\u00e1<\/h2>\t\t\t\t<\/div>\n\t\t\t\t<\/div>\n\t\t\t\t\t<\/div>\n\t\t<\/div>\n\t\t\t\t\t<\/div>\n\t\t<\/section>\n\t\t\t\t<div class=\"elementor-element elementor-element-f159990 elementor-widget elementor-widget-text-editor\" data-id=\"f159990\" data-element_type=\"widget\" data-widget_type=\"text-editor.default\">\n\t\t\t\t<div class=\"elementor-widget-container\">\n\t\t\t\t\t\t\t\t\t<p>rada \u0161koly, rada \u0161kolsk\u00e9ho zariadenia, obecn\u00e1 \u0161kolsk\u00e1 rada, \u00fazemn\u00e1 \u0161kolsk\u00e1 rada, \u0161kolsk\u00fd parlament, \u0161peci\u00e1lna samospr\u00e1va, vo\u013eba riadite\u013ea \u0161koly.<\/p>\t\t\t\t\t\t\t\t<\/div>\n\t\t\t\t<\/div>\n\t\t\t\t<div class=\"elementor-element elementor-element-3b0e12e elementor-widget elementor-widget-text-editor\" data-id=\"3b0e12e\" data-element_type=\"widget\" data-widget_type=\"text-editor.default\">\n\t\t\t\t<div class=\"elementor-widget-container\">\n\t\t\t\t\t\t\t\t\t<p style=\"text-align: justify;\">Org\u00e1ny \u0161kolskej samospr\u00e1vy m\u00f4\u017eeme v\u00a0kontexte rozdelenia verejnej spr\u00e1vy zaradi\u0165 medzi \u0161peci\u00e1lnu samospr\u00e1vu. Vo v\u0161eobecnosti m\u00f4\u017eeme uvies\u0165, \u017ee \u00falohou t\u00fdchto kolekt\u00edvnych org\u00e1nov je posudzovanie z\u00e1kladn\u00fdch ot\u00e1zok s\u00favisiacich s\u00a0fungovan\u00edm konkr\u00e9tnej \u0161koly alebo \u0161kolsk\u00e9ho zariadenia. Org\u00e1ny \u0161kolskej samospr\u00e1vy zabezpe\u010duj\u00fa \u00fa\u010das\u0165 u\u010dite\u013eov, rodi\u010dov, \u017eiakov, zria\u010fovate\u013ea, soci\u00e1lnych partnerov na rozhodovac\u00edch procesoch v\u00a0\u0161kole alebo v\u00a0\u0161kolskom zariaden\u00ed.<\/p><p style=\"text-align: justify;\">Pod\u013ea \u00a7 2, ods. 2 <em>z\u00e1kona \u010d. 596\/2003 o \u0161t\u00e1tnej spr\u00e1ve v \u0161kolstve a \u0161kolskej samospr\u00e1ve a o zmene a doplnen\u00ed niektor\u00fdch z\u00e1konov <\/em>\u0161kolsk\u00fa samospr\u00e1vu vykon\u00e1vaj\u00fa:<\/p><ul><li style=\"text-align: justify;\">rada \u0161koly alebo rada \u0161kolsk\u00e9ho zariadenia<\/li><li style=\"text-align: justify;\">obecn\u00e1 \u0161kolsk\u00e1 rada,<\/li><li style=\"text-align: justify;\">\u00fazemn\u00e1 \u0161kolsk\u00e1 rada,<\/li><li style=\"text-align: justify;\">\u0161kolsk\u00fd parlament.<\/li><\/ul>\t\t\t\t\t\t\t\t<\/div>\n\t\t\t\t<\/div>\n\t\t\t\t\t<\/div>\n\t\t<\/div>\n\t\t\t\t\t<\/div>\n\t\t<\/section>\n\t\t\t\t\t<\/div>\n\t\t<\/div>\n\t\t\t\t\t<\/div>\n\t\t<\/section>\n\t\t\t\t<\/div>\n\t\t","protected":false},"excerpt":{"rendered":"<p>\u00daVOD DO EDUKA\u010cN\u00c9HO MANA\u017dMENTU MIKRORIADENIE \u0160KOLY II. &#8211; ORG\u00c1NY \u0160KOLSKEJ SAMOSPR\u00c1VY K\u013e\u00fa\u010dov\u00e9 slov\u00e1 rada \u0161koly, rada \u0161kolsk\u00e9ho zariadenia, obecn\u00e1 \u0161kolsk\u00e1 rada, \u00fazemn\u00e1 \u0161kolsk\u00e1 rada, \u0161kolsk\u00fd parlament, \u0161peci\u00e1lna samospr\u00e1va, vo\u013eba riadite\u013ea \u0161koly. Org\u00e1ny \u0161kolskej samospr\u00e1vy m\u00f4\u017eeme v\u00a0kontexte rozdelenia verejnej spr\u00e1vy zaradi\u0165 medzi \u0161peci\u00e1lnu samospr\u00e1vu. Vo v\u0161eobecnosti m\u00f4\u017eeme uvies\u0165, \u017ee \u00falohou t\u00fdchto kolekt\u00edvnych org\u00e1nov je posudzovanie z\u00e1kladn\u00fdch [&hellip;]<\/p>\n","protected":false},"author":3,"featured_media":0,"parent":0,"menu_order":0,"comment_status":"closed","ping_status":"closed","template":"","meta":{"footnotes":""},"class_list":["post-2714","page","type-page","status-publish","hentry"],"_links":{"self":[{"href":"https:\/\/e-ucebnice.ff.ucm.sk\/index.php\/wp-json\/wp\/v2\/pages\/2714","targetHints":{"allow":["GET"]}}],"collection":[{"href":"https:\/\/e-ucebnice.ff.ucm.sk\/index.php\/wp-json\/wp\/v2\/pages"}],"about":[{"href":"https:\/\/e-ucebnice.ff.ucm.sk\/index.php\/wp-json\/wp\/v2\/types\/page"}],"author":[{"embeddable":true,"href":"https:\/\/e-ucebnice.ff.ucm.sk\/index.php\/wp-json\/wp\/v2\/users\/3"}],"replies":[{"embeddable":true,"href":"https:\/\/e-ucebnice.ff.ucm.sk\/index.php\/wp-json\/wp\/v2\/comments?post=2714"}],"version-history":[{"count":4,"href":"https:\/\/e-ucebnice.ff.ucm.sk\/index.php\/wp-json\/wp\/v2\/pages\/2714\/revisions"}],"predecessor-version":[{"id":2978,"href":"https:\/\/e-ucebnice.ff.ucm.sk\/index.php\/wp-json\/wp\/v2\/pages\/2714\/revisions\/2978"}],"wp:attachment":[{"href":"https:\/\/e-ucebnice.ff.ucm.sk\/index.php\/wp-json\/wp\/v2\/media?parent=2714"}],"curies":[{"name":"wp","href":"https:\/\/api.w.org\/{rel}","templated":true}]}}