{"id":2716,"date":"2023-03-02T18:49:15","date_gmt":"2023-03-02T17:49:15","guid":{"rendered":"https:\/\/e-ucebnice.ff.ucm.sk\/?page_id=2716"},"modified":"2023-03-04T11:13:53","modified_gmt":"2023-03-04T10:13:53","slug":"uvod-do-eduk-man-6","status":"publish","type":"page","link":"https:\/\/e-ucebnice.ff.ucm.sk\/index.php\/uvod-do-eduk-man-6\/","title":{"rendered":"\u00davod do eduk man-6"},"content":{"rendered":"\t\t<div data-elementor-type=\"wp-page\" data-elementor-id=\"2716\" class=\"elementor elementor-2716\" data-elementor-post-type=\"page\">\n\t\t\t\t\t\t<section class=\"elementor-section elementor-top-section elementor-element elementor-element-707d9fe elementor-section-height-min-height elementor-section-boxed elementor-section-height-default elementor-section-items-middle\" data-id=\"707d9fe\" data-element_type=\"section\" data-settings=\"{&quot;background_background&quot;:&quot;classic&quot;}\">\n\t\t\t\t\t\t\t<div class=\"elementor-background-overlay\"><\/div>\n\t\t\t\t\t\t\t<div class=\"elementor-container elementor-column-gap-default\">\n\t\t\t\t\t<div class=\"elementor-column elementor-col-100 elementor-top-column elementor-element elementor-element-e0492d7\" data-id=\"e0492d7\" data-element_type=\"column\">\n\t\t\t<div class=\"elementor-widget-wrap elementor-element-populated\">\n\t\t\t\t\t\t<div class=\"elementor-element elementor-element-7c20960 elementor-widget elementor-widget-heading\" data-id=\"7c20960\" data-element_type=\"widget\" data-widget_type=\"heading.default\">\n\t\t\t\t<div class=\"elementor-widget-container\">\n\t\t\t\t\t<h1 class=\"elementor-heading-title elementor-size-default\">\u00daVOD DO EDUKA\u010cN\u00c9HO MANA\u017dMENTU <\/h1>\t\t\t\t<\/div>\n\t\t\t\t<\/div>\n\t\t\t\t\t<\/div>\n\t\t<\/div>\n\t\t\t\t\t<\/div>\n\t\t<\/section>\n\t\t\t\t<section class=\"elementor-section elementor-top-section elementor-element elementor-element-6a1fbaf elementor-section-boxed elementor-section-height-default elementor-section-height-default\" data-id=\"6a1fbaf\" data-element_type=\"section\">\n\t\t\t\t\t\t<div class=\"elementor-container elementor-column-gap-default\">\n\t\t\t\t\t<div class=\"elementor-column elementor-col-100 elementor-top-column elementor-element elementor-element-b72bf25\" data-id=\"b72bf25\" data-element_type=\"column\">\n\t\t\t<div class=\"elementor-widget-wrap elementor-element-populated\">\n\t\t\t\t\t\t<section class=\"elementor-section elementor-inner-section elementor-element elementor-element-c62f372 elementor-section-boxed elementor-section-height-default elementor-section-height-default\" data-id=\"c62f372\" data-element_type=\"section\">\n\t\t\t\t\t\t<div class=\"elementor-container elementor-column-gap-default\">\n\t\t\t\t\t<div class=\"elementor-column elementor-col-100 elementor-inner-column elementor-element elementor-element-386acf9\" data-id=\"386acf9\" data-element_type=\"column\">\n\t\t\t<div class=\"elementor-widget-wrap elementor-element-populated\">\n\t\t\t\t\t\t<div class=\"elementor-element elementor-element-4d51bd8 elementor-widget elementor-widget-heading\" data-id=\"4d51bd8\" data-element_type=\"widget\" data-widget_type=\"heading.default\">\n\t\t\t\t<div class=\"elementor-widget-container\">\n\t\t\t\t\t<h3 class=\"elementor-heading-title elementor-size-default\">MIKRORIADENIE \u0160KOLY III. \u2013 PORADN\u00c9 ORG\u00c1NY \u0160KOLY<\/h3>\t\t\t\t<\/div>\n\t\t\t\t<\/div>\n\t\t\t\t<section class=\"elementor-section elementor-inner-section elementor-element elementor-element-24c371a elementor-section-full_width elementor-section-height-default elementor-section-height-default\" data-id=\"24c371a\" data-element_type=\"section\">\n\t\t\t\t\t\t<div class=\"elementor-container elementor-column-gap-default\">\n\t\t\t\t\t<div class=\"elementor-column elementor-col-100 elementor-inner-column elementor-element elementor-element-1ba9501\" data-id=\"1ba9501\" data-element_type=\"column\">\n\t\t\t<div class=\"elementor-widget-wrap elementor-element-populated\">\n\t\t\t\t\t\t<div class=\"elementor-element elementor-element-491fcfe elementor-widget__width-auto elementor-widget elementor-widget-heading\" data-id=\"491fcfe\" data-element_type=\"widget\" data-widget_type=\"heading.default\">\n\t\t\t\t<div class=\"elementor-widget-container\">\n\t\t\t\t\t<h2 class=\"elementor-heading-title elementor-size-default\">K\u013e\u00fa\u010dov\u00e9 slov\u00e1<\/h2>\t\t\t\t<\/div>\n\t\t\t\t<\/div>\n\t\t\t\t\t<\/div>\n\t\t<\/div>\n\t\t\t\t\t<\/div>\n\t\t<\/section>\n\t\t\t\t<div class=\"elementor-element elementor-element-38746ab elementor-widget elementor-widget-text-editor\" data-id=\"38746ab\" data-element_type=\"widget\" data-widget_type=\"text-editor.default\">\n\t\t\t\t<div class=\"elementor-widget-container\">\n\t\t\t\t\t\t\t\t\t<p>poradn\u00e9 org\u00e1ny \u0161koly, pedagogick\u00e1 rada, metodick\u00e9 zdru\u017eenie, predmetov\u00e1 komisia, koordina\u010dn\u00fd t\u00edm, rada rodi\u010dov.<\/p>\t\t\t\t\t\t\t\t<\/div>\n\t\t\t\t<\/div>\n\t\t\t\t<div class=\"elementor-element elementor-element-e294b9a elementor-widget elementor-widget-text-editor\" data-id=\"e294b9a\" data-element_type=\"widget\" data-widget_type=\"text-editor.default\">\n\t\t\t\t<div class=\"elementor-widget-container\">\n\t\t\t\t\t\t\t\t\t<p style=\"text-align: justify;\">Poradn\u00e9 org\u00e1ny \u0161koly na rozdiel od org\u00e1nov \u0161kolskej samospr\u00e1vy nie s\u00fa explicitne upraven\u00e9 v\u00a0z\u00e1kone v\u00a0takom rozsahu, ako je to v\u00a0pr\u00edpade org\u00e1nov \u0161kolskej samospr\u00e1vy. Z\u00a0tohto d\u00f4vodu ich zriadenie, \u010dinnos\u0165 a\u00a0zlo\u017eenie je z\u00e1visl\u00e9 od riadite\u013ea \u0161koly, preto\u017ee tieto org\u00e1ny s\u00fa prioritne poradn\u00fdmi a iniciat\u00edvnymi org\u00e1nmi riadite\u013ea \u0161koly a\u00a0od ich \u0161tat\u00fatu.<\/p><p style=\"text-align: justify;\">Z\u00a0legislat\u00edvneho h\u013eadiska sa poradn\u00fdmi org\u00e1nmi stru\u010dne zaober\u00e1 <em>vyhl\u00e1\u0161ka Ministerstva \u0161kolstva, vedy, v\u00fdskumu a \u0161portu Slovenskej republiky \u010d. 223\/2022 Z. z. o z\u00e1kladnej \u0161kole, <\/em>ktor\u00e1 v \u00a7 3 uv\u00e1dza<em>, <\/em>\u017ee poradn\u00fdmi org\u00e1nmi riadite\u013ea \u0161koly s\u00fa:<\/p><ul style=\"text-align: justify;\"><li>pedagogick\u00e1 rada<\/li><li>metodick\u00e9 zdru\u017eenie,<\/li><li>predmetov\u00fa komisiu a<\/li><li>koordina\u010dn\u00fd t\u00edm.<\/li><\/ul><p style=\"text-align: justify;\">Okrem toho m\u00f4\u017eeme medzi poradn\u00e9 org\u00e1ny zaradi\u0165 aj radu rodi\u010dov.<\/p>\t\t\t\t\t\t\t\t<\/div>\n\t\t\t\t<\/div>\n\t\t\t\t\t<\/div>\n\t\t<\/div>\n\t\t\t\t\t<\/div>\n\t\t<\/section>\n\t\t\t\t\t<\/div>\n\t\t<\/div>\n\t\t\t\t\t<\/div>\n\t\t<\/section>\n\t\t\t\t<\/div>\n\t\t","protected":false},"excerpt":{"rendered":"<p>\u00daVOD DO EDUKA\u010cN\u00c9HO MANA\u017dMENTU MIKRORIADENIE \u0160KOLY III. \u2013 PORADN\u00c9 ORG\u00c1NY \u0160KOLY K\u013e\u00fa\u010dov\u00e9 slov\u00e1 poradn\u00e9 org\u00e1ny \u0161koly, pedagogick\u00e1 rada, metodick\u00e9 zdru\u017eenie, predmetov\u00e1 komisia, koordina\u010dn\u00fd t\u00edm, rada rodi\u010dov. Poradn\u00e9 org\u00e1ny \u0161koly na rozdiel od org\u00e1nov \u0161kolskej samospr\u00e1vy nie s\u00fa explicitne upraven\u00e9 v\u00a0z\u00e1kone v\u00a0takom rozsahu, ako je to v\u00a0pr\u00edpade org\u00e1nov \u0161kolskej samospr\u00e1vy. Z\u00a0tohto d\u00f4vodu ich zriadenie, \u010dinnos\u0165 a\u00a0zlo\u017eenie [&hellip;]<\/p>\n","protected":false},"author":3,"featured_media":0,"parent":0,"menu_order":0,"comment_status":"closed","ping_status":"closed","template":"","meta":{"footnotes":""},"class_list":["post-2716","page","type-page","status-publish","hentry"],"_links":{"self":[{"href":"https:\/\/e-ucebnice.ff.ucm.sk\/index.php\/wp-json\/wp\/v2\/pages\/2716","targetHints":{"allow":["GET"]}}],"collection":[{"href":"https:\/\/e-ucebnice.ff.ucm.sk\/index.php\/wp-json\/wp\/v2\/pages"}],"about":[{"href":"https:\/\/e-ucebnice.ff.ucm.sk\/index.php\/wp-json\/wp\/v2\/types\/page"}],"author":[{"embeddable":true,"href":"https:\/\/e-ucebnice.ff.ucm.sk\/index.php\/wp-json\/wp\/v2\/users\/3"}],"replies":[{"embeddable":true,"href":"https:\/\/e-ucebnice.ff.ucm.sk\/index.php\/wp-json\/wp\/v2\/comments?post=2716"}],"version-history":[{"count":4,"href":"https:\/\/e-ucebnice.ff.ucm.sk\/index.php\/wp-json\/wp\/v2\/pages\/2716\/revisions"}],"predecessor-version":[{"id":3024,"href":"https:\/\/e-ucebnice.ff.ucm.sk\/index.php\/wp-json\/wp\/v2\/pages\/2716\/revisions\/3024"}],"wp:attachment":[{"href":"https:\/\/e-ucebnice.ff.ucm.sk\/index.php\/wp-json\/wp\/v2\/media?parent=2716"}],"curies":[{"name":"wp","href":"https:\/\/api.w.org\/{rel}","templated":true}]}}