{"id":2773,"date":"2023-03-02T19:30:42","date_gmt":"2023-03-02T18:30:42","guid":{"rendered":"https:\/\/e-ucebnice.ff.ucm.sk\/?page_id=2773"},"modified":"2023-03-02T20:25:22","modified_gmt":"2023-03-02T19:25:22","slug":"uvod-do-eduk-man-1-2-4","status":"publish","type":"page","link":"https:\/\/e-ucebnice.ff.ucm.sk\/index.php\/uvod-do-eduk-man-1-2-4\/","title":{"rendered":"\u00davod do eduk man-1-2-4"},"content":{"rendered":"\t\t<div data-elementor-type=\"wp-page\" data-elementor-id=\"2773\" class=\"elementor elementor-2773\" data-elementor-post-type=\"page\">\n\t\t\t\t\t\t<section class=\"elementor-section elementor-top-section elementor-element elementor-element-6f672ed elementor-section-height-min-height elementor-section-boxed elementor-section-height-default elementor-section-items-middle\" data-id=\"6f672ed\" data-element_type=\"section\" data-settings=\"{&quot;background_background&quot;:&quot;classic&quot;}\">\n\t\t\t\t\t\t\t<div class=\"elementor-background-overlay\"><\/div>\n\t\t\t\t\t\t\t<div class=\"elementor-container elementor-column-gap-default\">\n\t\t\t\t\t<div class=\"elementor-column elementor-col-100 elementor-top-column elementor-element elementor-element-bbeb470\" data-id=\"bbeb470\" data-element_type=\"column\">\n\t\t\t<div class=\"elementor-widget-wrap elementor-element-populated\">\n\t\t\t\t\t\t<div class=\"elementor-element elementor-element-d82f1ef elementor-widget elementor-widget-heading\" data-id=\"d82f1ef\" data-element_type=\"widget\" data-widget_type=\"heading.default\">\n\t\t\t\t<div class=\"elementor-widget-container\">\n\t\t\t\t\t<h1 class=\"elementor-heading-title elementor-size-default\">\u00daVOD DO EDUKA\u010cN\u00c9HO MANA\u017dMENTU <\/h1>\t\t\t\t<\/div>\n\t\t\t\t<\/div>\n\t\t\t\t\t<\/div>\n\t\t<\/div>\n\t\t\t\t\t<\/div>\n\t\t<\/section>\n\t\t\t\t<section class=\"elementor-section elementor-top-section elementor-element elementor-element-2858d6f elementor-section-boxed elementor-section-height-default elementor-section-height-default\" data-id=\"2858d6f\" data-element_type=\"section\">\n\t\t\t\t\t\t<div class=\"elementor-container elementor-column-gap-default\">\n\t\t\t\t\t<div class=\"elementor-column elementor-col-100 elementor-top-column elementor-element elementor-element-e63bd34\" data-id=\"e63bd34\" data-element_type=\"column\">\n\t\t\t<div class=\"elementor-widget-wrap elementor-element-populated\">\n\t\t\t\t\t\t<section class=\"elementor-section elementor-inner-section elementor-element elementor-element-0b79421 elementor-section-boxed elementor-section-height-default elementor-section-height-default\" data-id=\"0b79421\" data-element_type=\"section\">\n\t\t\t\t\t\t<div class=\"elementor-container elementor-column-gap-default\">\n\t\t\t\t\t<div class=\"elementor-column elementor-col-100 elementor-inner-column elementor-element elementor-element-bb0ded5\" data-id=\"bb0ded5\" data-element_type=\"column\">\n\t\t\t<div class=\"elementor-widget-wrap elementor-element-populated\">\n\t\t\t\t\t\t<div class=\"elementor-element elementor-element-759b076 elementor-widget elementor-widget-heading\" data-id=\"759b076\" data-element_type=\"widget\" data-widget_type=\"heading.default\">\n\t\t\t\t<div class=\"elementor-widget-container\">\n\t\t\t\t\t<h3 class=\"elementor-heading-title elementor-size-default\">Pragmatick\u00e1 \u0161kola mana\u017ementu<\/h3>\t\t\t\t<\/div>\n\t\t\t\t<\/div>\n\t\t\t\t<div class=\"elementor-element elementor-element-5aa9d5d elementor-widget elementor-widget-text-editor\" data-id=\"5aa9d5d\" data-element_type=\"widget\" data-widget_type=\"text-editor.default\">\n\t\t\t\t<div class=\"elementor-widget-container\">\n\t\t\t\t\t\t\t\t\t<p style=\"text-align: justify;\">Tento pr\u00edstup je roz\u0161\u00edren\u00fd najm\u00e4 v\u00a0americkom mana\u017emente. Jeho podstata spo\u010d\u00edva v\u00a0zbere, anal\u00fdze a\u00a0zhodnoten\u00ed sk\u00fasenost\u00ed z\u00a0mana\u017e\u00e9rskej praxe. Zaober\u00e1 sa najm\u00e4 sk\u00fasenos\u0165ami a\u00a0n\u00e1vrhmi na rie\u0161enie re\u00e1lnych probl\u00e9mov, pri\u010dom nerozv\u00edja \u010fal\u0161ie teoretick\u00e9 \u00favahy na interpret\u00e1ciu svojich n\u00e1zorov. Pr\u00e1ve nedostatok te\u00f3rie (a s\u00a0t\u00fdm spojenej systematickosti, ucelenosti, zd\u00f4vodnenia) je aj jedn\u00fdm z\u00a0nedostatkov tejto te\u00f3rie. Pr\u00ednosom tejto te\u00f3rie je najm\u00e4 snaha jej predstavite\u013eov vypracova\u0165 na z\u00e1klade praktick\u00fdch sk\u00fasenost\u00ed konkr\u00e9tne odpor\u00fa\u010dania pre mana\u017e\u00e9rske \u010dinnosti (MAJT\u00c1N a\u00a0kol., 2016, 53-57).<\/p>\t\t\t\t\t\t\t\t<\/div>\n\t\t\t\t<\/div>\n\t\t\t\t\t<\/div>\n\t\t<\/div>\n\t\t\t\t\t<\/div>\n\t\t<\/section>\n\t\t\t\t\t<\/div>\n\t\t<\/div>\n\t\t\t\t\t<\/div>\n\t\t<\/section>\n\t\t\t\t<\/div>\n\t\t","protected":false},"excerpt":{"rendered":"<p>\u00daVOD DO EDUKA\u010cN\u00c9HO MANA\u017dMENTU Pragmatick\u00e1 \u0161kola mana\u017ementu Tento pr\u00edstup je roz\u0161\u00edren\u00fd najm\u00e4 v\u00a0americkom mana\u017emente. Jeho podstata spo\u010d\u00edva v\u00a0zbere, anal\u00fdze a\u00a0zhodnoten\u00ed sk\u00fasenost\u00ed z\u00a0mana\u017e\u00e9rskej praxe. Zaober\u00e1 sa najm\u00e4 sk\u00fasenos\u0165ami a\u00a0n\u00e1vrhmi na rie\u0161enie re\u00e1lnych probl\u00e9mov, pri\u010dom nerozv\u00edja \u010fal\u0161ie teoretick\u00e9 \u00favahy na interpret\u00e1ciu svojich n\u00e1zorov. Pr\u00e1ve nedostatok te\u00f3rie (a s\u00a0t\u00fdm spojenej systematickosti, ucelenosti, zd\u00f4vodnenia) je aj jedn\u00fdm z\u00a0nedostatkov tejto [&hellip;]<\/p>\n","protected":false},"author":3,"featured_media":0,"parent":0,"menu_order":0,"comment_status":"closed","ping_status":"closed","template":"","meta":{"footnotes":""},"class_list":["post-2773","page","type-page","status-publish","hentry"],"_links":{"self":[{"href":"https:\/\/e-ucebnice.ff.ucm.sk\/index.php\/wp-json\/wp\/v2\/pages\/2773","targetHints":{"allow":["GET"]}}],"collection":[{"href":"https:\/\/e-ucebnice.ff.ucm.sk\/index.php\/wp-json\/wp\/v2\/pages"}],"about":[{"href":"https:\/\/e-ucebnice.ff.ucm.sk\/index.php\/wp-json\/wp\/v2\/types\/page"}],"author":[{"embeddable":true,"href":"https:\/\/e-ucebnice.ff.ucm.sk\/index.php\/wp-json\/wp\/v2\/users\/3"}],"replies":[{"embeddable":true,"href":"https:\/\/e-ucebnice.ff.ucm.sk\/index.php\/wp-json\/wp\/v2\/comments?post=2773"}],"version-history":[{"count":10,"href":"https:\/\/e-ucebnice.ff.ucm.sk\/index.php\/wp-json\/wp\/v2\/pages\/2773\/revisions"}],"predecessor-version":[{"id":2810,"href":"https:\/\/e-ucebnice.ff.ucm.sk\/index.php\/wp-json\/wp\/v2\/pages\/2773\/revisions\/2810"}],"wp:attachment":[{"href":"https:\/\/e-ucebnice.ff.ucm.sk\/index.php\/wp-json\/wp\/v2\/media?parent=2773"}],"curies":[{"name":"wp","href":"https:\/\/api.w.org\/{rel}","templated":true}]}}