{"id":2814,"date":"2023-03-04T09:16:05","date_gmt":"2023-03-04T08:16:05","guid":{"rendered":"https:\/\/e-ucebnice.ff.ucm.sk\/?page_id=2814"},"modified":"2023-03-04T09:34:58","modified_gmt":"2023-03-04T08:34:58","slug":"uvod-do-eduk-man-2-1","status":"publish","type":"page","link":"https:\/\/e-ucebnice.ff.ucm.sk\/index.php\/uvod-do-eduk-man-2-1\/","title":{"rendered":"\u00davod do eduk man-2-1"},"content":{"rendered":"\t\t<div data-elementor-type=\"wp-page\" data-elementor-id=\"2814\" class=\"elementor elementor-2814\" data-elementor-post-type=\"page\">\n\t\t\t\t\t\t<section class=\"elementor-section elementor-top-section elementor-element elementor-element-6f672ed elementor-section-height-min-height elementor-section-boxed elementor-section-height-default elementor-section-items-middle\" data-id=\"6f672ed\" data-element_type=\"section\" data-settings=\"{&quot;background_background&quot;:&quot;classic&quot;}\">\n\t\t\t\t\t\t\t<div class=\"elementor-background-overlay\"><\/div>\n\t\t\t\t\t\t\t<div class=\"elementor-container elementor-column-gap-default\">\n\t\t\t\t\t<div class=\"elementor-column elementor-col-100 elementor-top-column elementor-element elementor-element-bbeb470\" data-id=\"bbeb470\" data-element_type=\"column\">\n\t\t\t<div class=\"elementor-widget-wrap elementor-element-populated\">\n\t\t\t\t\t\t<div class=\"elementor-element elementor-element-d82f1ef elementor-widget elementor-widget-heading\" data-id=\"d82f1ef\" data-element_type=\"widget\" data-widget_type=\"heading.default\">\n\t\t\t\t<div class=\"elementor-widget-container\">\n\t\t\t\t\t<h1 class=\"elementor-heading-title elementor-size-default\">\u00daVOD DO EDUKA\u010cN\u00c9HO MANA\u017dMENTU <\/h1>\t\t\t\t<\/div>\n\t\t\t\t<\/div>\n\t\t\t\t\t<\/div>\n\t\t<\/div>\n\t\t\t\t\t<\/div>\n\t\t<\/section>\n\t\t\t\t<section class=\"elementor-section elementor-top-section elementor-element elementor-element-2858d6f elementor-section-boxed elementor-section-height-default elementor-section-height-default\" data-id=\"2858d6f\" data-element_type=\"section\">\n\t\t\t\t\t\t<div class=\"elementor-container elementor-column-gap-default\">\n\t\t\t\t\t<div class=\"elementor-column elementor-col-100 elementor-top-column elementor-element elementor-element-e63bd34\" data-id=\"e63bd34\" data-element_type=\"column\">\n\t\t\t<div class=\"elementor-widget-wrap elementor-element-populated\">\n\t\t\t\t\t\t<section class=\"elementor-section elementor-inner-section elementor-element elementor-element-0b79421 elementor-section-boxed elementor-section-height-default elementor-section-height-default\" data-id=\"0b79421\" data-element_type=\"section\">\n\t\t\t\t\t\t<div class=\"elementor-container elementor-column-gap-default\">\n\t\t\t\t\t<div class=\"elementor-column elementor-col-100 elementor-inner-column elementor-element elementor-element-bb0ded5\" data-id=\"bb0ded5\" data-element_type=\"column\">\n\t\t\t<div class=\"elementor-widget-wrap elementor-element-populated\">\n\t\t\t\t\t\t<div class=\"elementor-element elementor-element-759b076 elementor-widget elementor-widget-heading\" data-id=\"759b076\" data-element_type=\"widget\" data-widget_type=\"heading.default\">\n\t\t\t\t<div class=\"elementor-widget-container\">\n\t\t\t\t\t<h3 class=\"elementor-heading-title elementor-size-default\">Charakteristika riadenia \u0161kolstva pred rokom 1989<\/h3>\t\t\t\t<\/div>\n\t\t\t\t<\/div>\n\t\t\t\t<div class=\"elementor-element elementor-element-5aa9d5d elementor-widget elementor-widget-text-editor\" data-id=\"5aa9d5d\" data-element_type=\"widget\" data-widget_type=\"text-editor.default\">\n\t\t\t\t<div class=\"elementor-widget-container\">\n\t\t\t\t\t\t\t\t\t<p style=\"text-align: justify;\">S\u00fa\u010dasn\u00e1 podoba eduka\u010dn\u00e9ho mana\u017ementu v\u00a0podmienkach Slovenskej republiky pre\u0161la historick\u00fdm v\u00fdvojom, pri\u010dom k\u013e\u00fa\u010dov\u00e1 transform\u00e1cia riadenia \u0161k\u00f4l sa za\u010dala po roku 1989, kedy boli vytvoren\u00e9 soci\u00e1lno-politick\u00e9 podmienky pre rozvoj demokratick\u00e9ho riadenia spolo\u010dnosti ako celku, vr\u00e1tane \u0161kolstva ako subsyst\u00e9mu.<\/p><p style=\"text-align: justify;\">Syst\u00e9m riadenia \u0161kolstva pred rokom 1989 m\u00f4\u017eeme charakterizova\u0165 viacer\u00fdmi znakmi, ktor\u00e9 z\u00e1rove\u0148 predstavovali limity pre \u010fal\u0161\u00ed rozvoj a\u00a0fungovanie v\u00a0demokratickej spolo\u010dnosti (PISO\u0147OV\u00c1 a kol., 2014, 29-30):<\/p><ul style=\"text-align: justify;\"><li>centralizmus, ktor\u00fd sa prejavoval v uplat\u0148ovan\u00ed ved\u00facej \u00falohy komunistickej strany a v podce\u0148ovan\u00ed auton\u00f3mneho postavenia \u0161koly;<\/li><li>byrokracia pri riaden\u00ed \u0161k\u00f4l spojen\u00e1 s akcentovan\u00edm direkt\u00edvnosti, uplat\u0148ovanie unifikovan\u00fdch pr\u00edstupov k riadeniu namiesto uplat\u0148ovania plurality;<\/li><li>sovietiz\u00e1cia, jednostrann\u00e9 preberanie iba sk\u00fasenost\u00ed sovietskych \u0161k\u00f4l, \u010do viedlo k zna\u010dnej izolovanosti od sveta;<\/li><li>zjednodu\u0161en\u00e1 orient\u00e1cia \u0161k\u00f4l a ich riadenia na sledovanie pr\u00edpravy \u017eiakov na pr\u00e1cu namiesto mnohostrann\u00e9ho rozvoja ich osobnosti;<\/li><li>absencia skuto\u010dnej, nie iba postulovanej demokracie, prejavuj\u00facej sa v \u00fa\u010dasti u\u010dite\u013eov na riaden\u00ed, najm\u00e4 na procesoch rozhodovania v \u0161kolstve;<\/li><li>neefekt\u00edvnos\u0165 pr\u00e1ce s inform\u00e1ciami, prejavuj\u00faca sa v ich iracion\u00e1lnosti, zd\u013ahavosti a skreslenosti;<\/li><li>mal\u00e1 \u00fa\u010dinnos\u0165 kontrolnej \u010dinnosti, ktor\u00e1 sa vykon\u00e1vala pod\u013ea form\u00e1lnych ukazovate\u013eov;<\/li><li>absencia objekt\u00edvnych krit\u00e9ri\u00ed v\u00fdberu ved\u00facich zamestnancov v \u0161kolstve, najm\u00e4 riadite\u013eov \u0161k\u00f4l;<\/li><li>jednostrann\u00fd akcent na \u00falohy pl\u00e1novan\u00e9 vy\u0161\u0161\u00edmi org\u00e1nmi, namiesto akcentu na \u00falohy, ktor\u00e9 vypl\u00fdvali z potrieb \u0161koly, jej z\u00e1zemia.<\/li><\/ul><p style=\"text-align: justify;\">Vyrovn\u00e1vanie sa s\u00a0vy\u0161\u0161ie uveden\u00fdmi nedostatkami, limituj\u00facimi cestu k\u00a0modern\u00e9mu eduka\u010dn\u00e9mu mana\u017ementu a\u00a0rozvoju \u0161kolstva na Slovensku, sa odohr\u00e1valo prostredn\u00edctvom reformn\u00fdch sn\u00e1h, ktor\u00e9 spo\u010d\u00edvali najm\u00e4 v\u00a0zmene legislat\u00edvy, ale aj v\u00a0tvorbe strategick\u00fdch koncep\u010dn\u00fdch materi\u00e1lov, ktor\u00e9 by komplexne a\u00a0dlhodobo nastavili procesy, politiky a\u00a0\u0161trukt\u00fary za \u00fa\u010delom postupnej moderniz\u00e1cie a skvalit\u0148ovania \u0161kolstva ako celku vo v\u0161etk\u00fdch oblastiach (riadenie, financovanie, materi\u00e1lno\u2013technick\u00e9 zabezpe\u010denie a\u00a0pod.).\u00a0\u00a0<\/p>\t\t\t\t\t\t\t\t<\/div>\n\t\t\t\t<\/div>\n\t\t\t\t\t<\/div>\n\t\t<\/div>\n\t\t\t\t\t<\/div>\n\t\t<\/section>\n\t\t\t\t\t<\/div>\n\t\t<\/div>\n\t\t\t\t\t<\/div>\n\t\t<\/section>\n\t\t\t\t<\/div>\n\t\t","protected":false},"excerpt":{"rendered":"<p>\u00daVOD DO EDUKA\u010cN\u00c9HO MANA\u017dMENTU Charakteristika riadenia \u0161kolstva pred rokom 1989 S\u00fa\u010dasn\u00e1 podoba eduka\u010dn\u00e9ho mana\u017ementu v\u00a0podmienkach Slovenskej republiky pre\u0161la historick\u00fdm v\u00fdvojom, pri\u010dom k\u013e\u00fa\u010dov\u00e1 transform\u00e1cia riadenia \u0161k\u00f4l sa za\u010dala po roku 1989, kedy boli vytvoren\u00e9 soci\u00e1lno-politick\u00e9 podmienky pre rozvoj demokratick\u00e9ho riadenia spolo\u010dnosti ako celku, vr\u00e1tane \u0161kolstva ako subsyst\u00e9mu. Syst\u00e9m riadenia \u0161kolstva pred rokom 1989 m\u00f4\u017eeme charakterizova\u0165 viacer\u00fdmi [&hellip;]<\/p>\n","protected":false},"author":3,"featured_media":0,"parent":0,"menu_order":0,"comment_status":"closed","ping_status":"closed","template":"","meta":{"footnotes":""},"class_list":["post-2814","page","type-page","status-publish","hentry"],"_links":{"self":[{"href":"https:\/\/e-ucebnice.ff.ucm.sk\/index.php\/wp-json\/wp\/v2\/pages\/2814","targetHints":{"allow":["GET"]}}],"collection":[{"href":"https:\/\/e-ucebnice.ff.ucm.sk\/index.php\/wp-json\/wp\/v2\/pages"}],"about":[{"href":"https:\/\/e-ucebnice.ff.ucm.sk\/index.php\/wp-json\/wp\/v2\/types\/page"}],"author":[{"embeddable":true,"href":"https:\/\/e-ucebnice.ff.ucm.sk\/index.php\/wp-json\/wp\/v2\/users\/3"}],"replies":[{"embeddable":true,"href":"https:\/\/e-ucebnice.ff.ucm.sk\/index.php\/wp-json\/wp\/v2\/comments?post=2814"}],"version-history":[{"count":4,"href":"https:\/\/e-ucebnice.ff.ucm.sk\/index.php\/wp-json\/wp\/v2\/pages\/2814\/revisions"}],"predecessor-version":[{"id":2852,"href":"https:\/\/e-ucebnice.ff.ucm.sk\/index.php\/wp-json\/wp\/v2\/pages\/2814\/revisions\/2852"}],"wp:attachment":[{"href":"https:\/\/e-ucebnice.ff.ucm.sk\/index.php\/wp-json\/wp\/v2\/media?parent=2814"}],"curies":[{"name":"wp","href":"https:\/\/api.w.org\/{rel}","templated":true}]}}