{"id":2816,"date":"2023-03-04T09:16:47","date_gmt":"2023-03-04T08:16:47","guid":{"rendered":"https:\/\/e-ucebnice.ff.ucm.sk\/?page_id=2816"},"modified":"2023-03-04T09:36:12","modified_gmt":"2023-03-04T08:36:12","slug":"uvod-do-eduk-man-2-2","status":"publish","type":"page","link":"https:\/\/e-ucebnice.ff.ucm.sk\/index.php\/uvod-do-eduk-man-2-2\/","title":{"rendered":"\u00davod do eduk man-2-2"},"content":{"rendered":"\t\t<div data-elementor-type=\"wp-page\" data-elementor-id=\"2816\" class=\"elementor elementor-2816\" data-elementor-post-type=\"page\">\n\t\t\t\t\t\t<section class=\"elementor-section elementor-top-section elementor-element elementor-element-6f672ed elementor-section-height-min-height elementor-section-boxed elementor-section-height-default elementor-section-items-middle\" data-id=\"6f672ed\" data-element_type=\"section\" data-settings=\"{&quot;background_background&quot;:&quot;classic&quot;}\">\n\t\t\t\t\t\t\t<div class=\"elementor-background-overlay\"><\/div>\n\t\t\t\t\t\t\t<div class=\"elementor-container elementor-column-gap-default\">\n\t\t\t\t\t<div class=\"elementor-column elementor-col-100 elementor-top-column elementor-element elementor-element-bbeb470\" data-id=\"bbeb470\" data-element_type=\"column\">\n\t\t\t<div class=\"elementor-widget-wrap elementor-element-populated\">\n\t\t\t\t\t\t<div class=\"elementor-element elementor-element-d82f1ef elementor-widget elementor-widget-heading\" data-id=\"d82f1ef\" data-element_type=\"widget\" data-widget_type=\"heading.default\">\n\t\t\t\t<div class=\"elementor-widget-container\">\n\t\t\t\t\t<h1 class=\"elementor-heading-title elementor-size-default\">\u00daVOD DO EDUKA\u010cN\u00c9HO MANA\u017dMENTU <\/h1>\t\t\t\t<\/div>\n\t\t\t\t<\/div>\n\t\t\t\t\t<\/div>\n\t\t<\/div>\n\t\t\t\t\t<\/div>\n\t\t<\/section>\n\t\t\t\t<section class=\"elementor-section elementor-top-section elementor-element elementor-element-2858d6f elementor-section-boxed elementor-section-height-default elementor-section-height-default\" data-id=\"2858d6f\" data-element_type=\"section\">\n\t\t\t\t\t\t<div class=\"elementor-container elementor-column-gap-default\">\n\t\t\t\t\t<div class=\"elementor-column elementor-col-100 elementor-top-column elementor-element elementor-element-e63bd34\" data-id=\"e63bd34\" data-element_type=\"column\">\n\t\t\t<div class=\"elementor-widget-wrap elementor-element-populated\">\n\t\t\t\t\t\t<section class=\"elementor-section elementor-inner-section elementor-element elementor-element-0b79421 elementor-section-boxed elementor-section-height-default elementor-section-height-default\" data-id=\"0b79421\" data-element_type=\"section\">\n\t\t\t\t\t\t<div class=\"elementor-container elementor-column-gap-default\">\n\t\t\t\t\t<div class=\"elementor-column elementor-col-100 elementor-inner-column elementor-element elementor-element-bb0ded5\" data-id=\"bb0ded5\" data-element_type=\"column\">\n\t\t\t<div class=\"elementor-widget-wrap elementor-element-populated\">\n\t\t\t\t\t\t<div class=\"elementor-element elementor-element-759b076 elementor-widget elementor-widget-heading\" data-id=\"759b076\" data-element_type=\"widget\" data-widget_type=\"heading.default\">\n\t\t\t\t<div class=\"elementor-widget-container\">\n\t\t\t\t\t<h3 class=\"elementor-heading-title elementor-size-default\">Legislat\u00edvne zmeny v riaden\u00ed \u0161kolstva po roku 1989<\/h3>\t\t\t\t<\/div>\n\t\t\t\t<\/div>\n\t\t\t\t<div class=\"elementor-element elementor-element-5aa9d5d elementor-widget elementor-widget-text-editor\" data-id=\"5aa9d5d\" data-element_type=\"widget\" data-widget_type=\"text-editor.default\">\n\t\t\t\t<div class=\"elementor-widget-container\">\n\t\t\t\t\t\t\t\t\t<p style=\"text-align: justify;\">Nov\u00e1 spolo\u010densko\u2013politick\u00e1 situ\u00e1cia po novembri 1989 si vy\u017eadovala aj zmeny v\u00a0\u0161kolskej legislat\u00edve, ktor\u00e1 musela odzrkad\u013eova\u0165 aktu\u00e1lne trendy s\u00favisiace so spolo\u010densk\u00fdmi zmenami. V\u00a0oblasti \u0161kolstva i\u0161lo predov\u0161etk\u00fdm o\u00a0d\u00f4raz na slobodu, demokraciu, otvorenos\u0165, efektivitu, objektivitu, samospr\u00e1vu, kontrolu a\u00a0pod.<\/p><p style=\"text-align: justify;\">Prv\u00fdmi d\u00f4le\u017eit\u00fdmi krokmi na tejto ceste bolo prijatie dvoch k\u013e\u00fa\u010dov\u00fdch z\u00e1konov:<\/p><ul style=\"text-align: justify;\"><li>Z\u00e1kon Slovenskej n\u00e1rodnej rady <em>\u010d. 347 z 28. augusta 1990 o organiz\u00e1cii ministerstiev a ostatn\u00fdch \u00fastredn\u00fdch org\u00e1nov \u0161t\u00e1tnej spr\u00e1vy Slovenskej republiky<\/em><\/li><li>Z\u00e1kon Slovenskej n\u00e1rodnej rady <em>\u010d. 542 z 26. novembra 1990 o \u0161t\u00e1tnej spr\u00e1ve v \u0161kolstve a \u0161kolskej samospr\u00e1ve<\/em><\/li><\/ul><p style=\"text-align: justify;\">D\u00f4le\u017eitou v tomto smere bola aj novela z\u00e1kona <em>\u010d. 29 z 22. marca 1984 o s\u00fastave z\u00e1kladn\u00fdch a stredn\u00fdch \u0161k\u00f4l (\u0161kolsk\u00fd z\u00e1kon)<\/em>, ktor\u00fd m\u00f4\u017eeme poklada\u0165 za k\u013e\u00fa\u010dov\u00fd z\u00e1kon v oblasti v\u00fdchovy a vzdel\u00e1vania, ktor\u00e9ho \u00fa\u010dinnos\u0165 po dev\u00e4tn\u00e1stich noveliz\u00e1ci\u00e1ch skon\u010dila ku d\u0148u 31.08.2008. Ako pr\u00edklad vypriadavania sa s predch\u00e1dzaj\u00facim re\u017eimom m\u00f4\u017eeme uvies\u0165, \u017ee jednou z k\u013e\u00fa\u010dov\u00fdch zmien v z\u00e1kone, ktor\u00e1 bola realizovan\u00e1 novelou prostredn\u00edctvom z\u00e1kona <em>\u010d. 171 z 3. m\u00e1ja 1990, ktor\u00fdm sa men\u00ed a dop\u013a\u0148a z\u00e1kon \u010d. 29\/1984 Zb. o s\u00fastave z\u00e1kladn\u00fdch a stredn\u00fdch \u0161k\u00f4l (\u0161kolsk\u00fd z\u00e1kon)<\/em> bolo vypustenie \u00favodnej \u010dasti (preambuly), ktor\u00e1 charakterizovala podstatu a v\u00fdchodisk\u00e1 vtedaj\u0161ieho \u0161kolstva:<\/p><p style=\"text-align: justify;\">\u201eVysok\u00e1 \u00farove\u0148, prehlbovanie a zdokona\u013eovanie socialistickej v\u00fdchovy a vzdelanosti mladej gener\u00e1cie i v\u0161etk\u00fdch pracuj\u00facich je jedn\u00fdm zo z\u00e1kladn\u00fdch predpokladov \u010fal\u0161ieho rozvoja socialistickej spolo\u010dnosti, jej ekonomiky a kult\u00fary, upev\u0148ovania socialistick\u00fdch v\u00fdrobn\u00fdch vz\u0165ahov a socialistick\u00e9ho sp\u00f4sobu \u017eivota. \u00daloha v\u00fdchovy a vzdelania nadob\u00fada na d\u00f4le\u017eitosti najm\u00e4 v etape vedeckotechnickej revol\u00facie a m\u00e1 z\u00e1sadn\u00fd v\u00fdznam pre r\u00fdchlej\u0161ie uplat\u0148ovanie jej v\u00fdsledkov v praxi.<\/p><p style=\"text-align: justify;\">V\u00fdchova a vzdel\u00e1vanie v \u010ceskoslovenskej socialistickej republike s\u00fa vecou celej spolo\u010dnosti a uskuto\u010d\u0148uj\u00fa sa pod veden\u00edm Komunistickej strany \u010ceskoslovenska a socialistick\u00e9ho \u0161t\u00e1tu, s\u00fa zalo\u017een\u00e9 na vedeckom sveton\u00e1zore, na \u00fazkom spojen\u00ed \u0161koly so \u017eivotom a pr\u00e1cou \u013eudu a opieraj\u00fa sa o najnov\u0161ie poznatky vedy a techniky. Zmyslom a hlavnou \u00falohou v\u00fdchovy a vzdel\u00e1vania je pripravi\u0165 ml\u00e1de\u017e na \u017eivot a pr\u00e1cu v rozvinutej socialistickej spolo\u010dnosti a na obranu socialistickej vlasti. Hlavn\u00e1 \u00faloha pritom pripad\u00e1 \u0161kole.<\/p><p style=\"text-align: justify;\">Rozhoduj\u00facim \u010dinite\u013eom v\u00fdchovno-vzdel\u00e1vacieho procesu na \u0161kol\u00e1ch s\u00fa u\u010ditelia a \u010fal\u0161\u00ed pedagogick\u00ed pracovn\u00edci. \u0160kola v \u00fazkej spolupr\u00e1ci s rodinou, spolo\u010densk\u00fdmi organiz\u00e1ciami, najm\u00e4 so Socialistick\u00fdm zv\u00e4zom ml\u00e1de\u017ee a jeho pionierskou organiz\u00e1ciou, s Revolu\u010dn\u00fdm odborov\u00fdm hnut\u00edm a \u010fal\u0161\u00edmi v\u00fdchovn\u00fdmi in\u0161tit\u00faciami \u0161t\u00e1tu sa usiluje o jednotu v\u00fdchovy a vzdel\u00e1vania a star\u00e1 sa o zdrav\u00fd v\u00fdvoj \u017eiakov akt\u00edvnym rozv\u00edjan\u00edm ich du\u0161evn\u00fdch a telesn\u00fdch schopnost\u00ed.<\/p><p style=\"text-align: justify;\">\u0160t\u00e1tne org\u00e1ny a socialistick\u00e9 organiz\u00e1cie vytv\u00e1raj\u00fa podmienky na pr\u00edpravu ml\u00e1de\u017ee na v\u00fdkon povolania.\u201c<\/p>\t\t\t\t\t\t\t\t<\/div>\n\t\t\t\t<\/div>\n\t\t\t\t\t<\/div>\n\t\t<\/div>\n\t\t\t\t\t<\/div>\n\t\t<\/section>\n\t\t\t\t\t<\/div>\n\t\t<\/div>\n\t\t\t\t\t<\/div>\n\t\t<\/section>\n\t\t\t\t<\/div>\n\t\t","protected":false},"excerpt":{"rendered":"<p>\u00daVOD DO EDUKA\u010cN\u00c9HO MANA\u017dMENTU Legislat\u00edvne zmeny v riaden\u00ed \u0161kolstva po roku 1989 Nov\u00e1 spolo\u010densko\u2013politick\u00e1 situ\u00e1cia po novembri 1989 si vy\u017eadovala aj zmeny v\u00a0\u0161kolskej legislat\u00edve, ktor\u00e1 musela odzrkad\u013eova\u0165 aktu\u00e1lne trendy s\u00favisiace so spolo\u010densk\u00fdmi zmenami. V\u00a0oblasti \u0161kolstva i\u0161lo predov\u0161etk\u00fdm o\u00a0d\u00f4raz na slobodu, demokraciu, otvorenos\u0165, efektivitu, objektivitu, samospr\u00e1vu, kontrolu a\u00a0pod. Prv\u00fdmi d\u00f4le\u017eit\u00fdmi krokmi na tejto ceste bolo prijatie [&hellip;]<\/p>\n","protected":false},"author":3,"featured_media":0,"parent":0,"menu_order":0,"comment_status":"closed","ping_status":"closed","template":"","meta":{"footnotes":""},"class_list":["post-2816","page","type-page","status-publish","hentry"],"_links":{"self":[{"href":"https:\/\/e-ucebnice.ff.ucm.sk\/index.php\/wp-json\/wp\/v2\/pages\/2816","targetHints":{"allow":["GET"]}}],"collection":[{"href":"https:\/\/e-ucebnice.ff.ucm.sk\/index.php\/wp-json\/wp\/v2\/pages"}],"about":[{"href":"https:\/\/e-ucebnice.ff.ucm.sk\/index.php\/wp-json\/wp\/v2\/types\/page"}],"author":[{"embeddable":true,"href":"https:\/\/e-ucebnice.ff.ucm.sk\/index.php\/wp-json\/wp\/v2\/users\/3"}],"replies":[{"embeddable":true,"href":"https:\/\/e-ucebnice.ff.ucm.sk\/index.php\/wp-json\/wp\/v2\/comments?post=2816"}],"version-history":[{"count":4,"href":"https:\/\/e-ucebnice.ff.ucm.sk\/index.php\/wp-json\/wp\/v2\/pages\/2816\/revisions"}],"predecessor-version":[{"id":2855,"href":"https:\/\/e-ucebnice.ff.ucm.sk\/index.php\/wp-json\/wp\/v2\/pages\/2816\/revisions\/2855"}],"wp:attachment":[{"href":"https:\/\/e-ucebnice.ff.ucm.sk\/index.php\/wp-json\/wp\/v2\/media?parent=2816"}],"curies":[{"name":"wp","href":"https:\/\/api.w.org\/{rel}","templated":true}]}}