{"id":2893,"date":"2023-03-04T09:59:44","date_gmt":"2023-03-04T08:59:44","guid":{"rendered":"https:\/\/e-ucebnice.ff.ucm.sk\/?page_id=2893"},"modified":"2023-03-04T10:18:49","modified_gmt":"2023-03-04T09:18:49","slug":"uvod-do-eduk-man-3-1","status":"publish","type":"page","link":"https:\/\/e-ucebnice.ff.ucm.sk\/index.php\/uvod-do-eduk-man-3-1\/","title":{"rendered":"\u00davod do eduk man-3-1"},"content":{"rendered":"\t\t<div data-elementor-type=\"wp-page\" data-elementor-id=\"2893\" class=\"elementor elementor-2893\" data-elementor-post-type=\"page\">\n\t\t\t\t\t\t<section class=\"elementor-section elementor-top-section elementor-element elementor-element-6f672ed elementor-section-height-min-height elementor-section-boxed elementor-section-height-default elementor-section-items-middle\" data-id=\"6f672ed\" data-element_type=\"section\" data-settings=\"{&quot;background_background&quot;:&quot;classic&quot;}\">\n\t\t\t\t\t\t\t<div class=\"elementor-background-overlay\"><\/div>\n\t\t\t\t\t\t\t<div class=\"elementor-container elementor-column-gap-default\">\n\t\t\t\t\t<div class=\"elementor-column elementor-col-100 elementor-top-column elementor-element elementor-element-bbeb470\" data-id=\"bbeb470\" data-element_type=\"column\">\n\t\t\t<div class=\"elementor-widget-wrap elementor-element-populated\">\n\t\t\t\t\t\t<div class=\"elementor-element elementor-element-d82f1ef elementor-widget elementor-widget-heading\" data-id=\"d82f1ef\" data-element_type=\"widget\" data-widget_type=\"heading.default\">\n\t\t\t\t<div class=\"elementor-widget-container\">\n\t\t\t\t\t<h1 class=\"elementor-heading-title elementor-size-default\">\u00daVOD DO EDUKA\u010cN\u00c9HO MANA\u017dMENTU <\/h1>\t\t\t\t<\/div>\n\t\t\t\t<\/div>\n\t\t\t\t\t<\/div>\n\t\t<\/div>\n\t\t\t\t\t<\/div>\n\t\t<\/section>\n\t\t\t\t<section class=\"elementor-section elementor-top-section elementor-element elementor-element-2858d6f elementor-section-boxed elementor-section-height-default elementor-section-height-default\" data-id=\"2858d6f\" data-element_type=\"section\">\n\t\t\t\t\t\t<div class=\"elementor-container elementor-column-gap-default\">\n\t\t\t\t\t<div class=\"elementor-column elementor-col-100 elementor-top-column elementor-element elementor-element-e63bd34\" data-id=\"e63bd34\" data-element_type=\"column\">\n\t\t\t<div class=\"elementor-widget-wrap elementor-element-populated\">\n\t\t\t\t\t\t<section class=\"elementor-section elementor-inner-section elementor-element elementor-element-0b79421 elementor-section-boxed elementor-section-height-default elementor-section-height-default\" data-id=\"0b79421\" data-element_type=\"section\">\n\t\t\t\t\t\t<div class=\"elementor-container elementor-column-gap-default\">\n\t\t\t\t\t<div class=\"elementor-column elementor-col-100 elementor-inner-column elementor-element elementor-element-bb0ded5\" data-id=\"bb0ded5\" data-element_type=\"column\">\n\t\t\t<div class=\"elementor-widget-wrap elementor-element-populated\">\n\t\t\t\t\t\t<div class=\"elementor-element elementor-element-759b076 elementor-widget elementor-widget-heading\" data-id=\"759b076\" data-element_type=\"widget\" data-widget_type=\"heading.default\">\n\t\t\t\t<div class=\"elementor-widget-container\">\n\t\t\t\t\t<h3 class=\"elementor-heading-title elementor-size-default\">Verejn\u00e1 spr\u00e1va v podmienkach Slovenskej republiky<\/h3>\t\t\t\t<\/div>\n\t\t\t\t<\/div>\n\t\t\t\t<div class=\"elementor-element elementor-element-5aa9d5d elementor-widget elementor-widget-text-editor\" data-id=\"5aa9d5d\" data-element_type=\"widget\" data-widget_type=\"text-editor.default\">\n\t\t\t\t<div class=\"elementor-widget-container\">\n\t\t\t\t\t\t\t\t\t<p style=\"text-align: justify;\">Verejn\u00fa spr\u00e1vu m\u00f4\u017eeme definova\u0165 ako \u010dinnos\u0165 verejnopr\u00e1vnych org\u00e1nov pri spr\u00e1ve verejn\u00fdch z\u00e1le\u017eitost\u00ed.<\/p><p style=\"text-align: justify;\">Verejn\u00fa spr\u00e1vu v\u00a0podmienkach Slovenskej republiky m\u00f4\u017eeme rozdeli\u0165 na (KLIMOVSK\u00dd, 2008, 226-260):<\/p><ul style=\"text-align: justify;\"><li><strong>\u0160t\u00e1tnu spr\u00e1vu.<\/strong><\/li><li><strong>Samospr\u00e1vu.<\/strong><\/li><li><strong>Verejnopr\u00e1vne korpor\u00e1cie.<\/strong><\/li><\/ul><p style=\"text-align: justify;\">\u0160t\u00e1tna spr\u00e1va zabezpe\u010duje plnenie v\u0161etk\u00fdch \u00faloh \u0161t\u00e1tu \u2013 vonkaj\u0161\u00edch aj vn\u00fatorn\u00fdch prostredn\u00edctvom s\u00fastavy \u0161t\u00e1tnych org\u00e1nov. Z\u00a0h\u013eadiska \u00fazemnej p\u00f4sobnosti sa \u0161t\u00e1tna spr\u00e1va rozde\u013euje na:<\/p><ul style=\"text-align: justify;\"><li>\u00dastredn\u00fa \u0161t\u00e1tnu spr\u00e1vu, ktor\u00fa tvoria \u00fastredn\u00e9 \u0161t\u00e1tne org\u00e1ny ako vl\u00e1da SR, ministerstv\u00e1 a\u00a0ostatn\u00e9 \u00fastredn\u00e9 org\u00e1ny \u0161t\u00e1tnej spr\u00e1vy (napr. N\u00e1rodn\u00fd bezpe\u010dnostn\u00fd \u00farad, Protimonopoln\u00fd \u00farad SR, \u0160tatistick\u00fd \u00farad SR a\u00a0pod.).<\/li><li>Miestnu \u0161t\u00e1tnu spr\u00e1vu, ktor\u00fa tvoria hlavne Okresn\u00e9 \u00farady a\u00a0Okresn\u00e9 \u00farady v\u00a0s\u00eddle kraja.<\/li><\/ul><p style=\"text-align: justify;\">Samospr\u00e1vu ako s\u00fa\u010das\u0165 verejnej spr\u00e1vy m\u00f4\u017eeme charakterizova\u0165 ako proces spr\u00e1vy zalo\u017een\u00fd na princ\u00edpe auton\u00f3mneho rozhodovania. V\u00a0podmienkach Slovenskej republiky je s\u00fa\u010das\u0165ou samospr\u00e1vy:<\/p><ul style=\"text-align: justify;\"><li>\u00dazemn\u00e1 samospr\u00e1va (obce, vy\u0161\u0161ie \u00fazemn\u00e9 celky).<\/li><li>Z\u00e1ujmov\u00e1 samospr\u00e1va (tvoria ju profesijn\u00e9 komory, napr. Slovensk\u00e1 advok\u00e1tska komora, Slovensk\u00e1 komora aud\u00edtorov a\u00a0pod.).<\/li><li>\u0160peci\u00e1lna samospr\u00e1va (napr. akademick\u00e1 samospr\u00e1va vysok\u00fdch \u0161k\u00f4l, \u0161kolsk\u00e1 samospr\u00e1va).<\/li><\/ul><p style=\"text-align: justify;\">Verejnopr\u00e1vne korpor\u00e1cie predstavuj\u00fa zdru\u017eenie os\u00f4b, ktor\u00e9 sleduj\u00fa rovnak\u00fd cie\u013e. Ako pr\u00edklady m\u00f4\u017eeme uvies\u0165 N\u00e1rodn\u00fa banku Slovenska, Soci\u00e1lnu pois\u0165ov\u0148u, Maticu slovensk\u00fa, Najvy\u0161\u0161\u00ed kontroln\u00fd \u00farad a\u00a0pod.<\/p>\t\t\t\t\t\t\t\t<\/div>\n\t\t\t\t<\/div>\n\t\t\t\t\t<\/div>\n\t\t<\/div>\n\t\t\t\t\t<\/div>\n\t\t<\/section>\n\t\t\t\t\t<\/div>\n\t\t<\/div>\n\t\t\t\t\t<\/div>\n\t\t<\/section>\n\t\t\t\t<\/div>\n\t\t","protected":false},"excerpt":{"rendered":"<p>\u00daVOD DO EDUKA\u010cN\u00c9HO MANA\u017dMENTU Verejn\u00e1 spr\u00e1va v podmienkach Slovenskej republiky Verejn\u00fa spr\u00e1vu m\u00f4\u017eeme definova\u0165 ako \u010dinnos\u0165 verejnopr\u00e1vnych org\u00e1nov pri spr\u00e1ve verejn\u00fdch z\u00e1le\u017eitost\u00ed. Verejn\u00fa spr\u00e1vu v\u00a0podmienkach Slovenskej republiky m\u00f4\u017eeme rozdeli\u0165 na (KLIMOVSK\u00dd, 2008, 226-260): \u0160t\u00e1tnu spr\u00e1vu. Samospr\u00e1vu. Verejnopr\u00e1vne korpor\u00e1cie. \u0160t\u00e1tna spr\u00e1va zabezpe\u010duje plnenie v\u0161etk\u00fdch \u00faloh \u0161t\u00e1tu \u2013 vonkaj\u0161\u00edch aj vn\u00fatorn\u00fdch prostredn\u00edctvom s\u00fastavy \u0161t\u00e1tnych org\u00e1nov. Z\u00a0h\u013eadiska \u00fazemnej [&hellip;]<\/p>\n","protected":false},"author":3,"featured_media":0,"parent":0,"menu_order":0,"comment_status":"closed","ping_status":"closed","template":"","meta":{"footnotes":""},"class_list":["post-2893","page","type-page","status-publish","hentry"],"_links":{"self":[{"href":"https:\/\/e-ucebnice.ff.ucm.sk\/index.php\/wp-json\/wp\/v2\/pages\/2893","targetHints":{"allow":["GET"]}}],"collection":[{"href":"https:\/\/e-ucebnice.ff.ucm.sk\/index.php\/wp-json\/wp\/v2\/pages"}],"about":[{"href":"https:\/\/e-ucebnice.ff.ucm.sk\/index.php\/wp-json\/wp\/v2\/types\/page"}],"author":[{"embeddable":true,"href":"https:\/\/e-ucebnice.ff.ucm.sk\/index.php\/wp-json\/wp\/v2\/users\/3"}],"replies":[{"embeddable":true,"href":"https:\/\/e-ucebnice.ff.ucm.sk\/index.php\/wp-json\/wp\/v2\/comments?post=2893"}],"version-history":[{"count":4,"href":"https:\/\/e-ucebnice.ff.ucm.sk\/index.php\/wp-json\/wp\/v2\/pages\/2893\/revisions"}],"predecessor-version":[{"id":2929,"href":"https:\/\/e-ucebnice.ff.ucm.sk\/index.php\/wp-json\/wp\/v2\/pages\/2893\/revisions\/2929"}],"wp:attachment":[{"href":"https:\/\/e-ucebnice.ff.ucm.sk\/index.php\/wp-json\/wp\/v2\/media?parent=2893"}],"curies":[{"name":"wp","href":"https:\/\/api.w.org\/{rel}","templated":true}]}}

Úvod do eduk man-3-1

<div data-elementor-type="wp-page" data-elementor-id="2893" class="elementor elementor-2893" data-elementor-post-type="page">
						<section class="elementor-section elementor-top-section elementor-element elementor-element-6f672ed elementor-section-height-min-height elementor-section-boxed elementor-section-height-default elementor-section-items-middle" data-id="6f672ed" data-element_type="section" data-settings="{&quot;background_background&quot;:&quot;classic&quot;}">
							<div class="elementor-background-overlay"></div>
							<div class="elementor-container elementor-column-gap-default">
					<div class="elementor-column elementor-col-100 elementor-top-column elementor-element elementor-element-bbeb470" data-id="bbeb470" data-element_type="column">
			<div class="elementor-widget-wrap elementor-element-populated">
						<div class="elementor-element elementor-element-d82f1ef elementor-widget elementor-widget-heading" data-id="d82f1ef" data-element_type="widget" data-widget_type="heading.default">
				<div class="elementor-widget-container">
					<h1 class="elementor-heading-title elementor-size-default">ÚVOD DO EDUKAČNÉHO MANAŽMENTU </h1>				</div>
				</div>
					</div>
		</div>
					</div>
		</section>
				<section class="elementor-section elementor-top-section elementor-element elementor-element-2858d6f elementor-section-boxed elementor-section-height-default elementor-section-height-default" data-id="2858d6f" data-element_type="section">
						<div class="elementor-container elementor-column-gap-default">
					<div class="elementor-column elementor-col-100 elementor-top-column elementor-element elementor-element-e63bd34" data-id="e63bd34" data-element_type="column">
			<div class="elementor-widget-wrap elementor-element-populated">
						<section class="elementor-section elementor-inner-section elementor-element elementor-element-0b79421 elementor-section-boxed elementor-section-height-default elementor-section-height-default" data-id="0b79421" data-element_type="section">
						<div class="elementor-container elementor-column-gap-default">
					<div class="elementor-column elementor-col-100 elementor-inner-column elementor-element elementor-element-bb0ded5" data-id="bb0ded5" data-element_type="column">
			<div class="elementor-widget-wrap elementor-element-populated">
						<div class="elementor-element elementor-element-759b076 elementor-widget elementor-widget-heading" data-id="759b076" data-element_type="widget" data-widget_type="heading.default">
				<div class="elementor-widget-container">
					<h3 class="elementor-heading-title elementor-size-default">Verejná správa v podmienkach Slovenskej republiky</h3>				</div>
				</div>
				<div class="elementor-element elementor-element-5aa9d5d elementor-widget elementor-widget-text-editor" data-id="5aa9d5d" data-element_type="widget" data-widget_type="text-editor.default">
				<div class="elementor-widget-container">
									<p style="text-align: justify;">Verejnú správu môžeme definovať ako činnosť verejnoprávnych orgánov pri správe verejných záležitostí.</p><p style="text-align: justify;">Verejnú správu v podmienkach Slovenskej republiky môžeme rozdeliť na (KLIMOVSKÝ, 2008, 226-260):</p><ul style="text-align: justify;"><li><strong>Štátnu správu.</strong></li><li><strong>Samosprávu.</strong></li><li><strong>Verejnoprávne korporácie.</strong></li></ul><p style="text-align: justify;">Štátna správa zabezpečuje plnenie všetkých úloh štátu – vonkajších aj vnútorných prostredníctvom sústavy štátnych orgánov. Z hľadiska územnej pôsobnosti sa štátna správa rozdeľuje na:</p><ul style="text-align: justify;"><li>Ústrednú štátnu správu, ktorú tvoria ústredné štátne orgány ako vláda SR, ministerstvá a ostatné ústredné orgány štátnej správy (napr. Národný bezpečnostný úrad, Protimonopolný úrad SR, Štatistický úrad SR a pod.).</li><li>Miestnu štátnu správu, ktorú tvoria hlavne Okresné úrady a Okresné úrady v sídle kraja.</li></ul><p style="text-align: justify;">Samosprávu ako súčasť verejnej správy môžeme charakterizovať ako proces správy založený na princípe autonómneho rozhodovania. V podmienkach Slovenskej republiky je súčasťou samosprávy:</p><ul style="text-align: justify;"><li>Územná samospráva (obce, vyššie územné celky).</li><li>Záujmová samospráva (tvoria ju profesijné komory, napr. Slovenská advokátska komora, Slovenská komora audítorov a pod.).</li><li>Špeciálna samospráva (napr. akademická samospráva vysokých škôl, školská samospráva).</li></ul><p style="text-align: justify;">Verejnoprávne korporácie predstavujú združenie osôb, ktoré sledujú rovnaký cieľ. Ako príklady môžeme uviesť Národnú banku Slovenska, Sociálnu poisťovňu, Maticu slovenskú, Najvyšší kontrolný úrad a pod.</p>								</div>
				</div>
					</div>
		</div>
					</div>
		</section>
					</div>
		</div>
					</div>
		</section>
				</div>

<p>ÚVOD DO EDUKAČNÉHO MANAŽMENTU Verejná správa v podmienkach Slovenskej republiky Verejnú správu môžeme definovať ako činnosť verejnoprávnych orgánov pri správe verejných záležitostí. Verejnú správu v podmienkach Slovenskej republiky môžeme rozdeliť na (KLIMOVSKÝ, 2008, 226-260): Štátnu správu. Samosprávu. Verejnoprávne korporácie. Štátna správa zabezpečuje plnenie všetkých úloh štátu – vonkajších aj vnútorných prostredníctvom sústavy štátnych orgánov. Z hľadiska územnej [&hellip;]</p>
