{"id":2962,"date":"2023-03-04T10:37:33","date_gmt":"2023-03-04T09:37:33","guid":{"rendered":"https:\/\/e-ucebnice.ff.ucm.sk\/?page_id=2962"},"modified":"2023-03-04T10:54:08","modified_gmt":"2023-03-04T09:54:08","slug":"uvod-do-eduk-man-5-1-1","status":"publish","type":"page","link":"https:\/\/e-ucebnice.ff.ucm.sk\/index.php\/uvod-do-eduk-man-5-1-1\/","title":{"rendered":"\u00davod do eduk man-5-1-1"},"content":{"rendered":"\t\t<div data-elementor-type=\"wp-page\" data-elementor-id=\"2962\" class=\"elementor elementor-2962\" data-elementor-post-type=\"page\">\n\t\t\t\t\t\t<section class=\"elementor-section elementor-top-section elementor-element elementor-element-6f672ed elementor-section-height-min-height elementor-section-boxed elementor-section-height-default elementor-section-items-middle\" data-id=\"6f672ed\" data-element_type=\"section\" data-settings=\"{&quot;background_background&quot;:&quot;classic&quot;}\">\n\t\t\t\t\t\t\t<div class=\"elementor-background-overlay\"><\/div>\n\t\t\t\t\t\t\t<div class=\"elementor-container elementor-column-gap-default\">\n\t\t\t\t\t<div class=\"elementor-column elementor-col-100 elementor-top-column elementor-element elementor-element-bbeb470\" data-id=\"bbeb470\" data-element_type=\"column\">\n\t\t\t<div class=\"elementor-widget-wrap elementor-element-populated\">\n\t\t\t\t\t\t<div class=\"elementor-element elementor-element-d82f1ef elementor-widget elementor-widget-heading\" data-id=\"d82f1ef\" data-element_type=\"widget\" data-widget_type=\"heading.default\">\n\t\t\t\t<div class=\"elementor-widget-container\">\n\t\t\t\t\t<h1 class=\"elementor-heading-title elementor-size-default\">\u00daVOD DO EDUKA\u010cN\u00c9HO MANA\u017dMENTU <\/h1>\t\t\t\t<\/div>\n\t\t\t\t<\/div>\n\t\t\t\t\t<\/div>\n\t\t<\/div>\n\t\t\t\t\t<\/div>\n\t\t<\/section>\n\t\t\t\t<section class=\"elementor-section elementor-top-section elementor-element elementor-element-2858d6f elementor-section-boxed elementor-section-height-default elementor-section-height-default\" data-id=\"2858d6f\" data-element_type=\"section\">\n\t\t\t\t\t\t<div class=\"elementor-container elementor-column-gap-default\">\n\t\t\t\t\t<div class=\"elementor-column elementor-col-100 elementor-top-column elementor-element elementor-element-e63bd34\" data-id=\"e63bd34\" data-element_type=\"column\">\n\t\t\t<div class=\"elementor-widget-wrap elementor-element-populated\">\n\t\t\t\t\t\t<section class=\"elementor-section elementor-inner-section elementor-element elementor-element-0b79421 elementor-section-boxed elementor-section-height-default elementor-section-height-default\" data-id=\"0b79421\" data-element_type=\"section\">\n\t\t\t\t\t\t<div class=\"elementor-container elementor-column-gap-default\">\n\t\t\t\t\t<div class=\"elementor-column elementor-col-100 elementor-inner-column elementor-element elementor-element-bb0ded5\" data-id=\"bb0ded5\" data-element_type=\"column\">\n\t\t\t<div class=\"elementor-widget-wrap elementor-element-populated\">\n\t\t\t\t\t\t<div class=\"elementor-element elementor-element-759b076 elementor-widget elementor-widget-heading\" data-id=\"759b076\" data-element_type=\"widget\" data-widget_type=\"heading.default\">\n\t\t\t\t<div class=\"elementor-widget-container\">\n\t\t\t\t\t<h3 class=\"elementor-heading-title elementor-size-default\">Rada \u0161koly \u2013 ustanovenie, zlo\u017eenie, kompetencie<\/h3>\t\t\t\t<\/div>\n\t\t\t\t<\/div>\n\t\t\t\t<div class=\"elementor-element elementor-element-5aa9d5d elementor-widget elementor-widget-text-editor\" data-id=\"5aa9d5d\" data-element_type=\"widget\" data-widget_type=\"text-editor.default\">\n\t\t\t\t<div class=\"elementor-widget-container\">\n\t\t\t\t\t\t\t\t\t<p style=\"text-align: justify;\">Rada \u0161koly sa ustanovuje na svojom ustanovuj\u00facom zasadnut\u00ed v (\u00a7 1 ods. 1 vyhl\u00e1\u0161ky \u010d. 291\/2004): z\u00e1kladn\u00fdch \u0161kol\u00e1ch, v stredn\u00fdch \u0161kol\u00e1ch, v matersk\u00fdch \u0161kol\u00e1ch, v jazykov\u00fdch \u0161kol\u00e1ch, v \u0161peci\u00e1lnych \u0161kol\u00e1ch a v z\u00e1kladn\u00fdch umeleck\u00fdch \u0161kol\u00e1ch. Taktie\u017e sa rada \u0161koly ustanovuje v\u00a0\u0161kolsk\u00fdch zariadeniach, ktor\u00fdmi s\u00fa (\u00a7 24 ods. 3 z\u00e1kona \u010d. 596\/2003): pred\u0161kolsk\u00e9 zariadenia, lie\u010debno-v\u00fdchovn\u00e9 sanat\u00f3ri\u00e1, diagnostick\u00e9 centr\u00e1, \u00a0reeduka\u010dn\u00e9 detsk\u00e9 domovy, reeduka\u010dn\u00e9 domovy pre ml\u00e1de\u017e, domovy ml\u00e1de\u017ee, centr\u00e1 vo\u013en\u00e9ho \u010dasu. Za ustanovenie rady \u0161koly je zodpovedn\u00fd zria\u010fovate\u013e.<\/p><p style=\"text-align: justify;\">\u010clenovia rady \u0161koly s\u00fa volen\u00ed, resp. delegovan\u00ed \u00a0tak, aby bolo re\u0161pektovan\u00e9 zlo\u017eenie rady \u0161koly pod\u013ea jednotliv\u00fdch \u0161k\u00f4l a\u00a0\u0161kolsk\u00fdch zariaden\u00ed. Vo\u013eby do rady \u0161koly v\u00a0pr\u00edpade z\u00e1stupcov pedagogick\u00fdch a\u00a0nepedagogick\u00fdch zamestnancov a\u00a0rodi\u010dov zabezpe\u010duje riadite\u013e \u0161koly alebo\u00a0\u0161kolsk\u00e9ho zariadenia. Z\u00e1stupcu \u017eiakov vol\u00ed \u0161kolsk\u00fd parlament &#8211; \u00a0v\u00a0pr\u00edpade, \u017ee nie je ustanoven\u00fd, tak z\u00e1stupca \u017eiakov je volen\u00fd priamymi vo\u013ebami \u017eiakmi \u0161koly.<\/p><p style=\"text-align: justify;\">V <strong>z\u00e1kladn\u00fdch \u0161kol\u00e1ch<\/strong>, v \u0161peci\u00e1lnych z\u00e1kladn\u00fdch \u0161kol\u00e1ch, v matersk\u00fdch \u0161kol\u00e1ch, v \u0161peci\u00e1lnych matersk\u00fdch \u0161kol\u00e1ch, v z\u00e1kladn\u00fdch umeleck\u00fdch \u0161kol\u00e1ch, v \u0161kolsk\u00fdch intern\u00e1toch a v centr\u00e1ch vo\u013en\u00e9ho \u010dasu radu \u0161koly tvoria (\u00a7 2 vyhl\u00e1\u0161ky \u010d. 291\/2004):<\/p><ul style=\"text-align: justify;\"><li>dvaja z\u00e1stupcovia pedagogick\u00fdch zamestnancov zvolen\u00ed vo vo\u013eb\u00e1ch pedagogick\u00fdmi zamestnancami \u0161koly alebo \u0161kolsk\u00e9ho zariadenia,<\/li><li>jeden z\u00e1stupca nepedagogick\u00fdch zamestnancov zvolen\u00fd vo vo\u013eb\u00e1ch nepedagogick\u00fdmi zamestnancami \u0161koly alebo \u0161kolsk\u00e9ho zariadenia,<\/li><li>\u0161tyria z\u00e1stupcovia rodi\u010dov zvolen\u00ed vo vo\u013eb\u00e1ch rodi\u010dmi \u0161koly alebo \u0161kolsk\u00e9ho zariadenia,<\/li><li>\u0161tyria delegovan\u00ed z\u00e1stupcovia zria\u010fovate\u013ea.<\/li><\/ul><p style=\"text-align: justify;\">V <strong>stredn\u00fdch \u0161kol\u00e1ch<\/strong>, v \u0161peci\u00e1lnych stredn\u00fdch \u0161kol\u00e1ch, v odborn\u00fdch u\u010dili\u0161tiach a v praktick\u00fdch \u0161kol\u00e1ch radu \u0161koly tvoria (\u00a7 3 vyhl\u00e1\u0161ky \u010d. 291\/2004):<\/p><ul style=\"text-align: justify;\"><li>dvaja z\u00e1stupcovia pedagogick\u00fdch zamestnancov zvolen\u00ed vo vo\u013eb\u00e1ch pedagogick\u00fdmi zamestnancami \u0161koly alebo \u0161kolsk\u00e9ho zariadenia,<\/li><li>jeden z\u00e1stupca nepedagogick\u00fdch zamestnancov zvolen\u00fd vo vo\u013eb\u00e1ch nepedagogick\u00fdmi zamestnancami \u0161koly alebo \u0161kolsk\u00e9ho zariadenia,<\/li><li>traja z\u00e1stupcovia rodi\u010dov zvolen\u00ed vo vo\u013eb\u00e1ch rodi\u010dmi \u0161koly alebo \u0161kolsk\u00e9ho zariadenia,<\/li><li>jeden z\u00e1stupca \u017eiakov zvolen\u00fd \u0161kolsk\u00fdm parlamentom (v odborn\u00fdch u\u010dili\u0161tiach a v praktick\u00fdch \u0161kol\u00e1ch je rada \u0161koly bez zvolen\u00e9ho z\u00e1stupcu \u017eiakov \u0161koly a zvy\u0161uje sa po\u010det zvolen\u00fdch z\u00e1stupcov pedagogick\u00fdch zamestnancov na troch),<\/li><li>\u0161tyria delegovan\u00ed z\u00e1stupcovia zria\u010fovate\u013ea.<\/li><\/ul><p style=\"text-align: justify;\">Rada \u0161koly m\u00e1 zv\u00e4\u010d\u0161a 11 \u010dlenov. V\u00a0pr\u00edpade, ak m\u00e1 \u0161kola alebo \u0161kolsk\u00e9 zariadenie ni\u017e\u0161\u00ed po\u010det zamestnancov ako 25, po\u010det \u010dlenov rady m\u00f4\u017ee by\u0165 ni\u017e\u0161\u00ed ako 11. Najni\u017e\u0161\u00ed po\u010det \u010dlenov rady m\u00f4\u017ee by\u0165 5, a\u00a0to len v\u00a0tom pr\u00edpade, ak \u0161kola alebo \u0161kolsk\u00e9 zariadenie nem\u00e1 viac ako 10 zamestnancov. Rada \u0161koly je schopn\u00e1 uzn\u00e1\u0161a\u0165 sa, ak je pr\u00edtomn\u00fd nadpolovi\u010dn\u00fd po\u010det \u010dlenov rady s\u00a0v\u00fdnimkou rokovania o\u00a0vymenovan\u00ed, odvolan\u00ed alebo potvrden\u00ed riadite\u013ea \u0161koly, kde sa vy\u017eaduje vy\u0161\u0161ie kv\u00f3rum na prijatie uznesenia \u2013 nadpolovi\u010dn\u00fd po\u010det hlasov v\u0161etk\u00fdch \u010dlenov (nielen pr\u00edtomn\u00fdch).\u00a0\u00a0<\/p><p style=\"text-align: justify;\">Medzi k\u013e\u00fa\u010dov\u00e9 kompetencie rady \u0161koly patr\u00ed (\u00a7 24 ods. 5 z\u00e1kona \u010d. 596\/2003):<\/p><ul style=\"text-align: justify;\"><li>uskuto\u010d\u0148uje v\u00fdberov\u00e9 konanie na vymenovanie riadite\u013ea,<\/li><li>navrhuje na z\u00e1klade v\u00fdberov\u00e9ho konania kandid\u00e1ta na vymenovanie do funkcie riadite\u013ea,<\/li><li>predklad\u00e1 n\u00e1vrh na odvolanie riadite\u013ea alebo sa vyjadruje k n\u00e1vrhu na odvolanie riadite\u013ea; n\u00e1vrh na odvolanie riadite\u013ea predklad\u00e1 v\u017edy s od\u00f4vodnen\u00edm,<\/li><li>vyjadruje sa ku koncep\u010dn\u00fdm z\u00e1merom rozvoja \u0161koly alebo \u0161kolsk\u00e9ho zariadenia, k n\u00e1vrhu na zru\u0161enie \u0161koly a \u0161kolsk\u00e9ho zariadenia.<\/li><\/ul><p style=\"text-align: justify;\">Z\u00a0uveden\u00e9ho vymedzenia kompetenci\u00ed vypl\u00fdva, \u017ee rada \u0161koly zohr\u00e1va d\u00f4le\u017eit\u00fa \u00falohu najm\u00e4 vo vz\u0165ahu k\u00a0riadite\u013eovi (vo\u013eba, n\u00e1vrh na vymenovanie, n\u00e1vrh na odvolanie, kontrola dodr\u017eiavania povinnost\u00ed a\u00a0pod.).<\/p><p style=\"text-align: justify;\">Vo\u013eba riadite\u013ea \u0161koly z\u00a0procesn\u00e9ho h\u013eadiska prebieha v\u00a0nasledovn\u00fdch krokoch:<\/p><ul><li style=\"text-align: justify;\">zria\u010fovate\u013e \u0161koly alebo \u0161kolsk\u00e9ho zariadenia vyhl\u00e1si v\u00fdberov\u00e9 konanie (\u00a7 4 ods. 1 z\u00e1kona \u010d. 596\/2003), ktor\u00e9 obsahuje inform\u00e1cie o\u00a0zamestn\u00e1vate\u013eovi, obsadzovanej funkcii, kvalifika\u010dn\u00fdch predpokladoch, in\u00fdch krit\u00e9ri\u00e1ch a\u00a0po\u017eiadavk\u00e1ch v\u00a0s\u00favislosti s funkciou, zoznam po\u017eadovan\u00fdch dokladov, d\u00e1tum a\u00a0miesto podania \u017eiadosti o\u00a0\u00fa\u010das\u0165 na v\u00fdberovom konan\u00ed; osobitnou po\u017eiadavkou je predlo\u017eenie n\u00e1vrhu koncepcie rozvoja \u0161koly alebo \u0161kolsk\u00e9ho zariadenia,<\/li><li style=\"text-align: justify;\">v\u00fdberovou komisiou na v\u00fdberov\u00e9 konanie na vymenovanie riadite\u013ea je rada \u0161koly, pri\u010dom organiza\u010dn\u00e9 zabezpe\u010denie a\u00a0pos\u00fadenie kvalifika\u010dn\u00fdch predpokladov zabezpe\u010duje zria\u010fovate\u013e (\u00a7 4 ods. 2 z\u00e1kona \u010d. 596\/2003),<\/li><li style=\"text-align: justify;\">v\u00a0pr\u00edpade z\u00e1kladn\u00fdch \u0161k\u00f4l s\u00fa delegovan\u00ed do v\u00fdberovej komisie (rady \u0161koly) s\u00a0riadnym hlasom jeden z\u00e1stupca \u0160t\u00e1tnej \u0161kolskej in\u0161pekcie a\u00a0jeden z\u00e1stupca region\u00e1lneho \u00faradu \u0161kolskej spr\u00e1vy; v\u00a0pr\u00edpade stredn\u00fdch \u0161k\u00f4l s\u00fa delegovan\u00ed do v\u00fdberovej komisie (rady \u0161koly) s riadnym hlasom jeden z\u00e1stupca \u0160t\u00e1tnej \u0161kolskej in\u0161pekcie, jeden z\u00e1stupca region\u00e1lneho \u00faradu \u0161kolskej spr\u00e1vy a\u00a0jeden z\u00e1stupca samospr\u00e1vneho kraja (\u00a7 4 ods. 3 z\u00e1kona \u010d. 596\/2003),<\/li><li style=\"text-align: justify;\">n\u00e1vrh na vymenovanie riadite\u013ea pod\u00e1va rada \u0161koly na z\u00e1klade v\u00fdberov\u00e9ho konania zria\u010fovate\u013eovi do dvoch mesiacov od jeho vyhl\u00e1senia (\u00a7 4 ods. 4 z\u00e1kona \u010d. 596\/2003),<\/li><li style=\"text-align: justify;\">zria\u010fovate\u013e do 30 dn\u00ed odo d\u0148a predlo\u017eenia n\u00e1vrhu rady \u0161koly vymenuje riadite\u013ea alebo p\u00edsomne od\u00f4vodn\u00ed svoj nes\u00fahlas s navrhnut\u00fdm kandid\u00e1tom rade \u0161koly (\u00a7 3 ods. 2 z\u00e1kona \u010d. 596\/2003),<\/li><li style=\"text-align: justify;\">v\u00a0pr\u00edpade, ak zria\u010fovate\u013e nevymenuje riadite\u013ea, vyhl\u00e1si sa \u010fal\u0161ie v\u00fdberov\u00e9 konanie, ktor\u00e9 pokra\u010duje vo\u013ebou a\u00a0n\u00e1vrhom na vymenovanie,<\/li><li style=\"text-align: justify;\">zria\u010fovate\u013e na z\u00e1klade v\u00fdsledku \u010fal\u0161ieho v\u00fdberov\u00e9ho konania riadite\u013ea bu\u010f vymenuje, alebo pod\u00e1 n\u00e1vrh na vyslovenie nes\u00fahlasu do pr\u00edslu\u0161n\u00e9ho zastupite\u013estva (obecn\u00e9ho, mestsk\u00e9ho, samospr\u00e1vneho kraja),<\/li><li style=\"text-align: justify;\">ak pr\u00edslu\u0161n\u00e9 zastupite\u013estvo neschv\u00e1li vyslovenie nes\u00fahlasu trojp\u00e4tinovou v\u00e4\u010d\u0161inou v\u0161etk\u00fdch poslancov, zria\u010fovate\u013e riadite\u013ea vymenuje,<\/li><li style=\"text-align: justify;\">ak pr\u00edslu\u0161n\u00e9 zastupite\u013estvo schv\u00e1li vyslovenie nes\u00fahlasu trojp\u00e4tinovou v\u00e4\u010d\u0161inou v\u0161etk\u00fdch poslancov, v\u00fdberov\u00e9 konanie sa znova opakuje.<\/li><\/ul>\t\t\t\t\t\t\t\t<\/div>\n\t\t\t\t<\/div>\n\t\t\t\t\t<\/div>\n\t\t<\/div>\n\t\t\t\t\t<\/div>\n\t\t<\/section>\n\t\t\t\t\t<\/div>\n\t\t<\/div>\n\t\t\t\t\t<\/div>\n\t\t<\/section>\n\t\t\t\t<\/div>\n\t\t","protected":false},"excerpt":{"rendered":"<p>\u00daVOD DO EDUKA\u010cN\u00c9HO MANA\u017dMENTU Rada \u0161koly \u2013 ustanovenie, zlo\u017eenie, kompetencie Rada \u0161koly sa ustanovuje na svojom ustanovuj\u00facom zasadnut\u00ed v (\u00a7 1 ods. 1 vyhl\u00e1\u0161ky \u010d. 291\/2004): z\u00e1kladn\u00fdch \u0161kol\u00e1ch, v stredn\u00fdch \u0161kol\u00e1ch, v matersk\u00fdch \u0161kol\u00e1ch, v jazykov\u00fdch \u0161kol\u00e1ch, v \u0161peci\u00e1lnych \u0161kol\u00e1ch a v z\u00e1kladn\u00fdch umeleck\u00fdch \u0161kol\u00e1ch. Taktie\u017e sa rada \u0161koly ustanovuje v\u00a0\u0161kolsk\u00fdch zariadeniach, ktor\u00fdmi s\u00fa (\u00a7 [&hellip;]<\/p>\n","protected":false},"author":3,"featured_media":0,"parent":0,"menu_order":0,"comment_status":"closed","ping_status":"closed","template":"","meta":{"footnotes":""},"class_list":["post-2962","page","type-page","status-publish","hentry"],"_links":{"self":[{"href":"https:\/\/e-ucebnice.ff.ucm.sk\/index.php\/wp-json\/wp\/v2\/pages\/2962","targetHints":{"allow":["GET"]}}],"collection":[{"href":"https:\/\/e-ucebnice.ff.ucm.sk\/index.php\/wp-json\/wp\/v2\/pages"}],"about":[{"href":"https:\/\/e-ucebnice.ff.ucm.sk\/index.php\/wp-json\/wp\/v2\/types\/page"}],"author":[{"embeddable":true,"href":"https:\/\/e-ucebnice.ff.ucm.sk\/index.php\/wp-json\/wp\/v2\/users\/3"}],"replies":[{"embeddable":true,"href":"https:\/\/e-ucebnice.ff.ucm.sk\/index.php\/wp-json\/wp\/v2\/comments?post=2962"}],"version-history":[{"count":4,"href":"https:\/\/e-ucebnice.ff.ucm.sk\/index.php\/wp-json\/wp\/v2\/pages\/2962\/revisions"}],"predecessor-version":[{"id":2984,"href":"https:\/\/e-ucebnice.ff.ucm.sk\/index.php\/wp-json\/wp\/v2\/pages\/2962\/revisions\/2984"}],"wp:attachment":[{"href":"https:\/\/e-ucebnice.ff.ucm.sk\/index.php\/wp-json\/wp\/v2\/media?parent=2962"}],"curies":[{"name":"wp","href":"https:\/\/api.w.org\/{rel}","templated":true}]}}