{"id":2964,"date":"2023-03-04T10:38:08","date_gmt":"2023-03-04T09:38:08","guid":{"rendered":"https:\/\/e-ucebnice.ff.ucm.sk\/?page_id=2964"},"modified":"2023-03-04T10:55:14","modified_gmt":"2023-03-04T09:55:14","slug":"uvod-do-eduk-man-5-1-2","status":"publish","type":"page","link":"https:\/\/e-ucebnice.ff.ucm.sk\/index.php\/uvod-do-eduk-man-5-1-2\/","title":{"rendered":"\u00davod do eduk man-5-1-2"},"content":{"rendered":"\t\t<div data-elementor-type=\"wp-page\" data-elementor-id=\"2964\" class=\"elementor elementor-2964\" data-elementor-post-type=\"page\">\n\t\t\t\t\t\t<section class=\"elementor-section elementor-top-section elementor-element elementor-element-6f672ed elementor-section-height-min-height elementor-section-boxed elementor-section-height-default elementor-section-items-middle\" data-id=\"6f672ed\" data-element_type=\"section\" data-settings=\"{&quot;background_background&quot;:&quot;classic&quot;}\">\n\t\t\t\t\t\t\t<div class=\"elementor-background-overlay\"><\/div>\n\t\t\t\t\t\t\t<div class=\"elementor-container elementor-column-gap-default\">\n\t\t\t\t\t<div class=\"elementor-column elementor-col-100 elementor-top-column elementor-element elementor-element-bbeb470\" data-id=\"bbeb470\" data-element_type=\"column\">\n\t\t\t<div class=\"elementor-widget-wrap elementor-element-populated\">\n\t\t\t\t\t\t<div class=\"elementor-element elementor-element-d82f1ef elementor-widget elementor-widget-heading\" data-id=\"d82f1ef\" data-element_type=\"widget\" data-widget_type=\"heading.default\">\n\t\t\t\t<div class=\"elementor-widget-container\">\n\t\t\t\t\t<h1 class=\"elementor-heading-title elementor-size-default\">\u00daVOD DO EDUKA\u010cN\u00c9HO MANA\u017dMENTU <\/h1>\t\t\t\t<\/div>\n\t\t\t\t<\/div>\n\t\t\t\t\t<\/div>\n\t\t<\/div>\n\t\t\t\t\t<\/div>\n\t\t<\/section>\n\t\t\t\t<section class=\"elementor-section elementor-top-section elementor-element elementor-element-2858d6f elementor-section-boxed elementor-section-height-default elementor-section-height-default\" data-id=\"2858d6f\" data-element_type=\"section\">\n\t\t\t\t\t\t<div class=\"elementor-container elementor-column-gap-default\">\n\t\t\t\t\t<div class=\"elementor-column elementor-col-100 elementor-top-column elementor-element elementor-element-e63bd34\" data-id=\"e63bd34\" data-element_type=\"column\">\n\t\t\t<div class=\"elementor-widget-wrap elementor-element-populated\">\n\t\t\t\t\t\t<section class=\"elementor-section elementor-inner-section elementor-element elementor-element-0b79421 elementor-section-boxed elementor-section-height-default elementor-section-height-default\" data-id=\"0b79421\" data-element_type=\"section\">\n\t\t\t\t\t\t<div class=\"elementor-container elementor-column-gap-default\">\n\t\t\t\t\t<div class=\"elementor-column elementor-col-100 elementor-inner-column elementor-element elementor-element-bb0ded5\" data-id=\"bb0ded5\" data-element_type=\"column\">\n\t\t\t<div class=\"elementor-widget-wrap elementor-element-populated\">\n\t\t\t\t\t\t<div class=\"elementor-element elementor-element-759b076 elementor-widget elementor-widget-heading\" data-id=\"759b076\" data-element_type=\"widget\" data-widget_type=\"heading.default\">\n\t\t\t\t<div class=\"elementor-widget-container\">\n\t\t\t\t\t<h3 class=\"elementor-heading-title elementor-size-default\">Obecn\u00e1 \u0161kolsk\u00e1 rada <\/h3>\t\t\t\t<\/div>\n\t\t\t\t<\/div>\n\t\t\t\t<div class=\"elementor-element elementor-element-5aa9d5d elementor-widget elementor-widget-text-editor\" data-id=\"5aa9d5d\" data-element_type=\"widget\" data-widget_type=\"text-editor.default\">\n\t\t\t\t<div class=\"elementor-widget-container\">\n\t\t\t\t\t\t\t\t\t<p style=\"text-align: justify;\">Zriadenie obecnej \u0161kolskej rady (\u00a7 24 z\u00e1kona \u010d. 596\/2003) je podmienen\u00e9 po\u010dtom \u0161k\u00f4l a\u00a0\u0161kolsk\u00fdch zariaden\u00ed v\u00a0obci, resp. po\u010dtom \u0161kolsk\u00fdch obvodov. Obecn\u00e1 \u0161kolsk\u00e1 rada sa zria\u010fuje v obciach, v ktor\u00fdch s\u00fa ur\u010den\u00e9 najmenej tri \u0161kolsk\u00e9 obvody alebo je zriaden\u00fdch najmenej desa\u0165 \u0161k\u00f4l a \u0161kolsk\u00fdch zariaden\u00ed, ktor\u00e9 nie s\u00fa s\u00fa\u010das\u0165ou \u0161koly, zriaden\u00fdch na \u00fazem\u00ed obce. Rozhodnut\u00edm obecn\u00e9ho zastupite\u013estva m\u00f4\u017ee by\u0165 zriaden\u00e1 obecn\u00e1 \u0161kolsk\u00e1 rada aj pri po\u010dte \u0161k\u00f4l a \u0161kolsk\u00fdch zariaden\u00ed najmenej p\u00e4\u0165 alebo pri dvoch \u0161kolsk\u00fdch obvodoch.<\/p><p style=\"text-align: justify;\">Medzi z\u00e1konn\u00e9 kompetencie obecnej \u0161kolskej rady patr\u00ed vyjadrova\u0165 sa k (\u00a7 24 ods. 7 z\u00e1kona \u010d. 596\/2003):<\/p><ul style=\"text-align: justify;\"><li>k \u010dinnosti zria\u010fovate\u013eov z\u00e1kladn\u00fdch \u0161k\u00f4l, z\u00e1kladn\u00fdch umeleck\u00fdch \u0161k\u00f4l a \u0161kolsk\u00fdch zariaden\u00ed v oblasti vzdel\u00e1vania zriaden\u00fdch na \u00fazem\u00ed obce,<\/li><li>ku koncepcii rozvoja \u0161k\u00f4l a \u0161kolsk\u00fdch zariaden\u00ed zriaden\u00fdch na \u00fazem\u00ed obce,<\/li><li>k rozpisu finan\u010dn\u00fdch prostriedkov poskytnut\u00fdch \u0161kol\u00e1m a \u0161kolsk\u00fdm zariadeniam zriaden\u00fdm na \u00fazem\u00ed obce z prostriedkov \u0161t\u00e1tneho rozpo\u010dtu a materi\u00e1lno-technick\u00fdm podmienkam na \u010dinnos\u0165 \u0161k\u00f4l a \u0161kolsk\u00fdch zariaden\u00ed zriaden\u00fdch obcou,<\/li><li>k person\u00e1lnym, materi\u00e1lnym a soci\u00e1lnym podmienkam zamestnancov \u0161k\u00f4l a \u0161kolsk\u00fdch zariaden\u00ed zriaden\u00fdch na \u00fazem\u00ed obce,<\/li><li>k po\u017eiadavk\u00e1m obce na skvalitnenie starostlivosti a v\u00fdchovno-vzdel\u00e1vac\u00edch slu\u017eieb poskytovan\u00fdch v \u0161kol\u00e1ch alebo v \u0161kolsk\u00fdch zariadeniach a k sp\u00f4sobu \u00fahrady n\u00e1kladov zv\u00fd\u0161en\u00fdch z tohto d\u00f4vodu,<\/li><li>k spr\u00e1ve o v\u00fdsledkoch v\u00fdchovno-vzdel\u00e1vacieho procesu na \u0161kol\u00e1ch zriaden\u00fdch na \u00fazem\u00ed obce.<\/li><\/ul><p style=\"text-align: justify;\">Za ustanovenie obecnej \u0161kolskej rady je zodpovedn\u00e1 obec. Z\u00e1konn\u00fd po\u010det \u010dlenov obecnej \u0161kolskej rady je 11, to v\u00a0nasledovnom zlo\u017een\u00ed (\u00a7 25, ods. 9 z\u00e1kona \u010d. 596\/2003):<\/p><ul><li style=\"text-align: justify;\">\u0161tyria zvolen\u00ed z\u00e1stupcovia z riadite\u013eov,<\/li><li style=\"text-align: justify;\">dvaja zvolen\u00ed z\u00e1stupcovia z rodi\u010dov,<\/li><li style=\"text-align: justify;\">traja zvolen\u00ed z\u00e1stupcovia z predsedov r\u00e1d \u0161k\u00f4l v\u0161etk\u00fdch \u0161k\u00f4l a \u0161kolsk\u00fdch zariaden\u00ed zriaden\u00fdch na \u00fazem\u00ed obce (ak je na \u00fazem\u00ed obce zriaden\u00fdch menej ako tri rady, zvy\u0161uje sa po\u010det delegovan\u00fdch z\u00e1stupcov obce) a<\/li><li style=\"text-align: justify;\">dvaja delegovan\u00ed z\u00e1stupcovia obce.<\/li><\/ul>\t\t\t\t\t\t\t\t<\/div>\n\t\t\t\t<\/div>\n\t\t\t\t\t<\/div>\n\t\t<\/div>\n\t\t\t\t\t<\/div>\n\t\t<\/section>\n\t\t\t\t\t<\/div>\n\t\t<\/div>\n\t\t\t\t\t<\/div>\n\t\t<\/section>\n\t\t\t\t<\/div>\n\t\t","protected":false},"excerpt":{"rendered":"<p>\u00daVOD DO EDUKA\u010cN\u00c9HO MANA\u017dMENTU Obecn\u00e1 \u0161kolsk\u00e1 rada Zriadenie obecnej \u0161kolskej rady (\u00a7 24 z\u00e1kona \u010d. 596\/2003) je podmienen\u00e9 po\u010dtom \u0161k\u00f4l a\u00a0\u0161kolsk\u00fdch zariaden\u00ed v\u00a0obci, resp. po\u010dtom \u0161kolsk\u00fdch obvodov. Obecn\u00e1 \u0161kolsk\u00e1 rada sa zria\u010fuje v obciach, v ktor\u00fdch s\u00fa ur\u010den\u00e9 najmenej tri \u0161kolsk\u00e9 obvody alebo je zriaden\u00fdch najmenej desa\u0165 \u0161k\u00f4l a \u0161kolsk\u00fdch zariaden\u00ed, ktor\u00e9 nie s\u00fa s\u00fa\u010das\u0165ou [&hellip;]<\/p>\n","protected":false},"author":3,"featured_media":0,"parent":0,"menu_order":0,"comment_status":"closed","ping_status":"closed","template":"","meta":{"footnotes":""},"class_list":["post-2964","page","type-page","status-publish","hentry"],"_links":{"self":[{"href":"https:\/\/e-ucebnice.ff.ucm.sk\/index.php\/wp-json\/wp\/v2\/pages\/2964","targetHints":{"allow":["GET"]}}],"collection":[{"href":"https:\/\/e-ucebnice.ff.ucm.sk\/index.php\/wp-json\/wp\/v2\/pages"}],"about":[{"href":"https:\/\/e-ucebnice.ff.ucm.sk\/index.php\/wp-json\/wp\/v2\/types\/page"}],"author":[{"embeddable":true,"href":"https:\/\/e-ucebnice.ff.ucm.sk\/index.php\/wp-json\/wp\/v2\/users\/3"}],"replies":[{"embeddable":true,"href":"https:\/\/e-ucebnice.ff.ucm.sk\/index.php\/wp-json\/wp\/v2\/comments?post=2964"}],"version-history":[{"count":4,"href":"https:\/\/e-ucebnice.ff.ucm.sk\/index.php\/wp-json\/wp\/v2\/pages\/2964\/revisions"}],"predecessor-version":[{"id":2987,"href":"https:\/\/e-ucebnice.ff.ucm.sk\/index.php\/wp-json\/wp\/v2\/pages\/2964\/revisions\/2987"}],"wp:attachment":[{"href":"https:\/\/e-ucebnice.ff.ucm.sk\/index.php\/wp-json\/wp\/v2\/media?parent=2964"}],"curies":[{"name":"wp","href":"https:\/\/api.w.org\/{rel}","templated":true}]}}