{"id":3687,"date":"2023-03-11T10:03:13","date_gmt":"2023-03-11T09:03:13","guid":{"rendered":"https:\/\/e-ucebnice.ff.ucm.sk\/?page_id=3687"},"modified":"2023-05-07T08:25:53","modified_gmt":"2023-05-07T06:25:53","slug":"phonetics-and-phonology-9","status":"publish","type":"page","link":"https:\/\/e-ucebnice.ff.ucm.sk\/index.php\/phonetics-and-phonology-9\/","title":{"rendered":"Phonetics and phonology-9"},"content":{"rendered":"\t\t<div data-elementor-type=\"wp-page\" data-elementor-id=\"3687\" class=\"elementor elementor-3687\" data-elementor-post-type=\"page\">\n\t\t\t\t\t\t<section class=\"elementor-section elementor-top-section elementor-element elementor-element-b2eeed8 elementor-section-height-min-height elementor-section-boxed elementor-section-height-default elementor-section-items-middle\" data-id=\"b2eeed8\" data-element_type=\"section\" data-settings=\"{&quot;background_background&quot;:&quot;classic&quot;}\">\n\t\t\t\t\t\t\t<div class=\"elementor-background-overlay\"><\/div>\n\t\t\t\t\t\t\t<div class=\"elementor-container elementor-column-gap-default\">\n\t\t\t\t\t<div class=\"elementor-column elementor-col-100 elementor-top-column elementor-element elementor-element-91ce5cd\" data-id=\"91ce5cd\" data-element_type=\"column\">\n\t\t\t<div class=\"elementor-widget-wrap elementor-element-populated\">\n\t\t\t\t\t\t<div class=\"elementor-element elementor-element-1c6da3b elementor-widget elementor-widget-heading\" data-id=\"1c6da3b\" data-element_type=\"widget\" data-widget_type=\"heading.default\">\n\t\t\t\t<div class=\"elementor-widget-container\">\n\t\t\t\t\t<h1 class=\"elementor-heading-title elementor-size-default\">PHONETICS AND PHONOLOGY\n<br>\nSegmental Aspects<\/h1>\t\t\t\t<\/div>\n\t\t\t\t<\/div>\n\t\t\t\t\t<\/div>\n\t\t<\/div>\n\t\t\t\t\t<\/div>\n\t\t<\/section>\n\t\t\t\t<section class=\"elementor-section elementor-top-section elementor-element elementor-element-9f9a241 elementor-section-boxed elementor-section-height-default elementor-section-height-default\" data-id=\"9f9a241\" data-element_type=\"section\">\n\t\t\t\t\t\t<div class=\"elementor-container elementor-column-gap-default\">\n\t\t\t\t\t<div class=\"elementor-column elementor-col-100 elementor-top-column elementor-element elementor-element-36e8d15\" data-id=\"36e8d15\" data-element_type=\"column\">\n\t\t\t<div class=\"elementor-widget-wrap elementor-element-populated\">\n\t\t\t\t\t\t<section class=\"elementor-section elementor-inner-section elementor-element elementor-element-0f7453d elementor-section-boxed elementor-section-height-default elementor-section-height-default\" data-id=\"0f7453d\" data-element_type=\"section\">\n\t\t\t\t\t\t<div class=\"elementor-container elementor-column-gap-default\">\n\t\t\t\t\t<div class=\"elementor-column elementor-col-100 elementor-inner-column elementor-element elementor-element-4973de6\" data-id=\"4973de6\" data-element_type=\"column\">\n\t\t\t<div class=\"elementor-widget-wrap elementor-element-populated\">\n\t\t\t\t\t\t<div class=\"elementor-element elementor-element-198bac6 elementor-widget__width-initial elementor-fixed elementor-widget elementor-widget-button\" data-id=\"198bac6\" data-element_type=\"widget\" data-settings=\"{&quot;_position&quot;:&quot;fixed&quot;}\" data-widget_type=\"button.default\">\n\t\t\t\t<div class=\"elementor-widget-container\">\n\t\t\t\t\t\t\t\t\t<div class=\"elementor-button-wrapper\">\n\t\t\t\t\t<a class=\"elementor-button elementor-button-link elementor-size-sm\" href=\"#Kapitola1\">\n\t\t\t\t\t\t<span class=\"elementor-button-content-wrapper\">\n\t\t\t\t\t\t<span class=\"elementor-button-icon\">\n\t\t\t\t<i aria-hidden=\"true\" class=\"fas fa-arrow-up\"><\/i>\t\t\t<\/span>\n\t\t\t\t\t\t\t\t<\/span>\n\t\t\t\t\t<\/a>\n\t\t\t\t<\/div>\n\t\t\t\t\t\t\t\t<\/div>\n\t\t\t\t<\/div>\n\t\t\t\t\t<\/div>\n\t\t<\/div>\n\t\t\t\t\t<\/div>\n\t\t<\/section>\n\t\t\t\t\t<\/div>\n\t\t<\/div>\n\t\t\t\t\t<\/div>\n\t\t<\/section>\n\t\t\t\t<section class=\"elementor-section elementor-top-section elementor-element elementor-element-2858d6f elementor-section-boxed elementor-section-height-default elementor-section-height-default\" data-id=\"2858d6f\" data-element_type=\"section\">\n\t\t\t\t\t\t<div class=\"elementor-container elementor-column-gap-default\">\n\t\t\t\t\t<div class=\"elementor-column elementor-col-100 elementor-top-column elementor-element elementor-element-e63bd34\" data-id=\"e63bd34\" data-element_type=\"column\">\n\t\t\t<div class=\"elementor-widget-wrap elementor-element-populated\">\n\t\t\t\t\t\t<section class=\"elementor-section elementor-inner-section elementor-element elementor-element-0b79421 elementor-section-boxed elementor-section-height-default elementor-section-height-default\" data-id=\"0b79421\" data-element_type=\"section\">\n\t\t\t\t\t\t<div class=\"elementor-container elementor-column-gap-default\">\n\t\t\t\t\t<div class=\"elementor-column elementor-col-100 elementor-inner-column elementor-element elementor-element-bb0ded5\" data-id=\"bb0ded5\" data-element_type=\"column\">\n\t\t\t<div class=\"elementor-widget-wrap elementor-element-populated\">\n\t\t\t\t\t\t<div class=\"elementor-element elementor-element-759b076 elementor-widget elementor-widget-heading\" data-id=\"759b076\" data-element_type=\"widget\" data-widget_type=\"heading.default\">\n\t\t\t\t<div class=\"elementor-widget-container\">\n\t\t\t\t\t<h3 class=\"elementor-heading-title elementor-size-default\">SPEECH INTELLIGIBILITY <\/h3>\t\t\t\t<\/div>\n\t\t\t\t<\/div>\n\t\t\t\t<div class=\"elementor-element elementor-element-5aa9d5d elementor-widget elementor-widget-text-editor\" data-id=\"5aa9d5d\" data-element_type=\"widget\" data-widget_type=\"text-editor.default\">\n\t\t\t\t<div class=\"elementor-widget-container\">\n\t\t\t\t\t\t\t\t\t<p>The term<em> speech intelligibility<\/em> is understood as <em>comprehensibility of speech<\/em>, while the degree of comprehensibility is dependable on the acoustic conditions of the environment in which the oral manifestation of speech takes place. \u201cHuman natural speech is intelligible in the sound level range of about 80 dB, it is fully intelligible even at very low sound levels down to 40 dB\u201d (Hudcovi\u010dov\u00e1, Petr\u00e1\u0161ov\u00e1, Rycht\u00e1rikov\u00e1, 2022, p. 349). &nbsp;Speech can remain intelligible even when the noise is more intense than speech, or if the speech signal comes from a different direction than the noise. It is a consequence of directional hearing (Rycht\u00e1rikov\u00e1, 2011). In our modern, highly developed society, there are many ways how to analyse speech and visualise its characteristic aspects.<\/p>\n<p>Analysis of acoustic parametres of speech is the task for acoustic\/ experimental phonetics. The basic acoustic parameters of vowel sounds are frequency, intensity, duration and quality, i.e. wave structure determined by formants in vowels.<\/p>\n<p>The following information clearly explains how the terms of auditory and acoustic phonetics correspond:<\/p>\n<p><\/p>\n<p><strong>FREQUENCY<\/strong><\/p>\n<ul>\n<li>= the number of complete repetitions (cycles) of variations in air pressure during one second<\/li>\n<li>the shorter the cycles, the higher the frequency<\/li>\n<li>the unit of frequency = Hertz<\/li>\n<li>human hearing organs can catch the sounds between 20 and 20 000 Hertz (most human sounds are between 80 \u2013 350 Hz)<\/li>\n<li>a male voice = cca 120 Hz, a female voice = 220 Hz<\/li>\n<li>frequency = the term used in acoustic phonetics corresponding with the term <em>pitch<\/em> in auditory phonetics<\/li>\n<\/ul>\n<p><strong><br><\/strong><\/p><p><strong>INTENSITY<\/strong><\/p>\n<ul>\n<li>= the amount of energy carried by a sound wave (owing to the variation of air pressure coming from the lungs)<\/li>\n<li>the unit = decibels (dB), 100 dB = quite loud sound &#8211; subjective<\/li>\n<li>the higher the intensity, the bigger the amplitude of a wave<\/li>\n<li><em>intensity<\/em> (the term used in acoustic phonetics) = <em>loudness<\/em> (the term used in auditory phonetics)<\/li>\n<\/ul>\n<p><strong><br><\/strong><\/p><p><strong>QUANTITY (duration)<\/strong><\/p>\n<ul>\n<li><em>duration<\/em> (the term used in acoustic phonetics) = <em>length<\/em> (the term used in auditory phonetics)<\/li>\n<li><u>two categories of length:<\/u><\/li>\n<li>absolute phonetic duration &#8211; measurable<\/li>\n<li>functional phonological length \u2013 can cause a change in the meaning of words<\/li>\n<li>in connected speech \u2013 cca 6 \u2013 20 sounds pronounced in one second<\/li>\n<\/ul>\n<p><strong><br><\/strong><\/p><p><strong>QUALITY (wave structure)<\/strong><\/p>\n<ul>\n<li>the quality of vowels is determined by formants<\/li>\n<li>FORMANTS \u2013 seen on spectrogram as thick black horizontal bars (characteristic for all voiced sounds)<\/li>\n<li>vowels \u2013 distinguishable by F1 and F2, the formants above F4 determine the speaker\u00b4s voice quality<\/li>\n<li>voiceless consonants don\u00b4t have formant structure<\/li>\n<\/ul>\n<p>(Pavl\u00edk, 2000)<\/p>\n<p><strong><em>Spectrograms<\/em><\/strong> depict the acoustic information manifested in the speech signal and allow the visualisation of the three main properties of sounds: frequency, length, amplitude. The bars seen on the spectrogram are called <em>formants<\/em>. \u201cThe presence of formants in a spectrogram is a characteristic feature of all voiced sounds\u201d (Pavl\u00edk, 2000, p. 56). The F1 (<em>formant 1<\/em>) and F2 (<em>formant 2<\/em>) values are directly connected to the height and location of vowels:<\/p>\n<p>vowels <em>\/i, u\/, <\/em>which are classified as <em>high (close)<\/em>, have low F1 values<\/p>\n<p>vowels <em>\/a, o, \u00e6\/, <\/em>which are classified as <em>low (open),<\/em> have high F1 values.<\/p>\n<p>vowels <em>\/i, e\/, <\/em>which are classified as <em>front<\/em>, have high F2 values<\/p>\n<p>vowels <em>\/u, o, a, \u00e6\/,<\/em> which are classified as <em>back<\/em>, have low F2 values<\/p>\n<p>(Ashby, Maidment, 2005).<\/p>\n<p>The average F2 value is 1500 Hz. \u201cWhen the vocal folds vibrate, they produce what are called harmonics of their fundamental frequency of vibration. Harmonics are vibrations at whole-number multiples of the fundamental frequency. Thus, when the vocal folds are vibrating at 100 Hz, they produce harmonics at 200 Hz, 300 Hz, 400 Hz, and so on\u201d (Ladefoged, Johnson, 2011, p. 209).<\/p>\n<p>\u201cA spectrogram is a graphical analysis of a sound and offers an analysis in three dimensions. The first (horizontal) dimension represents time, the second (vertical) dimension represents frequency, and the third dimension (distinguished according to the colour intensity of the vertical lines) represents amplitude\u201d (Pavl\u00edk, 2000, p. 55). As a result, resonant frequencies of vowel sounds will appear as darker horizontal lines at certain frequencies, and those lines will correspond with the formant values of a vowel sound. F3 parameters reveal the level of nasality in vowel pronunciation (Clark, Yallop, 1995).<\/p>\t\t\t\t\t\t\t\t<\/div>\n\t\t\t\t<\/div>\n\t\t\t\t<div class=\"elementor-element elementor-element-e04a7cc elementor-widget elementor-widget-image\" data-id=\"e04a7cc\" data-element_type=\"widget\" data-widget_type=\"image.default\">\n\t\t\t\t<div class=\"elementor-widget-container\">\n\t\t\t\t\t\t\t\t\t\t\t\t\t\t\t<img fetchpriority=\"high\" decoding=\"async\" width=\"800\" height=\"441\" src=\"https:\/\/e-ucebnice.ff.ucm.sk\/wp-content\/uploads\/2023\/03\/phonetics-obr17-1024x564.jpg\" class=\"attachment-large size-large wp-image-4038\" alt=\"\" srcset=\"https:\/\/e-ucebnice.ff.ucm.sk\/wp-content\/uploads\/2023\/03\/phonetics-obr17-1024x564.jpg 1024w, https:\/\/e-ucebnice.ff.ucm.sk\/wp-content\/uploads\/2023\/03\/phonetics-obr17-300x165.jpg 300w, https:\/\/e-ucebnice.ff.ucm.sk\/wp-content\/uploads\/2023\/03\/phonetics-obr17-768x423.jpg 768w, https:\/\/e-ucebnice.ff.ucm.sk\/wp-content\/uploads\/2023\/03\/phonetics-obr17.jpg 1239w\" sizes=\"(max-width: 800px) 100vw, 800px\" \/>\t\t\t\t\t\t\t\t\t\t\t\t\t\t\t<\/div>\n\t\t\t\t<\/div>\n\t\t\t\t<div class=\"elementor-element elementor-element-1cb1872 elementor-widget elementor-widget-text-editor\" data-id=\"1cb1872\" data-element_type=\"widget\" data-widget_type=\"text-editor.default\">\n\t\t\t\t<div class=\"elementor-widget-container\">\n\t\t\t\t\t\t\t\t\t<p style=\"text-align: justify;\">For consonants, the manner and place of articulation are the most relevant factors for their classification. According to the F1 value, the size of the constriction gives a\u00a0clue to the manner of articulation, F2 and F3 values are related to the place of articulation. Formant structure is not recognized for voiceless consonants. Frequency corresponds to resonance in the vocal tract. Its length determines the pitch, i.e. the value of the frequency (Ladefoged, Johnson, 2011). While \u201cvowels carry most of the acoustic energy, consonants contain most of the <em>speech information<\/em>. Most of the consonants contain frequency components above 1 kHz, and vowels carry most of the information in lower tones\u201d (Petr\u00e1\u0161ov\u00e1 et al., 2016).<\/p><p style=\"text-align: justify;\">The average formant frequencies vary when it comes to differences in a\u00a0person\u00b4s gender or age. The pitch of a sound is of the highest value in children\u2019s voice (300 Hz) and lowest in adult males (110 Hz). Female voice (120-180 Hz) occurs in the middle of the frequency span. The reason is the length of the vocal tract, whereas women generally have a shorter vocal tract than men. A child\u2019s vocal tract is undoubtedly the shortest causing the highest values of formant frequencies (Ashby, Maidment, 2005).<\/p><p style=\"text-align: justify;\">In the spectrogram, \u201cthe intensity of the speech sounds is shown by the relative darkness of the marks. The vowels and vowel-like sounds are the darkest, and the different vowel qualities can be clearly seen in the changing pattern of the black bands (formants), which represent varying concentrations of acoustic energy in the vocal tract\u201d (Deterding, 1997, p. 79). Frequency which is measured in Hertz depicts the number of cycles per one second. According to the information provided by Pavl\u00edk, \u201dthe human ear is capable of hearing the sounds ranging from 20 to 20\u00a0000 Hz, however, most human sounds are recognizable within the frequency scope as narrow as 80 \u2013 350 Hz\u201d (Pavl\u00edk, 2000, p. 36).<\/p><p style=\"text-align: justify;\">\u00a0<\/p><p style=\"text-align: justify;\"><em>Table 4: Average formant frequencies of English vowels pronounced by an adult male. WELLS, J. C. 1962. <\/em><em>A Study of the Formants of the Pure Vowels of British English. University of London, U.K., available at http:\/\/www.phon.ucl.ac.uk\/home\/wells\/formants\/index.html<\/em><\/p><p style=\"text-align: justify;\"><em>\u00a0<\/em><\/p><table width=\"293\"><tbody><tr><td width=\"74\"><p>\u00a0<strong>Vowel<\/strong><\/p><\/td><td width=\"73\"><p><strong>F1 (Hz)<\/strong><\/p><\/td><td width=\"73\"><p><strong>F2 (Hz)<\/strong><\/p><\/td><td width=\"64\"><p><strong>F3 (Hz)<\/strong><\/p><\/td><\/tr><tr><td width=\"74\"><p>i:<\/p><\/td><td width=\"73\"><p>280<\/p><\/td><td width=\"73\"><p>2620<\/p><\/td><td width=\"64\"><p>3380<\/p><\/td><\/tr><tr><td width=\"74\"><p>\u026a<\/p><\/td><td width=\"73\"><p>360<\/p><\/td><td width=\"73\"><p>2220<\/p><\/td><td width=\"64\"><p>2960<\/p><\/td><\/tr><tr><td width=\"74\"><p>e<\/p><\/td><td width=\"73\"><p>600<\/p><\/td><td width=\"73\"><p>2060<\/p><\/td><td width=\"64\"><p>2840<\/p><\/td><\/tr><tr><td width=\"74\"><p>\u00e6<\/p><\/td><td width=\"73\"><p>800<\/p><\/td><td width=\"73\"><p>1760<\/p><\/td><td width=\"64\"><p>2500<\/p><\/td><\/tr><tr><td width=\"74\"><p>\u0245<\/p><\/td><td width=\"73\"><p>760<\/p><\/td><td width=\"73\"><p>1320<\/p><\/td><td width=\"64\"><p>2500<\/p><\/td><\/tr><tr><td width=\"74\"><p>\u0251:<\/p><\/td><td width=\"73\"><p>740<\/p><\/td><td width=\"73\"><p>1180<\/p><\/td><td width=\"64\"><p>2640<\/p><\/td><\/tr><tr><td width=\"74\"><p>\u0252<\/p><\/td><td width=\"73\"><p>560<\/p><\/td><td width=\"73\"><p>920<\/p><\/td><td width=\"64\"><p>2560<\/p><\/td><\/tr><tr><td width=\"74\"><p>\u037b:<\/p><\/td><td width=\"73\"><p>480<\/p><\/td><td width=\"73\"><p>760<\/p><\/td><td width=\"64\"><p>2620<\/p><\/td><\/tr><tr><td width=\"74\"><p>\u028a<\/p><\/td><td width=\"73\"><p>380<\/p><\/td><td width=\"73\"><p>940<\/p><\/td><td width=\"64\"><p>2300<\/p><\/td><\/tr><tr><td width=\"74\"><p>u:<\/p><\/td><td width=\"73\"><p>320<\/p><\/td><td width=\"73\"><p>920<\/p><\/td><td width=\"64\"><p>2200<\/p><\/td><\/tr><tr><td width=\"74\"><p>\u025c:<\/p><\/td><td width=\"73\"><p>560<\/p><\/td><td width=\"73\"><p>1480<\/p><\/td><td width=\"64\"><p>2520<\/p><\/td><\/tr><\/tbody><\/table><p style=\"text-align: justify;\">\u00a0<\/p><p style=\"text-align: justify;\"><em>Table 5: Average formant frequencies of Slovak vowels. KR\u00c1\u013d, \u00c1., SABOL, J. 1989. <\/em><em>Fonetika a\u00a0fonol\u00f3gia. Bratislava: SPN, 1989, pp. 204 \u2013 209<\/em><\/p><p style=\"text-align: justify;\"><em>\u00a0<\/em><\/p><table width=\"302\"><tbody><tr><td width=\"76\"><p><strong>Vowel <\/strong><\/p><\/td><td width=\"76\"><p><strong>F1 (Hz)<\/strong><\/p><\/td><td width=\"76\"><p><strong>F2 (Hz)<\/strong><\/p><\/td><td width=\"76\"><p><strong>F3 (Hz)<\/strong><\/p><\/td><\/tr><tr><td width=\"76\"><p>i\/ i:<\/p><\/td><td width=\"76\"><p>285<\/p><\/td><td width=\"76\"><p>1916<\/p><\/td><td width=\"76\"><p>2656<\/p><\/td><\/tr><tr><td width=\"76\"><p>e\/ e:<\/p><\/td><td width=\"76\"><p>452<\/p><\/td><td width=\"76\"><p>1718<\/p><\/td><td width=\"76\"><p>2365<\/p><\/td><\/tr><tr><td width=\"76\"><p>a\/ a:<\/p><\/td><td width=\"76\"><p>682<\/p><\/td><td width=\"76\"><p>1315<\/p><\/td><td width=\"76\"><p>2293<\/p><\/td><\/tr><tr><td width=\"76\"><p>o\/ o:<\/p><\/td><td width=\"76\"><p>481<\/p><\/td><td width=\"76\"><p>1084<\/p><\/td><td width=\"76\"><p>2194<\/p><\/td><\/tr><tr><td width=\"76\"><p>u\/ u:<\/p><\/td><td width=\"76\"><p>326<\/p><\/td><td width=\"76\"><p>967<\/p><\/td><td width=\"76\"><p>2059<\/p><\/td><\/tr><tr><td width=\"76\"><p>\u00e6<\/p><\/td><td width=\"76\"><p>700<\/p><\/td><td width=\"76\"><p>1510<\/p><\/td><td width=\"76\"><p>2300<\/p><\/td><\/tr><\/tbody><\/table><p style=\"text-align: justify;\">\u00a0<\/p><p style=\"text-align: justify;\">The other way how to depict speech parameters is using <strong><em>oscillograms<\/em><\/strong>. In the specialised literature, the term <em>waveform<\/em> is sometimes used instead. The horizontal axis represents time directed from left to right. The curve presents the pressure increasing and decreasing in the speech signal.<\/p>\t\t\t\t\t\t\t\t<\/div>\n\t\t\t\t<\/div>\n\t\t\t\t<div class=\"elementor-element elementor-element-1173333 elementor-widget elementor-widget-image\" data-id=\"1173333\" data-element_type=\"widget\" data-widget_type=\"image.default\">\n\t\t\t\t<div class=\"elementor-widget-container\">\n\t\t\t\t\t\t\t\t\t\t\t\t\t\t\t<img decoding=\"async\" width=\"800\" height=\"576\" src=\"https:\/\/e-ucebnice.ff.ucm.sk\/wp-content\/uploads\/2023\/03\/phonetics-obr18.jpg\" class=\"attachment-large size-large wp-image-4043\" alt=\"\" srcset=\"https:\/\/e-ucebnice.ff.ucm.sk\/wp-content\/uploads\/2023\/03\/phonetics-obr18.jpg 962w, https:\/\/e-ucebnice.ff.ucm.sk\/wp-content\/uploads\/2023\/03\/phonetics-obr18-300x216.jpg 300w, https:\/\/e-ucebnice.ff.ucm.sk\/wp-content\/uploads\/2023\/03\/phonetics-obr18-768x553.jpg 768w\" sizes=\"(max-width: 800px) 100vw, 800px\" \/>\t\t\t\t\t\t\t\t\t\t\t\t\t\t\t<\/div>\n\t\t\t\t<\/div>\n\t\t\t\t<div class=\"elementor-element elementor-element-33b14ad elementor-widget elementor-widget-text-editor\" data-id=\"33b14ad\" data-element_type=\"widget\" data-widget_type=\"text-editor.default\">\n\t\t\t\t<div class=\"elementor-widget-container\">\n\t\t\t\t\t\t\t\t\t<p style=\"text-align: justify;\">Nowadays, computer and artificial intelligence technologies, devices and applications are used for analysing speech and giving feedback on \u201ccorrectness\u201d or accuracy performed in learners\u00b4 pronunciation. The acoustic aspects of phonemes could also be evaluated via a computer-assisted software programme PRAAT (Praat software Version 6.1.47; Boersma &amp; Weenink). PRAAT is a free software created by Paul Boersma and David Weenink from the University of Amsterdam. It is used for measuring accuracy and appropriate ways of pronunciation of phonemes and can possibly be used in the educational process, as well. Using the application is much more entertaining for learners and the results achieved provide high informative value to educators.<\/p><p style=\"text-align: justify;\">This computer programme can be used to create auditory spectrograms (or cochleagrams). The software allows the user to do an accurate analysis of spectrograms, cochleagrams, pitch, formants, intensity, along a multitude of other functions. The software is used to recognize formant values of vowel sounds, which allows the identification of the tongue position during the pronunciation of vowels. The program helps to test speech intelligibility by measuring pitch, formants, intensity and duration of sounds. These aspects are fundamental for perceiving speech sounds and decoding them properly.<\/p><p style=\"text-align: justify;\">Computer and AI technologies, devices and applications used for analysing speech are constantly evolving in the contemporary world. Extracting relevant information from the speech signal brings a lot of interesting facts not only about the specific language, but also for the contrastive purposes between various languages.<\/p>\t\t\t\t\t\t\t\t<\/div>\n\t\t\t\t<\/div>\n\t\t\t\t\t<\/div>\n\t\t<\/div>\n\t\t\t\t\t<\/div>\n\t\t<\/section>\n\t\t\t\t\t<\/div>\n\t\t<\/div>\n\t\t\t\t\t<\/div>\n\t\t<\/section>\n\t\t\t\t<\/div>\n\t\t","protected":false},"excerpt":{"rendered":"<p>PHONETICS AND PHONOLOGY Segmental Aspects SPEECH INTELLIGIBILITY The term speech intelligibility is understood as comprehensibility of speech, while the degree of comprehensibility is dependable on the acoustic conditions of the environment in which the oral manifestation of speech takes place. \u201cHuman natural speech is intelligible in the sound level range of about 80 dB, it [&hellip;]<\/p>\n","protected":false},"author":3,"featured_media":0,"parent":0,"menu_order":0,"comment_status":"closed","ping_status":"closed","template":"","meta":{"footnotes":""},"class_list":["post-3687","page","type-page","status-publish","hentry"],"_links":{"self":[{"href":"https:\/\/e-ucebnice.ff.ucm.sk\/index.php\/wp-json\/wp\/v2\/pages\/3687","targetHints":{"allow":["GET"]}}],"collection":[{"href":"https:\/\/e-ucebnice.ff.ucm.sk\/index.php\/wp-json\/wp\/v2\/pages"}],"about":[{"href":"https:\/\/e-ucebnice.ff.ucm.sk\/index.php\/wp-json\/wp\/v2\/types\/page"}],"author":[{"embeddable":true,"href":"https:\/\/e-ucebnice.ff.ucm.sk\/index.php\/wp-json\/wp\/v2\/users\/3"}],"replies":[{"embeddable":true,"href":"https:\/\/e-ucebnice.ff.ucm.sk\/index.php\/wp-json\/wp\/v2\/comments?post=3687"}],"version-history":[{"count":13,"href":"https:\/\/e-ucebnice.ff.ucm.sk\/index.php\/wp-json\/wp\/v2\/pages\/3687\/revisions"}],"predecessor-version":[{"id":7669,"href":"https:\/\/e-ucebnice.ff.ucm.sk\/index.php\/wp-json\/wp\/v2\/pages\/3687\/revisions\/7669"}],"wp:attachment":[{"href":"https:\/\/e-ucebnice.ff.ucm.sk\/index.php\/wp-json\/wp\/v2\/media?parent=3687"}],"curies":[{"name":"wp","href":"https:\/\/api.w.org\/{rel}","templated":true}]}}