{"id":5614,"date":"2023-04-03T13:36:12","date_gmt":"2023-04-03T11:36:12","guid":{"rendered":"https:\/\/e-ucebnice.ff.ucm.sk\/?page_id=5614"},"modified":"2023-04-03T13:48:47","modified_gmt":"2023-04-03T11:48:47","slug":"ausgewkapitausdersyntax-autor","status":"publish","type":"page","link":"https:\/\/e-ucebnice.ff.ucm.sk\/index.php\/ausgewkapitausdersyntax-autor\/","title":{"rendered":"AusgewKapitAusDerSyntax-autor"},"content":{"rendered":"\t\t<div data-elementor-type=\"wp-page\" data-elementor-id=\"5614\" class=\"elementor elementor-5614\" data-elementor-post-type=\"page\">\n\t\t\t\t\t\t<section class=\"elementor-section elementor-top-section elementor-element elementor-element-6f672ed elementor-section-height-min-height elementor-section-boxed elementor-section-height-default elementor-section-items-middle\" data-id=\"6f672ed\" data-element_type=\"section\" data-settings=\"{&quot;background_background&quot;:&quot;classic&quot;}\">\n\t\t\t\t\t\t\t<div class=\"elementor-background-overlay\"><\/div>\n\t\t\t\t\t\t\t<div class=\"elementor-container elementor-column-gap-default\">\n\t\t\t\t\t<div class=\"elementor-column elementor-col-100 elementor-top-column elementor-element elementor-element-bbeb470\" data-id=\"bbeb470\" data-element_type=\"column\">\n\t\t\t<div class=\"elementor-widget-wrap elementor-element-populated\">\n\t\t\t\t\t\t<div class=\"elementor-element elementor-element-d82f1ef elementor-widget elementor-widget-heading\" data-id=\"d82f1ef\" data-element_type=\"widget\" data-widget_type=\"heading.default\">\n\t\t\t\t<div class=\"elementor-widget-container\">\n\t\t\t\t\t<h1 class=\"elementor-heading-title elementor-size-default\">AUSGEW\u00c4HLTE KAPITEL AUS DER SYNTAX<\/h1>\t\t\t\t<\/div>\n\t\t\t\t<\/div>\n\t\t\t\t\t<\/div>\n\t\t<\/div>\n\t\t\t\t\t<\/div>\n\t\t<\/section>\n\t\t\t\t<section class=\"elementor-section elementor-top-section elementor-element elementor-element-48b033b elementor-section-boxed elementor-section-height-default elementor-section-height-default\" data-id=\"48b033b\" data-element_type=\"section\">\n\t\t\t\t\t\t<div class=\"elementor-container elementor-column-gap-default\">\n\t\t\t\t\t<div class=\"elementor-column elementor-col-50 elementor-top-column elementor-element elementor-element-ba9c054\" data-id=\"ba9c054\" data-element_type=\"column\">\n\t\t\t<div class=\"elementor-widget-wrap elementor-element-populated\">\n\t\t\t\t\t\t<div class=\"elementor-element elementor-element-1a57430 animated-fast elementor-invisible elementor-widget elementor-widget-heading\" data-id=\"1a57430\" data-element_type=\"widget\" data-settings=\"{&quot;_animation&quot;:&quot;fadeIn&quot;}\" data-widget_type=\"heading.default\">\n\t\t\t\t<div class=\"elementor-widget-container\">\n\t\t\t\t\t<h1 class=\"elementor-heading-title elementor-size-default\">Mgr. Simona Fra\u0161t\u00edkov\u00e1, PhD. <\/h1>\t\t\t\t<\/div>\n\t\t\t\t<\/div>\n\t\t\t\t<div class=\"elementor-element elementor-element-7532dff elementor-widget__width-auto elementor-view-default elementor-widget elementor-widget-icon\" data-id=\"7532dff\" data-element_type=\"widget\" data-widget_type=\"icon.default\">\n\t\t\t\t<div class=\"elementor-widget-container\">\n\t\t\t\t\t\t\t<div class=\"elementor-icon-wrapper\">\n\t\t\t<div class=\"elementor-icon\">\n\t\t\t<i aria-hidden=\"true\" class=\"far fa-envelope\"><\/i>\t\t\t<\/div>\n\t\t<\/div>\n\t\t\t\t\t\t<\/div>\n\t\t\t\t<\/div>\n\t\t\t\t<div class=\"elementor-element elementor-element-d7e9d3a elementor-widget__width-auto elementor-widget elementor-widget-heading\" data-id=\"d7e9d3a\" data-element_type=\"widget\" data-widget_type=\"heading.default\">\n\t\t\t\t<div class=\"elementor-widget-container\">\n\t\t\t\t\t<h2 class=\"elementor-heading-title elementor-size-default\"><a href=\"http:\/\/simona.frastikova@ucm.sk\">simona.frastikova@ucm.sk<\/a><\/h2>\t\t\t\t<\/div>\n\t\t\t\t<\/div>\n\t\t\t\t<div class=\"elementor-element elementor-element-5a8c0ed elementor-invisible elementor-widget elementor-widget-text-editor\" data-id=\"5a8c0ed\" data-element_type=\"widget\" data-settings=\"{&quot;_animation&quot;:&quot;fadeIn&quot;}\" data-widget_type=\"text-editor.default\">\n\t\t\t\t<div class=\"elementor-widget-container\">\n\t\t\t\t\t\t\t\t\t<p class=\"xmsolistparagraph\" style=\"margin-bottom: 0cm; text-align: justify; line-height: 115%;\"><span style=\"font-size: 11.0pt; line-height: 115%; font-family: 'Verdana',sans-serif;\">Mgr. Simona Fra\u0161t\u00edkov\u00e1, PhD. je \u010dlenkou Katedry germanistiky FF UCM v Trnave od roku 2013. V r\u00e1mci pedagogickej \u010dinnosti zastre\u0161uje prim\u00e1rne lingvisticky orientovan\u00e9 predmety ako \u00davod do \u0161t\u00fadia jazyka, Syntax nemeck\u00e9ho jazyka, Z\u00e1vislostn\u00e1 syntax, Praktick\u00e1 gramatika, Kontrast\u00edvna lingvistika a i. <br><\/span><\/p><p class=\"xmsolistparagraph\" style=\"margin-bottom: 0cm; text-align: justify; line-height: 115%;\"><span style=\"font-size: 11.0pt; line-height: 115%; font-family: 'Verdana',sans-serif;\"><br><\/span><\/p>\n<p class=\"xmsolistparagraph\" style=\"margin-top: 0cm; text-align: justify; line-height: 115%;\"><span style=\"font-size: 11.0pt; line-height: 115%; font-family: 'Verdana',sans-serif;\">V r\u00e1mci vedecko-v\u00fdskumnej \u010dinnosti sa venuje najm\u00e4 ust\u00e1len\u00fdm slovn\u00fdm spojeniam v oblasti morfol\u00f3gie, syntaxe a&nbsp;frazeol\u00f3gie, ich kombinatorike a jej preferenci\u00e1m a obmedzeniam na b\u00e1ze korpusov\u00e9ho v\u00fdskumu. V anal\u00fdzach zoh\u013ead\u0148uje \u010dasto i kontrast\u00edvne h\u013eadisko (nem\u010dina-sloven\u010dina) s cie\u013eom demon\u0161trova\u0165 typologick\u00fa rozdielnos\u0165 porovn\u00e1van\u00fdch jazykov aj v sk\u00famanej oblasti. <br><\/span><\/p><p class=\"xmsolistparagraph\" style=\"margin-top: 0cm; text-align: justify; line-height: 115%;\"><span style=\"font-size: 11.0pt; line-height: 115%; font-family: 'Verdana',sans-serif;\">Medzi \u010fal\u0161ie oblasti vedecko-v\u00fdskumnej \u010dinnosti patr\u00ed sk\u00famanie jazykov\u00fdch strat\u00e9gi\u00ed eur\u00f3pskych pravicovo-populistick\u00fdch str\u00e1n, ako i&nbsp;zameranie na didaktick\u00e9 probl\u00e9my vo vyu\u010dovan\u00ed na stredn\u00fdch a vysok\u00fdch \u0161kol\u00e1ch s\u00favisiace s&nbsp;digit\u00e1lnou \u00e9rou vo v\u00fdchovno-vzdel\u00e1vacom procese. <\/span><\/p>\t\t\t\t\t\t\t\t<\/div>\n\t\t\t\t<\/div>\n\t\t\t\t\t<\/div>\n\t\t<\/div>\n\t\t\t\t<div class=\"elementor-column elementor-col-50 elementor-top-column elementor-element elementor-element-70104fd\" data-id=\"70104fd\" data-element_type=\"column\">\n\t\t\t<div class=\"elementor-widget-wrap elementor-element-populated\">\n\t\t\t\t\t\t<div class=\"elementor-element elementor-element-698004a elementor-widget elementor-widget-image\" data-id=\"698004a\" data-element_type=\"widget\" data-widget_type=\"image.default\">\n\t\t\t\t<div class=\"elementor-widget-container\">\n\t\t\t\t\t\t\t\t\t\t\t\t\t\t\t<img fetchpriority=\"high\" decoding=\"async\" width=\"680\" height=\"1024\" src=\"https:\/\/e-ucebnice.ff.ucm.sk\/wp-content\/uploads\/2023\/04\/Frastikova_Simona-680x1024.jpg\" class=\"attachment-large size-large wp-image-5624\" alt=\"\" srcset=\"https:\/\/e-ucebnice.ff.ucm.sk\/wp-content\/uploads\/2023\/04\/Frastikova_Simona-680x1024.jpg 680w, https:\/\/e-ucebnice.ff.ucm.sk\/wp-content\/uploads\/2023\/04\/Frastikova_Simona-199x300.jpg 199w, https:\/\/e-ucebnice.ff.ucm.sk\/wp-content\/uploads\/2023\/04\/Frastikova_Simona-768x1157.jpg 768w, https:\/\/e-ucebnice.ff.ucm.sk\/wp-content\/uploads\/2023\/04\/Frastikova_Simona.jpg 887w\" sizes=\"(max-width: 680px) 100vw, 680px\" \/>\t\t\t\t\t\t\t\t\t\t\t\t\t\t\t<\/div>\n\t\t\t\t<\/div>\n\t\t\t\t\t<\/div>\n\t\t<\/div>\n\t\t\t\t\t<\/div>\n\t\t<\/section>\n\t\t\t\t<\/div>\n\t\t","protected":false},"excerpt":{"rendered":"<p>AUSGEW\u00c4HLTE KAPITEL AUS DER SYNTAX Mgr. Simona Fra\u0161t\u00edkov\u00e1, PhD. simona.frastikova@ucm.sk Mgr. Simona Fra\u0161t\u00edkov\u00e1, PhD. je \u010dlenkou Katedry germanistiky FF UCM v Trnave od roku 2013. V r\u00e1mci pedagogickej \u010dinnosti zastre\u0161uje prim\u00e1rne lingvisticky orientovan\u00e9 predmety ako \u00davod do \u0161t\u00fadia jazyka, Syntax nemeck\u00e9ho jazyka, Z\u00e1vislostn\u00e1 syntax, Praktick\u00e1 gramatika, Kontrast\u00edvna lingvistika a i. V r\u00e1mci vedecko-v\u00fdskumnej \u010dinnosti sa [&hellip;]<\/p>\n","protected":false},"author":3,"featured_media":0,"parent":0,"menu_order":0,"comment_status":"closed","ping_status":"closed","template":"","meta":{"footnotes":""},"class_list":["post-5614","page","type-page","status-publish","hentry"],"_links":{"self":[{"href":"https:\/\/e-ucebnice.ff.ucm.sk\/index.php\/wp-json\/wp\/v2\/pages\/5614","targetHints":{"allow":["GET"]}}],"collection":[{"href":"https:\/\/e-ucebnice.ff.ucm.sk\/index.php\/wp-json\/wp\/v2\/pages"}],"about":[{"href":"https:\/\/e-ucebnice.ff.ucm.sk\/index.php\/wp-json\/wp\/v2\/types\/page"}],"author":[{"embeddable":true,"href":"https:\/\/e-ucebnice.ff.ucm.sk\/index.php\/wp-json\/wp\/v2\/users\/3"}],"replies":[{"embeddable":true,"href":"https:\/\/e-ucebnice.ff.ucm.sk\/index.php\/wp-json\/wp\/v2\/comments?post=5614"}],"version-history":[{"count":13,"href":"https:\/\/e-ucebnice.ff.ucm.sk\/index.php\/wp-json\/wp\/v2\/pages\/5614\/revisions"}],"predecessor-version":[{"id":5630,"href":"https:\/\/e-ucebnice.ff.ucm.sk\/index.php\/wp-json\/wp\/v2\/pages\/5614\/revisions\/5630"}],"wp:attachment":[{"href":"https:\/\/e-ucebnice.ff.ucm.sk\/index.php\/wp-json\/wp\/v2\/media?parent=5614"}],"curies":[{"name":"wp","href":"https:\/\/api.w.org\/{rel}","templated":true}]}}