{"id":5990,"date":"2023-04-05T10:33:14","date_gmt":"2023-04-05T08:33:14","guid":{"rendered":"https:\/\/e-ucebnice.ff.ucm.sk\/?page_id=5990"},"modified":"2023-04-05T10:39:33","modified_gmt":"2023-04-05T08:39:33","slug":"interpretacia-narativnych-textov-autor","status":"publish","type":"page","link":"https:\/\/e-ucebnice.ff.ucm.sk\/index.php\/interpretacia-narativnych-textov-autor\/","title":{"rendered":"interpret\u00e1cia narat\u00edvnych textov-autor"},"content":{"rendered":"\t\t<div data-elementor-type=\"wp-page\" data-elementor-id=\"5990\" class=\"elementor elementor-5990\" data-elementor-post-type=\"page\">\n\t\t\t\t\t\t<section class=\"elementor-section elementor-top-section elementor-element elementor-element-6f672ed elementor-section-height-min-height elementor-section-boxed elementor-section-height-default elementor-section-items-middle\" data-id=\"6f672ed\" data-element_type=\"section\" data-settings=\"{&quot;background_background&quot;:&quot;classic&quot;}\">\n\t\t\t\t\t\t\t<div class=\"elementor-background-overlay\"><\/div>\n\t\t\t\t\t\t\t<div class=\"elementor-container elementor-column-gap-default\">\n\t\t\t\t\t<div class=\"elementor-column elementor-col-100 elementor-top-column elementor-element elementor-element-bbeb470\" data-id=\"bbeb470\" data-element_type=\"column\">\n\t\t\t<div class=\"elementor-widget-wrap elementor-element-populated\">\n\t\t\t\t\t\t<div class=\"elementor-element elementor-element-d82f1ef elementor-widget elementor-widget-heading\" data-id=\"d82f1ef\" data-element_type=\"widget\" data-widget_type=\"heading.default\">\n\t\t\t\t<div class=\"elementor-widget-container\">\n\t\t\t\t\t<h1 class=\"elementor-heading-title elementor-size-default\">\u00daVOD DO INTERPRET\u00c1CIE NARAT\u00cdVNYCH TEXTOV<\/h1>\t\t\t\t<\/div>\n\t\t\t\t<\/div>\n\t\t\t\t\t<\/div>\n\t\t<\/div>\n\t\t\t\t\t<\/div>\n\t\t<\/section>\n\t\t\t\t<section class=\"elementor-section elementor-top-section elementor-element elementor-element-6de3720 elementor-section-boxed elementor-section-height-default elementor-section-height-default\" data-id=\"6de3720\" data-element_type=\"section\">\n\t\t\t\t\t\t<div class=\"elementor-container elementor-column-gap-default\">\n\t\t\t\t\t<div class=\"elementor-column elementor-col-50 elementor-top-column elementor-element elementor-element-fde6b09\" data-id=\"fde6b09\" data-element_type=\"column\">\n\t\t\t<div class=\"elementor-widget-wrap elementor-element-populated\">\n\t\t\t\t\t\t<div class=\"elementor-element elementor-element-78c48d9 animated-fast elementor-invisible elementor-widget elementor-widget-heading\" data-id=\"78c48d9\" data-element_type=\"widget\" data-settings=\"{&quot;_animation&quot;:&quot;fadeIn&quot;}\" data-widget_type=\"heading.default\">\n\t\t\t\t<div class=\"elementor-widget-container\">\n\t\t\t\t\t<h1 class=\"elementor-heading-title elementor-size-default\">PhDr. Peter \u017diak, PhD.<\/h1>\t\t\t\t<\/div>\n\t\t\t\t<\/div>\n\t\t\t\t<div class=\"elementor-element elementor-element-2f07764 elementor-widget__width-auto elementor-view-default elementor-widget elementor-widget-icon\" data-id=\"2f07764\" data-element_type=\"widget\" data-widget_type=\"icon.default\">\n\t\t\t\t<div class=\"elementor-widget-container\">\n\t\t\t\t\t\t\t<div class=\"elementor-icon-wrapper\">\n\t\t\t<div class=\"elementor-icon\">\n\t\t\t<i aria-hidden=\"true\" class=\"far fa-envelope\"><\/i>\t\t\t<\/div>\n\t\t<\/div>\n\t\t\t\t\t\t<\/div>\n\t\t\t\t<\/div>\n\t\t\t\t<div class=\"elementor-element elementor-element-6df8a60 elementor-widget__width-auto elementor-widget elementor-widget-heading\" data-id=\"6df8a60\" data-element_type=\"widget\" data-widget_type=\"heading.default\">\n\t\t\t\t<div class=\"elementor-widget-container\">\n\t\t\t\t\t<h2 class=\"elementor-heading-title elementor-size-default\"><a href=\"mailto:peter.ziak@ucm.sk\">peter.ziak@ucm.sk<\/a><\/h2>\t\t\t\t<\/div>\n\t\t\t\t<\/div>\n\t\t\t\t<div class=\"elementor-element elementor-element-1d11c87 elementor-invisible elementor-widget elementor-widget-text-editor\" data-id=\"1d11c87\" data-element_type=\"widget\" data-settings=\"{&quot;_animation&quot;:&quot;fadeIn&quot;}\" data-widget_type=\"text-editor.default\">\n\t\t\t\t<div class=\"elementor-widget-container\">\n\t\t\t\t\t\t\t\t\t<p>Autor p\u00f4sob\u00ed na Univerzite sv. Cyrila a Metoda v Trnave, kde je spolugarantom \u0161tudijn\u00e9ho programu U\u010dite\u013estvo franc\u00fazskeho jazyka a literat\u00fary na funk\u010dnom mieste docent. Z\u00e1rove\u0148 vyu\u010duje na Spojenej \u0161kole sv. Ur\u0161ule v Bratislave predmety Umenie a kult\u00fara a V\u00fdtvarn\u00e1 v\u00fdchova. V r\u00e1mci univerzitnej v\u00fdu\u010dby sa venuje predov\u0161etk\u00fdm dejin\u00e1m franc\u00fazskej literat\u00fary, re\u00e1li\u00e1m Franc\u00fazska a interpret\u00e1cii liter\u00e1rnych textov. <\/p><p>Odborne (v\u00fdskumne a publika\u010dne) sa \u0161pecifikuje na oblas\u0165 liter\u00e1rnej te\u00f3rie, konkr\u00e9tne na naratol\u00f3giu, poetiku a estetiku umeleck\u00fdch textov, taktie\u017e na interpret\u00e1ciu a didaktiku literat\u00fary. Je autorom vedeckej monografie Estetika narat\u00edvnych textov (2021), vysoko\u0161kolskej u\u010debnice \u00davod do interpret\u00e1cie narat\u00edvnych textov (2022, 2023 \u2013 2. roz\u0161\u00edren\u00e9 vydanie), spoluatorom vysoko\u0161kolskej u\u010debnice Interven\u010dn\u00fd program \u010d\u00edtania s porozumen\u00edm pre franc\u00fazsky jazyk: \u00farove\u0148 A2 (2020), spoluautorom monografi\u00ed A Reflection of Man and Culture in Language and Literature (2019) a Osnovn\u00e9 tematick\u00e9 algoritmy v slovesnom umen\u00ed (2016). <\/p><p>Okrem toho je autorom desiatky \u010fal\u0161\u00edch \u0161t\u00fadi\u00ed publikovan\u00fdch doma i v zahrani\u010d\u00ed, v slovenskom, franc\u00fazskom a anglickom jazyku. Pr\u00edle\u017eitostne sa venuje liter\u00e1rnej kritike \u010di recenzovaniu odborn\u00fdch publik\u00e1ci\u00ed z oblasti filozofie, sociol\u00f3gie a politol\u00f3gie.<\/p>\t\t\t\t\t\t\t\t<\/div>\n\t\t\t\t<\/div>\n\t\t\t\t\t<\/div>\n\t\t<\/div>\n\t\t\t\t<div class=\"elementor-column elementor-col-50 elementor-top-column elementor-element elementor-element-ad7741e\" data-id=\"ad7741e\" data-element_type=\"column\">\n\t\t\t<div class=\"elementor-widget-wrap elementor-element-populated\">\n\t\t\t\t\t\t<div class=\"elementor-element elementor-element-3778023 elementor-widget elementor-widget-image\" data-id=\"3778023\" data-element_type=\"widget\" data-widget_type=\"image.default\">\n\t\t\t\t<div class=\"elementor-widget-container\">\n\t\t\t\t\t\t\t\t\t\t\t\t\t\t\t<img fetchpriority=\"high\" decoding=\"async\" width=\"800\" height=\"1024\" src=\"https:\/\/e-ucebnice.ff.ucm.sk\/wp-content\/uploads\/2023\/04\/Ziak_Peter-800x1024.jpg\" class=\"attachment-large size-large wp-image-5998\" alt=\"\" srcset=\"https:\/\/e-ucebnice.ff.ucm.sk\/wp-content\/uploads\/2023\/04\/Ziak_Peter-800x1024.jpg 800w, https:\/\/e-ucebnice.ff.ucm.sk\/wp-content\/uploads\/2023\/04\/Ziak_Peter-234x300.jpg 234w, https:\/\/e-ucebnice.ff.ucm.sk\/wp-content\/uploads\/2023\/04\/Ziak_Peter-768x983.jpg 768w, https:\/\/e-ucebnice.ff.ucm.sk\/wp-content\/uploads\/2023\/04\/Ziak_Peter.jpg 887w\" sizes=\"(max-width: 800px) 100vw, 800px\" \/>\t\t\t\t\t\t\t\t\t\t\t\t\t\t\t<\/div>\n\t\t\t\t<\/div>\n\t\t\t\t\t<\/div>\n\t\t<\/div>\n\t\t\t\t\t<\/div>\n\t\t<\/section>\n\t\t\t\t<\/div>\n\t\t","protected":false},"excerpt":{"rendered":"<p>\u00daVOD DO INTERPRET\u00c1CIE NARAT\u00cdVNYCH TEXTOV PhDr. Peter \u017diak, PhD. peter.ziak@ucm.sk Autor p\u00f4sob\u00ed na Univerzite sv. Cyrila a Metoda v Trnave, kde je spolugarantom \u0161tudijn\u00e9ho programu U\u010dite\u013estvo franc\u00fazskeho jazyka a literat\u00fary na funk\u010dnom mieste docent. Z\u00e1rove\u0148 vyu\u010duje na Spojenej \u0161kole sv. Ur\u0161ule v Bratislave predmety Umenie a kult\u00fara a V\u00fdtvarn\u00e1 v\u00fdchova. V r\u00e1mci univerzitnej v\u00fdu\u010dby sa [&hellip;]<\/p>\n","protected":false},"author":3,"featured_media":0,"parent":0,"menu_order":0,"comment_status":"closed","ping_status":"closed","template":"","meta":{"footnotes":""},"class_list":["post-5990","page","type-page","status-publish","hentry"],"_links":{"self":[{"href":"https:\/\/e-ucebnice.ff.ucm.sk\/index.php\/wp-json\/wp\/v2\/pages\/5990","targetHints":{"allow":["GET"]}}],"collection":[{"href":"https:\/\/e-ucebnice.ff.ucm.sk\/index.php\/wp-json\/wp\/v2\/pages"}],"about":[{"href":"https:\/\/e-ucebnice.ff.ucm.sk\/index.php\/wp-json\/wp\/v2\/types\/page"}],"author":[{"embeddable":true,"href":"https:\/\/e-ucebnice.ff.ucm.sk\/index.php\/wp-json\/wp\/v2\/users\/3"}],"replies":[{"embeddable":true,"href":"https:\/\/e-ucebnice.ff.ucm.sk\/index.php\/wp-json\/wp\/v2\/comments?post=5990"}],"version-history":[{"count":10,"href":"https:\/\/e-ucebnice.ff.ucm.sk\/index.php\/wp-json\/wp\/v2\/pages\/5990\/revisions"}],"predecessor-version":[{"id":6004,"href":"https:\/\/e-ucebnice.ff.ucm.sk\/index.php\/wp-json\/wp\/v2\/pages\/5990\/revisions\/6004"}],"wp:attachment":[{"href":"https:\/\/e-ucebnice.ff.ucm.sk\/index.php\/wp-json\/wp\/v2\/media?parent=5990"}],"curies":[{"name":"wp","href":"https:\/\/api.w.org\/{rel}","templated":true}]}}