{"id":6606,"date":"2023-04-26T16:34:30","date_gmt":"2023-04-26T14:34:30","guid":{"rendered":"https:\/\/e-ucebnice.ff.ucm.sk\/?page_id=6606"},"modified":"2023-04-26T16:43:31","modified_gmt":"2023-04-26T14:43:31","slug":"problematizovanie-edukacnej-reality-autor","status":"publish","type":"page","link":"https:\/\/e-ucebnice.ff.ucm.sk\/index.php\/problematizovanie-edukacnej-reality-autor\/","title":{"rendered":"Problematizovanie eduka\u010dnej reality-autor"},"content":{"rendered":"\t\t<div data-elementor-type=\"wp-page\" data-elementor-id=\"6606\" class=\"elementor elementor-6606\" data-elementor-post-type=\"page\">\n\t\t\t\t\t\t<section class=\"elementor-section elementor-top-section elementor-element elementor-element-a087921 elementor-section-height-min-height elementor-section-boxed elementor-section-height-default elementor-section-items-middle\" data-id=\"a087921\" data-element_type=\"section\" data-settings=\"{&quot;background_background&quot;:&quot;classic&quot;}\">\n\t\t\t\t\t\t\t<div class=\"elementor-background-overlay\"><\/div>\n\t\t\t\t\t\t\t<div class=\"elementor-container elementor-column-gap-default\">\n\t\t\t\t\t<div class=\"elementor-column elementor-col-100 elementor-top-column elementor-element elementor-element-ca0908d\" data-id=\"ca0908d\" data-element_type=\"column\">\n\t\t\t<div class=\"elementor-widget-wrap elementor-element-populated\">\n\t\t\t\t\t\t<div class=\"elementor-element elementor-element-39e60c9 elementor-widget elementor-widget-heading\" data-id=\"39e60c9\" data-element_type=\"widget\" data-widget_type=\"heading.default\">\n\t\t\t\t<div class=\"elementor-widget-container\">\n\t\t\t\t\t<h1 class=\"elementor-heading-title elementor-size-default\">PROBLEMATIZOVANIE EDUKA\u010cNEJ REALITY. <br>PRAKTICK\u00c1 METODOL\u00d3GIA<\/h1>\t\t\t\t<\/div>\n\t\t\t\t<\/div>\n\t\t\t\t\t<\/div>\n\t\t<\/div>\n\t\t\t\t\t<\/div>\n\t\t<\/section>\n\t\t\t\t<section class=\"elementor-section elementor-top-section elementor-element elementor-element-817bb17 elementor-section-boxed elementor-section-height-default elementor-section-height-default\" data-id=\"817bb17\" data-element_type=\"section\">\n\t\t\t\t\t\t<div class=\"elementor-container elementor-column-gap-default\">\n\t\t\t\t\t<div class=\"elementor-column elementor-col-50 elementor-top-column elementor-element elementor-element-e1d9789\" data-id=\"e1d9789\" data-element_type=\"column\">\n\t\t\t<div class=\"elementor-widget-wrap elementor-element-populated\">\n\t\t\t\t\t\t<div class=\"elementor-element elementor-element-2531f12 animated-fast elementor-invisible elementor-widget elementor-widget-heading\" data-id=\"2531f12\" data-element_type=\"widget\" data-settings=\"{&quot;_animation&quot;:&quot;fadeIn&quot;}\" data-widget_type=\"heading.default\">\n\t\t\t\t<div class=\"elementor-widget-container\">\n\t\t\t\t\t<h1 class=\"elementor-heading-title elementor-size-default\">Krzysztof Mariusz Rubacha, Prof. dr. hab.  <\/h1>\t\t\t\t<\/div>\n\t\t\t\t<\/div>\n\t\t\t\t<div class=\"elementor-element elementor-element-332b7b7 elementor-widget__width-auto elementor-view-default elementor-widget elementor-widget-icon\" data-id=\"332b7b7\" data-element_type=\"widget\" data-widget_type=\"icon.default\">\n\t\t\t\t<div class=\"elementor-widget-container\">\n\t\t\t\t\t\t\t<div class=\"elementor-icon-wrapper\">\n\t\t\t<div class=\"elementor-icon\">\n\t\t\t<i aria-hidden=\"true\" class=\"far fa-envelope\"><\/i>\t\t\t<\/div>\n\t\t<\/div>\n\t\t\t\t\t\t<\/div>\n\t\t\t\t<\/div>\n\t\t\t\t<div class=\"elementor-element elementor-element-b7c1d41 elementor-widget__width-auto elementor-widget elementor-widget-heading\" data-id=\"b7c1d41\" data-element_type=\"widget\" data-widget_type=\"heading.default\">\n\t\t\t\t<div class=\"elementor-widget-container\">\n\t\t\t\t\t<h2 class=\"elementor-heading-title elementor-size-default\"><a href=\"mailto:krzysztof.rubacha@ucm.sk\">krzysztof.rubacha@ucm.sk<\/a><\/h2>\t\t\t\t<\/div>\n\t\t\t\t<\/div>\n\t\t\t\t<div class=\"elementor-element elementor-element-c43896d elementor-invisible elementor-widget elementor-widget-text-editor\" data-id=\"c43896d\" data-element_type=\"widget\" data-settings=\"{&quot;_animation&quot;:&quot;fadeIn&quot;}\" data-widget_type=\"text-editor.default\">\n\t\t\t\t<div class=\"elementor-widget-container\">\n\t\t\t\t\t\t\t\t\t<p>P\u00f4sob\u00ed na Katedre pedagogiky FF UCM v\u00a0Trnave od roku 2011 vo funkcii profesora ako u\u010dite\u013ea profilov\u00fdch predmetov v\u00a0u\u010dite\u013eskom \u0161t\u00fadiu na FF UCM. Svoju pedagogick\u00fa \u010dinnos\u0165 m\u00e1 zameran\u00fa oblas\u0165 metodol\u00f3gie pedagogick\u00e9ho v\u00fdskumu a\u00a0metodol\u00f3gie spracov\u00e1vania z\u00e1vere\u010dn\u00fdch pr\u00e1c, participuje na v\u00fdu\u010dbe \u0165a\u017eiskov\u00fdch predmetov v\u00a0r\u00e1mci pregradu\u00e1lnej pr\u00edpravy u\u010dite\u013eov.<\/p><p>Vy\u0161tudoval \u0161tudijn\u00fd odbor pedagogika na Nicolaus Copericus University Toru\u0144 \u00a0v\u00a0Po\u013esku a\u00a0po \u00faspe\u0161nej realiz\u00e1cii PhD. \u0161t\u00fadia a\u00a0habilita\u010dn\u00e9ho konania\u00a0 sa v\u00a0roku 2010 stal inaugurovan\u00fdm profesorom.<\/p><p>Celkovo publikoval viac ne\u017e 75 vedeck\u00fdch pr\u00e1c (vedeck\u00e9 monografie, kapitoly v\u00a0monografi\u00e1ch, \u010dl\u00e1nky vo vedeck\u00fdch datab\u00e1zovan\u00fdch \u010dasopisoch, u\u010debnice at\u010f.), jeho pr\u00e1ce s\u00fa v\u00a0zahrani\u010d\u00ed \u010dasto oce\u0148ovan\u00e9 a\u00a0citovan\u00e9. V\u00a0s\u00fa\u010dasnosti m\u00e1 762 ohlasov a\u00a0cit\u00e1ci\u00ed na jeho publika\u010dn\u00e9 v\u00fdstupy. Absolvoval viacer\u00e9 zahrani\u010dn\u00e9 vedeck\u00e9 a\u00a0predn\u00e1\u0161kov\u00e9 pobyty a pravidelne vystupuje na dom\u00e1cich a\u00a0zahrani\u010dn\u00fdch konferenci\u00e1ch. Je \u010dlenom Po\u013eskej akad\u00e9mie vied, predsedom Sekcie Metodol\u00f3gie pedagogick\u00e9ho v\u00fdskumu v Akad\u00e9mii Nauk vo Warszawe, predsedom Laborat\u00f3ria v\u00fdskumn\u00e9ho vybavenia v \u00a0Akad\u00e9mii Nauk vo Warszawe, \u0161\u00e9fredaktor \u010dasopisu Przegl\u0105d Bada\u0144 Edukacyjnych a predseda Rady vedeckej discipl\u00edny pedagogika UMK Toru\u0144<\/p>\t\t\t\t\t\t\t\t<\/div>\n\t\t\t\t<\/div>\n\t\t\t\t\t<\/div>\n\t\t<\/div>\n\t\t\t\t<div class=\"elementor-column elementor-col-50 elementor-top-column elementor-element elementor-element-17c2943\" data-id=\"17c2943\" data-element_type=\"column\">\n\t\t\t<div class=\"elementor-widget-wrap elementor-element-populated\">\n\t\t\t\t\t\t<div class=\"elementor-element elementor-element-b8bfb68 elementor-widget elementor-widget-image\" data-id=\"b8bfb68\" data-element_type=\"widget\" data-widget_type=\"image.default\">\n\t\t\t\t<div class=\"elementor-widget-container\">\n\t\t\t\t\t\t\t\t\t\t\t\t\t\t\t<img fetchpriority=\"high\" decoding=\"async\" width=\"300\" height=\"400\" src=\"https:\/\/e-ucebnice.ff.ucm.sk\/wp-content\/uploads\/2023\/04\/rubacha-transformed.jpeg\" class=\"attachment-medium_large size-medium_large wp-image-6611\" alt=\"\" srcset=\"https:\/\/e-ucebnice.ff.ucm.sk\/wp-content\/uploads\/2023\/04\/rubacha-transformed.jpeg 300w, https:\/\/e-ucebnice.ff.ucm.sk\/wp-content\/uploads\/2023\/04\/rubacha-transformed-225x300.jpeg 225w\" sizes=\"(max-width: 300px) 100vw, 300px\" \/>\t\t\t\t\t\t\t\t\t\t\t\t\t\t\t<\/div>\n\t\t\t\t<\/div>\n\t\t\t\t\t<\/div>\n\t\t<\/div>\n\t\t\t\t\t<\/div>\n\t\t<\/section>\n\t\t\t\t<\/div>\n\t\t","protected":false},"excerpt":{"rendered":"<p>PROBLEMATIZOVANIE EDUKA\u010cNEJ REALITY. PRAKTICK\u00c1 METODOL\u00d3GIA Krzysztof Mariusz Rubacha, Prof. dr. hab. krzysztof.rubacha@ucm.sk P\u00f4sob\u00ed na Katedre pedagogiky FF UCM v\u00a0Trnave od roku 2011 vo funkcii profesora ako u\u010dite\u013ea profilov\u00fdch predmetov v\u00a0u\u010dite\u013eskom \u0161t\u00fadiu na FF UCM. Svoju pedagogick\u00fa \u010dinnos\u0165 m\u00e1 zameran\u00fa oblas\u0165 metodol\u00f3gie pedagogick\u00e9ho v\u00fdskumu a\u00a0metodol\u00f3gie spracov\u00e1vania z\u00e1vere\u010dn\u00fdch pr\u00e1c, participuje na v\u00fdu\u010dbe \u0165a\u017eiskov\u00fdch predmetov v\u00a0r\u00e1mci pregradu\u00e1lnej pr\u00edpravy [&hellip;]<\/p>\n","protected":false},"author":3,"featured_media":0,"parent":0,"menu_order":0,"comment_status":"closed","ping_status":"closed","template":"","meta":{"footnotes":""},"class_list":["post-6606","page","type-page","status-publish","hentry"],"_links":{"self":[{"href":"https:\/\/e-ucebnice.ff.ucm.sk\/index.php\/wp-json\/wp\/v2\/pages\/6606","targetHints":{"allow":["GET"]}}],"collection":[{"href":"https:\/\/e-ucebnice.ff.ucm.sk\/index.php\/wp-json\/wp\/v2\/pages"}],"about":[{"href":"https:\/\/e-ucebnice.ff.ucm.sk\/index.php\/wp-json\/wp\/v2\/types\/page"}],"author":[{"embeddable":true,"href":"https:\/\/e-ucebnice.ff.ucm.sk\/index.php\/wp-json\/wp\/v2\/users\/3"}],"replies":[{"embeddable":true,"href":"https:\/\/e-ucebnice.ff.ucm.sk\/index.php\/wp-json\/wp\/v2\/comments?post=6606"}],"version-history":[{"count":4,"href":"https:\/\/e-ucebnice.ff.ucm.sk\/index.php\/wp-json\/wp\/v2\/pages\/6606\/revisions"}],"predecessor-version":[{"id":6614,"href":"https:\/\/e-ucebnice.ff.ucm.sk\/index.php\/wp-json\/wp\/v2\/pages\/6606\/revisions\/6614"}],"wp:attachment":[{"href":"https:\/\/e-ucebnice.ff.ucm.sk\/index.php\/wp-json\/wp\/v2\/media?parent=6606"}],"curies":[{"name":"wp","href":"https:\/\/api.w.org\/{rel}","templated":true}]}}