{"id":8033,"date":"2024-10-10T16:21:44","date_gmt":"2024-10-10T14:21:44","guid":{"rendered":"https:\/\/e-ucebnice.ff.ucm.sk\/?page_id=8033"},"modified":"2024-10-18T09:14:06","modified_gmt":"2024-10-18T07:14:06","slug":"prirucka-specificke-potreby-1","status":"publish","type":"page","link":"https:\/\/e-ucebnice.ff.ucm.sk\/index.php\/prirucka-specificke-potreby-1\/","title":{"rendered":"Prirucka-specificke-potreby-1"},"content":{"rendered":"\t\t<div data-elementor-type=\"wp-page\" data-elementor-id=\"8033\" class=\"elementor elementor-8033\" data-elementor-post-type=\"page\">\n\t\t\t\t\t\t<section class=\"elementor-section elementor-top-section elementor-element elementor-element-b2eeed8 elementor-section-height-min-height elementor-section-boxed elementor-section-height-default elementor-section-items-middle\" data-id=\"b2eeed8\" data-element_type=\"section\" data-settings=\"{&quot;background_background&quot;:&quot;classic&quot;}\">\n\t\t\t\t\t\t\t<div class=\"elementor-background-overlay\"><\/div>\n\t\t\t\t\t\t\t<div class=\"elementor-container elementor-column-gap-default\">\n\t\t\t\t\t<div class=\"elementor-column elementor-col-100 elementor-top-column elementor-element elementor-element-91ce5cd\" data-id=\"91ce5cd\" data-element_type=\"column\">\n\t\t\t<div class=\"elementor-widget-wrap elementor-element-populated\">\n\t\t\t\t\t\t<div class=\"elementor-element elementor-element-1c6da3b elementor-widget elementor-widget-heading\" data-id=\"1c6da3b\" data-element_type=\"widget\" data-widget_type=\"heading.default\">\n\t\t\t\t<div class=\"elementor-widget-container\">\n\t\t\t\t\t<h1 class=\"elementor-heading-title elementor-size-default\">Metodick\u00e1 pr\u00edru\u010dka pre z\u00e1ujemcov o \u0161t\u00fadium a \u0161tudentov so \u0161pecifick\u00fdmi potrebami<\/h1>\t\t\t\t<\/div>\n\t\t\t\t<\/div>\n\t\t\t\t\t<\/div>\n\t\t<\/div>\n\t\t\t\t\t<\/div>\n\t\t<\/section>\n\t\t\t\t<section class=\"elementor-section elementor-top-section elementor-element elementor-element-9f9a241 elementor-section-boxed elementor-section-height-default elementor-section-height-default\" data-id=\"9f9a241\" data-element_type=\"section\">\n\t\t\t\t\t\t<div class=\"elementor-container elementor-column-gap-default\">\n\t\t\t\t\t<div class=\"elementor-column elementor-col-100 elementor-top-column elementor-element elementor-element-36e8d15\" data-id=\"36e8d15\" data-element_type=\"column\">\n\t\t\t<div class=\"elementor-widget-wrap elementor-element-populated\">\n\t\t\t\t\t\t<section class=\"elementor-section elementor-inner-section elementor-element elementor-element-0f7453d elementor-section-boxed elementor-section-height-default elementor-section-height-default\" data-id=\"0f7453d\" data-element_type=\"section\">\n\t\t\t\t\t\t<div class=\"elementor-container elementor-column-gap-default\">\n\t\t\t\t\t<div class=\"elementor-column elementor-col-100 elementor-inner-column elementor-element elementor-element-4973de6\" data-id=\"4973de6\" data-element_type=\"column\">\n\t\t\t<div class=\"elementor-widget-wrap elementor-element-populated\">\n\t\t\t\t\t\t<div class=\"elementor-element elementor-element-198bac6 elementor-widget__width-initial elementor-fixed elementor-widget elementor-widget-button\" data-id=\"198bac6\" data-element_type=\"widget\" data-settings=\"{&quot;_position&quot;:&quot;fixed&quot;}\" data-widget_type=\"button.default\">\n\t\t\t\t<div class=\"elementor-widget-container\">\n\t\t\t\t\t\t\t\t\t<div class=\"elementor-button-wrapper\">\n\t\t\t\t\t<a class=\"elementor-button elementor-button-link elementor-size-sm\" href=\"#Kapitola1\">\n\t\t\t\t\t\t<span class=\"elementor-button-content-wrapper\">\n\t\t\t\t\t\t<span class=\"elementor-button-icon\">\n\t\t\t\t<i aria-hidden=\"true\" class=\"fas fa-arrow-up\"><\/i>\t\t\t<\/span>\n\t\t\t\t\t\t\t\t<\/span>\n\t\t\t\t\t<\/a>\n\t\t\t\t<\/div>\n\t\t\t\t\t\t\t\t<\/div>\n\t\t\t\t<\/div>\n\t\t\t\t\t<\/div>\n\t\t<\/div>\n\t\t\t\t\t<\/div>\n\t\t<\/section>\n\t\t\t\t\t<\/div>\n\t\t<\/div>\n\t\t\t\t\t<\/div>\n\t\t<\/section>\n\t\t\t\t<section class=\"elementor-section elementor-top-section elementor-element elementor-element-2858d6f elementor-section-boxed elementor-section-height-default elementor-section-height-default\" data-id=\"2858d6f\" data-element_type=\"section\">\n\t\t\t\t\t\t<div class=\"elementor-container elementor-column-gap-default\">\n\t\t\t\t\t<div class=\"elementor-column elementor-col-100 elementor-top-column elementor-element elementor-element-e63bd34\" data-id=\"e63bd34\" data-element_type=\"column\">\n\t\t\t<div class=\"elementor-widget-wrap elementor-element-populated\">\n\t\t\t\t\t\t<section class=\"elementor-section elementor-inner-section elementor-element elementor-element-0b79421 elementor-section-boxed elementor-section-height-default elementor-section-height-default\" data-id=\"0b79421\" data-element_type=\"section\">\n\t\t\t\t\t\t<div class=\"elementor-container elementor-column-gap-default\">\n\t\t\t\t\t<div class=\"elementor-column elementor-col-100 elementor-inner-column elementor-element elementor-element-bb0ded5\" data-id=\"bb0ded5\" data-element_type=\"column\">\n\t\t\t<div class=\"elementor-widget-wrap elementor-element-populated\">\n\t\t\t\t\t\t<div class=\"elementor-element elementor-element-759b076 elementor-widget elementor-widget-heading\" data-id=\"759b076\" data-element_type=\"widget\" data-widget_type=\"heading.default\">\n\t\t\t\t<div class=\"elementor-widget-container\">\n\t\t\t\t\t<h3 class=\"elementor-heading-title elementor-size-default\">Podpora a inkl\u00fazia v\u0161etk\u00fdch \u0161tudentov na Filozofickej fakulte UCM<\/h3>\t\t\t\t<\/div>\n\t\t\t\t<\/div>\n\t\t\t\t<div class=\"elementor-element elementor-element-5aa9d5d elementor-widget elementor-widget-text-editor\" data-id=\"5aa9d5d\" data-element_type=\"widget\" data-widget_type=\"text-editor.default\">\n\t\t\t\t<div class=\"elementor-widget-container\">\n\t\t\t\t\t\t\t\t\t<p>Pod\u013ea z\u00e1kona o vysok\u00fdch \u0161kol\u00e1ch (Z\u00e1kon 131\/2002 Z.z.), <strong>ka\u017ed\u00fd m\u00e1 pr\u00e1vo \u0161tudova\u0165 na vysokej \u0161kole zvolen\u00fd \u0161tudijn\u00fd program, ak spln\u00ed z\u00e1kladn\u00e9 podmienky prijatia na \u0161t\u00fadium<\/strong> a \u010fal\u0161ie podmienky ur\u010den\u00e9 vysokou \u0161kolou. Pri ur\u010dovan\u00ed t\u00fdchto podmienok sa zaru\u010duj\u00fa rovnak\u00e9 pr\u00e1va pre v\u0161etk\u00fdch uch\u00e1dza\u010dov o \u0161t\u00fadium a v s\u00falade so z\u00e1sadou rovnak\u00e9ho zaobch\u00e1dzania sa zakazuje diskrimin\u00e1cia z d\u00f4vodu veku, pohlavia, sexu\u00e1lnej orient\u00e1cie, man\u017eelsk\u00e9ho stavu a rodinn\u00e9ho stavu, rasy, farby pleti, zdravotn\u00e9ho postihnutia, jazyka, politick\u00e9ho alebo in\u00e9ho zm\u00fd\u0161\u013eania, pr\u00edslu\u0161nosti k n\u00e1rodnostnej men\u0161ine, n\u00e1bo\u017eensk\u00e9ho vyznania alebo viery, odborovej \u010dinnosti, n\u00e1rodn\u00e9ho alebo soci\u00e1lneho p\u00f4vodu, majetku, rodu alebo in\u00e9ho postavenia.<\/p><p>Vysok\u00e9 \u0161koly s\u00fa povinn\u00e9 vytv\u00e1ra\u0165 <strong>v\u0161eobecne pr\u00edstupn\u00e9 akademick\u00e9 prostredie<\/strong> aj vytv\u00e1ran\u00edm zodpovedaj\u00facich podmienok \u0161t\u00fadia \u0161tudentov so \u0161pecifick\u00fdmi potrebami bez zni\u017eovania po\u017eiadaviek na ich \u0161tudijn\u00fd v\u00fdkon.\u00a0<\/p><p><strong>\u0160tudentom so \u0161pecifick\u00fdmi potrebami<\/strong>, vysok\u00e9 \u0161koly poskytuj\u00fa podporn\u00e9 slu\u017eby. O vyu\u017e\u00edvanie podpornej slu\u017eby, mus\u00ed \u0161tudent po\u017eiada\u0165. Na z\u00e1klade po\u017eiadavky \u0161tudenta, vysok\u00e1 \u0161kola presk\u00fama jeho potreby, a ur\u010d\u00ed rozsah poskytovan\u00fdch podporn\u00fdch slu\u017eieb<\/p><p><strong>\u0160tudenti so \u0161pecifick\u00fdmi potrebami <\/strong>s\u00fa pod\u013ea z\u00e1kona 131\/202 Z.z. \u0161tudenti:<\/p><ul><li>so zmyslov\u00fdm, telesn\u00fdm a viacn\u00e1sobn\u00fdm postihnut\u00edm,<\/li><li>s chronick\u00fdm ochoren\u00edm,<\/li><li>so zdravotn\u00fdm oslaben\u00edm,<\/li><li>s psychick\u00fdm ochoren\u00edm,<\/li><li>s autizmom alebo \u010fal\u0161\u00edmi pervaz\u00edvnymi v\u00fdvinov\u00fdmi poruchami,<\/li><li>s poruchami u\u010denia.<\/li><\/ul><p>T\u00e1to pr\u00edru\u010dka je spracovan\u00e1 s re\u0161pektom k legislat\u00edve na n\u00e1rodnej \u00farovni, ktor\u00e1 sa t\u00fdka podpory a poradenstva pre \u0161tudentov:<\/p><p>&#8211; \u00a7 100 <em>Z\u00e1kon \u010d. 131\/2002 Z. z. o vysok\u00fdch \u0161kol\u00e1ch a o zmene a doplnen\u00ed niektor\u00fdch z\u00e1konov <span style=\"color: #008000;\">(<\/span><\/em><span style=\"color: #008000;\"><a style=\"color: #008000;\" href=\"https:\/\/www.slov-lex.sk\/pravne-predpisy\/SK\/ZZ\/2002\/131\/20230101\" target=\"_blank\" rel=\"noopener\">https:\/\/www.slov-lex.sk\/pravne-predpisy\/SK\/ZZ\/2002\/131\/20230101<\/a>)<em>;<\/em><\/span><\/p><p>&#8211; <em>Vyhl\u00e1\u0161ka 458\/2012 o minim\u00e1lnych n\u00e1rokoch \u0161tudenta so \u0161pecifick\u00fdmi\u00a0 potrebami <span style=\"color: #008000;\">(<\/span><\/em><span style=\"color: #008000;\"><a style=\"color: #008000;\" href=\"https:\/\/www.slov-lex.sk\/pravne-predpisy\/SK\/ZZ\/2012\/458\/20130901\" target=\"_blank\" rel=\"noopener\">https:\/\/www.slov-lex.sk\/pravne-predpisy\/SK\/ZZ\/2012\/458\/20130901<\/a>)<em>;<\/em><\/span><\/p><p>a intern\u00fdch smern\u00edc UCM v Trnave:\u00a0<\/p><ul><li><em>Vn\u00fatorn\u00fd predpis Univerzity sv. Cyrila a Metoda v Trnave 41\/2023<strong> &#8211;<\/strong><\/em> <span style=\"color: #008000;\"><a style=\"color: #008000;\" href=\"https:\/\/www.ucm.sk\/docs\/legislativa\/2023\/Smernica_na_zabezpecenie_AP.docx\"><em>Smernica na zabezpe\u010denie v\u0161eobecne pr\u00edstupn\u00e9ho akademick\u00e9ho prostredia pre \u0161tudentov so \u0161pecifick\u00fdmi potrebami<\/em><\/a> (<a style=\"color: #008000;\" href=\"https:\/\/www.ucm.sk\/files\/sk\/centra-podpory\/poradensko-pravne-centrum-studentov-zo-socialne-znevyhodneneho-prostredia-studentov-so-specifickymi-potrebami\/smernica_na_zabezpecenie_ap.docx\" target=\"_blank\" rel=\"noopener\">https:\/\/www.ucm.sk\/files\/sk\/centra-podpory\/poradensko-pravne-centrum-studentov-zo-socialne-znevyhodneneho-prostredia-studentov-so-specifickymi-potrebami\/smernica_na_zabezpecenie_ap.docx<\/a>).<\/span><\/li><\/ul>\t\t\t\t\t\t\t\t<\/div>\n\t\t\t\t<\/div>\n\t\t\t\t\t<\/div>\n\t\t<\/div>\n\t\t\t\t\t<\/div>\n\t\t<\/section>\n\t\t\t\t\t<\/div>\n\t\t<\/div>\n\t\t\t\t\t<\/div>\n\t\t<\/section>\n\t\t\t\t<\/div>\n\t\t","protected":false},"excerpt":{"rendered":"<p>Metodick\u00e1 pr\u00edru\u010dka pre z\u00e1ujemcov o \u0161t\u00fadium a \u0161tudentov so \u0161pecifick\u00fdmi potrebami Podpora a inkl\u00fazia v\u0161etk\u00fdch \u0161tudentov na Filozofickej fakulte UCM Pod\u013ea z\u00e1kona o vysok\u00fdch \u0161kol\u00e1ch (Z\u00e1kon 131\/2002 Z.z.), ka\u017ed\u00fd m\u00e1 pr\u00e1vo \u0161tudova\u0165 na vysokej \u0161kole zvolen\u00fd \u0161tudijn\u00fd program, ak spln\u00ed z\u00e1kladn\u00e9 podmienky prijatia na \u0161t\u00fadium a \u010fal\u0161ie podmienky ur\u010den\u00e9 vysokou \u0161kolou. Pri ur\u010dovan\u00ed t\u00fdchto podmienok [&hellip;]<\/p>\n","protected":false},"author":3,"featured_media":0,"parent":0,"menu_order":0,"comment_status":"closed","ping_status":"closed","template":"","meta":{"footnotes":""},"class_list":["post-8033","page","type-page","status-publish","hentry"],"_links":{"self":[{"href":"https:\/\/e-ucebnice.ff.ucm.sk\/index.php\/wp-json\/wp\/v2\/pages\/8033","targetHints":{"allow":["GET"]}}],"collection":[{"href":"https:\/\/e-ucebnice.ff.ucm.sk\/index.php\/wp-json\/wp\/v2\/pages"}],"about":[{"href":"https:\/\/e-ucebnice.ff.ucm.sk\/index.php\/wp-json\/wp\/v2\/types\/page"}],"author":[{"embeddable":true,"href":"https:\/\/e-ucebnice.ff.ucm.sk\/index.php\/wp-json\/wp\/v2\/users\/3"}],"replies":[{"embeddable":true,"href":"https:\/\/e-ucebnice.ff.ucm.sk\/index.php\/wp-json\/wp\/v2\/comments?post=8033"}],"version-history":[{"count":13,"href":"https:\/\/e-ucebnice.ff.ucm.sk\/index.php\/wp-json\/wp\/v2\/pages\/8033\/revisions"}],"predecessor-version":[{"id":8458,"href":"https:\/\/e-ucebnice.ff.ucm.sk\/index.php\/wp-json\/wp\/v2\/pages\/8033\/revisions\/8458"}],"wp:attachment":[{"href":"https:\/\/e-ucebnice.ff.ucm.sk\/index.php\/wp-json\/wp\/v2\/media?parent=8033"}],"curies":[{"name":"wp","href":"https:\/\/api.w.org\/{rel}","templated":true}]}}