{"id":8055,"date":"2024-10-10T16:30:40","date_gmt":"2024-10-10T14:30:40","guid":{"rendered":"https:\/\/e-ucebnice.ff.ucm.sk\/?page_id=8055"},"modified":"2024-10-18T09:11:49","modified_gmt":"2024-10-18T07:11:49","slug":"prirucka-specificke-potreby-zoznam-priloha","status":"publish","type":"page","link":"https:\/\/e-ucebnice.ff.ucm.sk\/index.php\/prirucka-specificke-potreby-zoznam-priloha\/","title":{"rendered":"Prirucka-specificke-potreby-zoznam-priloha"},"content":{"rendered":"\t\t<div data-elementor-type=\"wp-page\" data-elementor-id=\"8055\" class=\"elementor elementor-8055\" data-elementor-post-type=\"page\">\n\t\t\t\t\t\t<section class=\"elementor-section elementor-top-section elementor-element elementor-element-b2eeed8 elementor-section-height-min-height elementor-section-boxed elementor-section-height-default elementor-section-items-middle\" data-id=\"b2eeed8\" data-element_type=\"section\" data-settings=\"{&quot;background_background&quot;:&quot;classic&quot;}\">\n\t\t\t\t\t\t\t<div class=\"elementor-background-overlay\"><\/div>\n\t\t\t\t\t\t\t<div class=\"elementor-container elementor-column-gap-default\">\n\t\t\t\t\t<div class=\"elementor-column elementor-col-100 elementor-top-column elementor-element elementor-element-91ce5cd\" data-id=\"91ce5cd\" data-element_type=\"column\">\n\t\t\t<div class=\"elementor-widget-wrap elementor-element-populated\">\n\t\t\t\t\t\t<div class=\"elementor-element elementor-element-1c6da3b elementor-widget elementor-widget-heading\" data-id=\"1c6da3b\" data-element_type=\"widget\" data-widget_type=\"heading.default\">\n\t\t\t\t<div class=\"elementor-widget-container\">\n\t\t\t\t\t<h1 class=\"elementor-heading-title elementor-size-default\">Metodick\u00e1 pr\u00edru\u010dka pre z\u00e1ujemcov o \u0161t\u00fadium a \u0161tudentov so \u0161pecifick\u00fdmi potrebami<\/h1>\t\t\t\t<\/div>\n\t\t\t\t<\/div>\n\t\t\t\t\t<\/div>\n\t\t<\/div>\n\t\t\t\t\t<\/div>\n\t\t<\/section>\n\t\t\t\t<section class=\"elementor-section elementor-top-section elementor-element elementor-element-9f9a241 elementor-section-boxed elementor-section-height-default elementor-section-height-default\" data-id=\"9f9a241\" data-element_type=\"section\">\n\t\t\t\t\t\t<div class=\"elementor-container elementor-column-gap-default\">\n\t\t\t\t\t<div class=\"elementor-column elementor-col-100 elementor-top-column elementor-element elementor-element-36e8d15\" data-id=\"36e8d15\" data-element_type=\"column\">\n\t\t\t<div class=\"elementor-widget-wrap elementor-element-populated\">\n\t\t\t\t\t\t<section class=\"elementor-section elementor-inner-section elementor-element elementor-element-0f7453d elementor-section-boxed elementor-section-height-default elementor-section-height-default\" data-id=\"0f7453d\" data-element_type=\"section\">\n\t\t\t\t\t\t<div class=\"elementor-container elementor-column-gap-default\">\n\t\t\t\t\t<div class=\"elementor-column elementor-col-100 elementor-inner-column elementor-element elementor-element-4973de6\" data-id=\"4973de6\" data-element_type=\"column\">\n\t\t\t<div class=\"elementor-widget-wrap elementor-element-populated\">\n\t\t\t\t\t\t<div class=\"elementor-element elementor-element-198bac6 elementor-widget__width-initial elementor-fixed elementor-widget elementor-widget-button\" data-id=\"198bac6\" data-element_type=\"widget\" data-settings=\"{&quot;_position&quot;:&quot;fixed&quot;}\" data-widget_type=\"button.default\">\n\t\t\t\t<div class=\"elementor-widget-container\">\n\t\t\t\t\t\t\t\t\t<div class=\"elementor-button-wrapper\">\n\t\t\t\t\t<a class=\"elementor-button elementor-button-link elementor-size-sm\" href=\"#Kapitola1\">\n\t\t\t\t\t\t<span class=\"elementor-button-content-wrapper\">\n\t\t\t\t\t\t<span class=\"elementor-button-icon\">\n\t\t\t\t<i aria-hidden=\"true\" class=\"fas fa-arrow-up\"><\/i>\t\t\t<\/span>\n\t\t\t\t\t\t\t\t<\/span>\n\t\t\t\t\t<\/a>\n\t\t\t\t<\/div>\n\t\t\t\t\t\t\t\t<\/div>\n\t\t\t\t<\/div>\n\t\t\t\t\t<\/div>\n\t\t<\/div>\n\t\t\t\t\t<\/div>\n\t\t<\/section>\n\t\t\t\t\t<\/div>\n\t\t<\/div>\n\t\t\t\t\t<\/div>\n\t\t<\/section>\n\t\t\t\t<section class=\"elementor-section elementor-top-section elementor-element elementor-element-2858d6f elementor-section-boxed elementor-section-height-default elementor-section-height-default\" data-id=\"2858d6f\" data-element_type=\"section\">\n\t\t\t\t\t\t<div class=\"elementor-container elementor-column-gap-default\">\n\t\t\t\t\t<div class=\"elementor-column elementor-col-100 elementor-top-column elementor-element elementor-element-e63bd34\" data-id=\"e63bd34\" data-element_type=\"column\">\n\t\t\t<div class=\"elementor-widget-wrap elementor-element-populated\">\n\t\t\t\t\t\t<section class=\"elementor-section elementor-inner-section elementor-element elementor-element-0b79421 elementor-section-boxed elementor-section-height-default elementor-section-height-default\" data-id=\"0b79421\" data-element_type=\"section\">\n\t\t\t\t\t\t<div class=\"elementor-container elementor-column-gap-default\">\n\t\t\t\t\t<div class=\"elementor-column elementor-col-100 elementor-inner-column elementor-element elementor-element-bb0ded5\" data-id=\"bb0ded5\" data-element_type=\"column\">\n\t\t\t<div class=\"elementor-widget-wrap elementor-element-populated\">\n\t\t\t\t\t\t<div class=\"elementor-element elementor-element-759b076 elementor-widget elementor-widget-heading\" data-id=\"759b076\" data-element_type=\"widget\" data-widget_type=\"heading.default\">\n\t\t\t\t<div class=\"elementor-widget-container\">\n\t\t\t\t\t<h3 class=\"elementor-heading-title elementor-size-default\">Pr\u00edloha<\/h3>\t\t\t\t<\/div>\n\t\t\t\t<\/div>\n\t\t\t\t<div class=\"elementor-element elementor-element-5aa9d5d elementor-widget elementor-widget-text-editor\" data-id=\"5aa9d5d\" data-element_type=\"widget\" data-widget_type=\"text-editor.default\">\n\t\t\t\t<div class=\"elementor-widget-container\">\n\t\t\t\t\t\t\t\t\t<p>Pr\u00edloha k vyhl\u00e1\u0161ke \u010d. 458\/2012 Z. z.<\/p><p><strong>MINIM\u00c1LNE N\u00c1ROKY \u0160TUDENTA SO \u0160PECIFICK\u00ddMI POTREBAMI<\/strong><\/p><p>Minim\u00e1lne n\u00e1roky \u0161tudenta pod\u013ea <span style=\"color: #008000;\"><a style=\"color: #008000;\" href=\"https:\/\/www.slov-lex.sk\/pravne-predpisy\/SK\/ZZ\/2002\/131\/#paragraf-100.odsek-2.pismeno-a\" target=\"_blank\" rel=\"noopener\">\u00a7 100 ods. 2 p\u00edsm. a) z\u00e1kona\u010d. 131\/2002 Z. z.<\/a><\/span> o vysok\u00fdch \u0161kol\u00e1ch a o zmene a doplnen\u00ed niektor\u00fdch z\u00e1konov v znen\u00ed z\u00e1kona \u010d. 57\/2012 Z. z.<\/p>\t\t\t\t\t\t\t\t<\/div>\n\t\t\t\t<\/div>\n\t\t\t\t<div class=\"elementor-element elementor-element-1556539 elementor-widget elementor-widget-text-editor\" data-id=\"1556539\" data-element_type=\"widget\" data-widget_type=\"text-editor.default\">\n\t\t\t\t<div class=\"elementor-widget-container\">\n\t\t\t\t\t\t\t\t\t<table><tbody><tr><td>\u00a0<\/td><td colspan=\"2\"><strong>Priestorov\u00e9 n\u00e1roky<\/strong><\/td><td colspan=\"2\"><strong>Materi\u00e1lne n\u00e1roky<\/strong><\/td><td colspan=\"2\"><strong>N\u00e1roky s\u00favisiace<br \/>so \u0161t\u00fadiom<\/strong><\/td><\/tr><tr><td rowspan=\"4\"><strong>Nevidiaci \u0161tudent<\/strong><\/td><td colspan=\"2\">Podpora pri n\u00e1cviku orient\u00e1cie, samostatn\u00e9ho a bezpe\u010dn\u00e9ho pohybu v priestoroch vysokej \u0161koly<\/td><td colspan=\"2\">Zapo\u017ei\u010danie literat\u00fary z akademickej kni\u017enice na pred\u013a\u017een\u00fd \u010das<\/td><td colspan=\"2\">Individu\u00e1lny harmonogram plnenia \u0161tudijn\u00fdch povinnost\u00ed<\/td><\/tr><tr><td colspan=\"2\">Pr\u00edstup k inform\u00e1ci\u00e1m t\u00fdkaj\u00facim sa \u0161t\u00fadia bezbari\u00e9rov\u00fdm<sup>1<\/sup>) sp\u00f4sobom<\/td><td colspan=\"2\">\u2013<\/td><td colspan=\"2\">Podpora pri zabezpe\u010dovan\u00ed z\u00e1kladnej \u0161tudijnej literat\u00fary, podkladov z predn\u00e1\u0161ok a zadan\u00ed z cvi\u010den\u00ed<\/td><\/tr><tr><td colspan=\"2\">Bezbari\u00e9rov\u00e1 pr\u00e1ca v akademickom informa\u010dnom syst\u00e9me<\/td><td colspan=\"2\">\u2013<\/td><td colspan=\"2\">Podpora pri zabezpe\u010dovan\u00ed \u0161tudijn\u00fdch materi\u00e1lov v pr\u00edstupnej forme<\/td><\/tr><tr><td colspan=\"2\">Pr\u00edstup k inform\u00e1ci\u00e1m a materi\u00e1lom akademickej kni\u017enice bezbari\u00e9rov\u00fdm<sup>1<\/sup>)sp\u00f4sobom<\/td><td colspan=\"2\">\u2013<\/td><td colspan=\"2\">\u2013<\/td><\/tr><\/tbody><\/table><p>1)Bez cudzej pomoci, s vyu\u017eit\u00edm asisten\u010dn\u00fdch technol\u00f3gi\u00ed.<\/p><p>\u00a0<\/p><table><tbody><tr><td>\u00a0<\/td><td><strong>Priestorov\u00e9 n\u00e1roky<\/strong><\/td><td><strong>Materi\u00e1lne n\u00e1roky<\/strong><\/td><td><strong>N\u00e1roky s\u00favisiace<br \/>so \u0161t\u00fadiom<\/strong><\/td><\/tr><tr><td rowspan=\"3\"><strong>Slabozrak\u00fd \u0161tudent<\/strong><\/td><td>Pr\u00edstup k informa\u010dn\u00fdm zdrojom vysokej \u0161koly bezbari\u00e9rov\u00fdm<sup>1<\/sup>)sp\u00f4sobom<\/td><td>Zapo\u017ei\u010danie literat\u00fary z akademickej kni\u017enice na pred\u013a\u017een\u00fd \u010das<\/td><td>Individu\u00e1lny harmonogram plnenia \u0161tudijn\u00fdch povinnost\u00ed<\/td><\/tr><tr><td>Bezbari\u00e9rov\u00e1 pr\u00e1ca v akademickom informa\u010dnom syst\u00e9me<\/td><td>Technick\u00e1 podpora pri pr\u00e1ci v kni\u017enici formou vyu\u017eitia technick\u00e9ho vybavenia<\/td><td>Podpora pri zabezpe\u010dovan\u00ed \u0161tudijnej literat\u00fary, podkladov z predn\u00e1\u0161ok a zadan\u00ed z cvi\u010den\u00ed<\/td><\/tr><tr><td>Pr\u00edstup k inform\u00e1ci\u00e1m a materi\u00e1lom akademickej kni\u017enice bezbari\u00e9rov\u00fdm<sup>1<\/sup>)sp\u00f4sobom<\/td><td>\u2013<\/td><td>\u2013<\/td><\/tr><\/tbody><\/table>\t\t\t\t\t\t\t\t<\/div>\n\t\t\t\t<\/div>\n\t\t\t\t<div class=\"elementor-element elementor-element-90239b6 elementor-widget elementor-widget-text-editor\" data-id=\"90239b6\" data-element_type=\"widget\" data-widget_type=\"text-editor.default\">\n\t\t\t\t<div class=\"elementor-widget-container\">\n\t\t\t\t\t\t\t\t\t<table><tbody><tr><td>\u00a0<\/td><td><strong>Priestorov\u00e9 n\u00e1roky<\/strong><\/td><td><strong>Materi\u00e1lne n\u00e1roky<\/strong><\/td><td><strong>N\u00e1roky s\u00favisiace<br \/>so \u0161t\u00fadiom<\/strong><\/td><\/tr><tr><td rowspan=\"2\"><strong>Nepo\u010duj\u00faci \u0161tudent<\/strong><\/td><td>\u2013<\/td><td>Zapo\u017ei\u010danie literat\u00fary z akademickej kni\u017enice na pred\u013a\u017een\u00fd \u010das<\/td><td>Individu\u00e1lny harmonogram plnenia \u0161tudijn\u00fdch povinnost\u00ed<\/td><\/tr><tr><td>\u2013<\/td><td>\u2013<\/td><td>Podpora pri zabezpe\u010dovan\u00ed \u0161tudijnej literat\u00fary, podkladov z predn\u00e1\u0161ok a zadan\u00ed z cvi\u010den\u00ed<\/td><\/tr><\/tbody><\/table><p>\u00a0<\/p><table><tbody><tr><td>\u00a0<\/td><td><strong>Priestorov\u00e9 n\u00e1roky<\/strong><\/td><td><strong>Materi\u00e1lne n\u00e1roky<\/strong><\/td><td><strong>N\u00e1roky s\u00favisiace so \u0161t\u00fadiom<\/strong><\/td><\/tr><tr><td rowspan=\"2\"><strong>Nedosl\u00fdchav\u00fd \u0161tudent<\/strong><\/td><td>\u2013<\/td><td>Zapo\u017ei\u010danie literat\u00fary z akademickej kni\u017enice na pred\u013a\u017een\u00fd \u010das<\/td><td>Individu\u00e1lny harmonogram plnenia \u0161tudijn\u00fdch povinnost\u00ed<\/td><\/tr><tr><td>\u2013<\/td><td>\u2013<\/td><td>Podpora pri zabezpe\u010dovan\u00ed \u0161tudijnej literat\u00fary, podkladov z predn\u00e1\u0161ok a zadan\u00ed z cvi\u010den\u00ed<\/td><\/tr><\/tbody><\/table><p>\u00a0<\/p><table><tbody><tr><td>\u00a0<\/td><td><strong>Priestorov\u00e9 n\u00e1roky<\/strong><\/td><td><strong>Materi\u00e1lne n\u00e1roky<\/strong><\/td><td><strong>N\u00e1roky s\u00favisiace so \u0161t\u00fadiom<\/strong><\/td><\/tr><tr><td rowspan=\"3\"><strong>\u0160tudent s telesn\u00fdm postihnut\u00edm doln\u00fdch kon\u010dat\u00edn<\/strong><\/td><td>Uskuto\u010d\u0148ovanie v\u00fdu\u010dby v bezbari\u00e9rov\u00fdch priestoroch<\/td><td>\u2013<\/td><td>Prednostn\u00fd z\u00e1pis na vybran\u00e9 predn\u00e1\u0161ky, cvi\u010denia a sk\u00fa\u0161ky<\/td><\/tr><tr><td>Prednostn\u00e9 ubytovanie v bezbari\u00e9rov\u00fdch priestoroch \u0161tudentsk\u00e9ho domova za splnenia podmienok, ak miesto trval\u00e9ho pobytu je od miesta \u0161t\u00fadia viac ako 20 km.<\/td><td>\u2013<\/td><td>Individu\u00e1lny \u0161tudijn\u00fd pl\u00e1n<\/td><\/tr><tr><td>Vyhraden\u00e9 parkovacie miesto pre konkr\u00e9tneho \u0161tudenta pri bezbari\u00e9rovom vstupe<\/td><td>\u2013<\/td><td>Podpora pri zabezpe\u010dovan\u00ed \u0161tudijnej literat\u00fary, podkladov z predn\u00e1\u0161ok a zadan\u00ed z cvi\u010den\u00ed<\/td><\/tr><\/tbody><\/table><p>\u00a0<\/p><table><tbody><tr><td>\u00a0<\/td><td><strong>Priestorov\u00e9 n\u00e1roky<\/strong><\/td><td><strong>Materi\u00e1lne n\u00e1roky<\/strong><\/td><td><strong>N\u00e1roky s\u00favisiace<br \/>so \u0161t\u00fadiom<\/strong><\/td><\/tr><tr><td rowspan=\"2\"><strong>\u0160tudent s\u00a0telesn\u00fdm postihnut\u00edm horn\u00fdch kon\u010dat\u00edn<\/strong><\/td><td>\u2013<\/td><td>Zhotovovanie k\u00f3pi\u00ed \u0161tudijn\u00fdch textov<\/td><td>Individu\u00e1lny harmonogram plnenia \u0161tudijn\u00fdch povinnost\u00ed<\/td><\/tr><tr><td>\u2013<\/td><td>\u2013<\/td><td>Podpora pri zabezpe\u010dovan\u00ed \u0161tudijnej literat\u00fary, podkladov z\u00a0predn\u00e1\u0161ok a\u00a0zadan\u00ed z\u00a0cvi\u010den\u00ed<\/td><\/tr><\/tbody><\/table><p>\u00a0<\/p>\t\t\t\t\t\t\t\t<\/div>\n\t\t\t\t<\/div>\n\t\t\t\t<div class=\"elementor-element elementor-element-8a8a09d elementor-widget elementor-widget-text-editor\" data-id=\"8a8a09d\" data-element_type=\"widget\" data-widget_type=\"text-editor.default\">\n\t\t\t\t<div class=\"elementor-widget-container\">\n\t\t\t\t\t\t\t\t\t<table><tbody><tr><td>\u00a0<\/td><td><strong>Priestorov\u00e9 n\u00e1roky<\/strong><\/td><td><strong>Materi\u00e1lne n\u00e1roky<\/strong><\/td><td><strong>N\u00e1roky s\u00favisiace<br \/>so \u0161t\u00fadiom<\/strong><\/td><\/tr><tr><td><strong>\u0160tudent s chronick\u00fdm ochoren\u00edm<\/strong><\/td><td>\u2013<\/td><td>\u2013<\/td><td>Individu\u00e1lny harmonogram plnenia \u0161tudijn\u00fdch povinnost\u00ed<\/td><\/tr><\/tbody><\/table><p>\u00a0<\/p><table><tbody><tr><td>\u00a0<\/td><td><strong>Priestorov\u00e9 n\u00e1roky<\/strong><\/td><td><strong>Materi\u00e1lne n\u00e1roky<\/strong><\/td><td><strong>N\u00e1roky s\u00favisiace<br \/>so \u0161t\u00fadiom<\/strong><\/td><\/tr><tr><td><strong>\u0160tudent so zdravotn\u00fdm oslaben\u00edm<\/strong><\/td><td>\u2013<\/td><td>\u2013<\/td><td>Individu\u00e1lny harmonogram plnenia \u0161tudijn\u00fdch povinnost\u00ed<\/td><\/tr><\/tbody><\/table><p>\u00a0<\/p><table><tbody><tr><td>\u00a0<\/td><td><strong>Priestorov\u00e9 n\u00e1roky<\/strong><\/td><td><strong>Materi\u00e1lne n\u00e1roky<\/strong><\/td><td><strong>N\u00e1roky s\u00favisiace<br \/>so \u0161t\u00fadiom<\/strong><\/td><\/tr><tr><td rowspan=\"3\"><strong>\u0160tudent s psychick\u00fdm ochoren\u00edm<\/strong><\/td><td>\u2013<\/td><td>Zapo\u017ei\u010danie literat\u00fary z akademickej kni\u017enice na pred\u013a\u017een\u00fd \u010das<\/td><td>Individu\u00e1lny harmonogram plnenia \u0161tudijn\u00fdch povinnost\u00ed<\/td><\/tr><tr><td>\u2013<\/td><td>\u2013<\/td><td>Individu\u00e1lny \u0161tudijn\u00fd pl\u00e1n<\/td><\/tr><tr><td>\u2013<\/td><td>\u2013<\/td><td>Podpora pri zabezpe\u010dovan\u00ed \u0161tudijnej literat\u00fary<\/td><\/tr><\/tbody><\/table><p>\u00a0<\/p><table><tbody><tr><td>\u00a0<\/td><td><strong>Priestorov\u00e9 n\u00e1roky<\/strong><\/td><td><strong>Materi\u00e1lne n\u00e1roky<\/strong><\/td><td><strong>N\u00e1roky s\u00favisiace<br \/>so \u0161t\u00fadiom<\/strong><\/td><\/tr><tr><td rowspan=\"3\"><strong>\u0160tudent s autizmom alebo \u010fal\u0161\u00edmi pervaz\u00edvnymi v\u00fdvinov\u00fdmi poruchami<\/strong><\/td><td>\u2013<\/td><td>Zapo\u017ei\u010danie literat\u00fary z akademickej kni\u017enice na pred\u013a\u017een\u00fd \u010das<\/td><td>Individu\u00e1lny harmonogram plnenia \u0161tudijn\u00fdch povinnost\u00ed<\/td><\/tr><tr><td>\u2013<\/td><td>\u2013<\/td><td>Individu\u00e1lny \u0161tudijn\u00fd pl\u00e1n<\/td><\/tr><tr><td>\u2013<\/td><td>\u2013<\/td><td>Podpora pri zabezpe\u010dovan\u00ed \u0161tudijnej literat\u00fary, podkladov z predn\u00e1\u0161ok a zadan\u00ed z cvi\u010den\u00ed<\/td><\/tr><\/tbody><\/table><p>\u00a0<\/p><table><tbody><tr><td>\u00a0<\/td><td><strong>Priestorov\u00e9 n\u00e1roky<\/strong><\/td><td><strong>Materi\u00e1lne n\u00e1roky<\/strong><\/td><td><strong>N\u00e1roky s\u00favisiace<br \/>so \u0161t\u00fadiom<\/strong><\/td><\/tr><tr><td rowspan=\"2\"><strong>\u0160tudent s poruchami u\u010denia<\/strong><\/td><td>\u2013<\/td><td>Zapo\u017ei\u010danie literat\u00fary z akademickej kni\u017enice na pred\u013a\u017een\u00fd \u010das<\/td><td>Individu\u00e1lny harmonogram plnenia \u0161tudijn\u00fdch povinnost\u00ed<\/td><\/tr><tr><td>\u2013<\/td><td>Pomoc v kni\u017enici pri pr\u00e1ci s katal\u00f3gmi<\/td><td>\u2013<\/td><\/tr><\/tbody><\/table><p>\u00a0<\/p>\t\t\t\t\t\t\t\t<\/div>\n\t\t\t\t<\/div>\n\t\t\t\t\t<\/div>\n\t\t<\/div>\n\t\t\t\t\t<\/div>\n\t\t<\/section>\n\t\t\t\t\t<\/div>\n\t\t<\/div>\n\t\t\t\t\t<\/div>\n\t\t<\/section>\n\t\t\t\t<\/div>\n\t\t","protected":false},"excerpt":{"rendered":"<p>Metodick\u00e1 pr\u00edru\u010dka pre z\u00e1ujemcov o \u0161t\u00fadium a \u0161tudentov so \u0161pecifick\u00fdmi potrebami Pr\u00edloha Pr\u00edloha k vyhl\u00e1\u0161ke \u010d. 458\/2012 Z. z. MINIM\u00c1LNE N\u00c1ROKY \u0160TUDENTA SO \u0160PECIFICK\u00ddMI POTREBAMI Minim\u00e1lne n\u00e1roky \u0161tudenta pod\u013ea \u00a7 100 ods. 2 p\u00edsm. a) z\u00e1kona\u010d. 131\/2002 Z. z. o vysok\u00fdch \u0161kol\u00e1ch a o zmene a doplnen\u00ed niektor\u00fdch z\u00e1konov v znen\u00ed z\u00e1kona \u010d. 57\/2012 Z. [&hellip;]<\/p>\n","protected":false},"author":3,"featured_media":0,"parent":0,"menu_order":0,"comment_status":"closed","ping_status":"closed","template":"","meta":{"footnotes":""},"class_list":["post-8055","page","type-page","status-publish","hentry"],"_links":{"self":[{"href":"https:\/\/e-ucebnice.ff.ucm.sk\/index.php\/wp-json\/wp\/v2\/pages\/8055","targetHints":{"allow":["GET"]}}],"collection":[{"href":"https:\/\/e-ucebnice.ff.ucm.sk\/index.php\/wp-json\/wp\/v2\/pages"}],"about":[{"href":"https:\/\/e-ucebnice.ff.ucm.sk\/index.php\/wp-json\/wp\/v2\/types\/page"}],"author":[{"embeddable":true,"href":"https:\/\/e-ucebnice.ff.ucm.sk\/index.php\/wp-json\/wp\/v2\/users\/3"}],"replies":[{"embeddable":true,"href":"https:\/\/e-ucebnice.ff.ucm.sk\/index.php\/wp-json\/wp\/v2\/comments?post=8055"}],"version-history":[{"count":34,"href":"https:\/\/e-ucebnice.ff.ucm.sk\/index.php\/wp-json\/wp\/v2\/pages\/8055\/revisions"}],"predecessor-version":[{"id":8449,"href":"https:\/\/e-ucebnice.ff.ucm.sk\/index.php\/wp-json\/wp\/v2\/pages\/8055\/revisions\/8449"}],"wp:attachment":[{"href":"https:\/\/e-ucebnice.ff.ucm.sk\/index.php\/wp-json\/wp\/v2\/media?parent=8055"}],"curies":[{"name":"wp","href":"https:\/\/api.w.org\/{rel}","templated":true}]}}