{"id":8190,"date":"2024-10-11T13:38:32","date_gmt":"2024-10-11T11:38:32","guid":{"rendered":"https:\/\/e-ucebnice.ff.ucm.sk\/?page_id=8190"},"modified":"2024-10-11T14:09:31","modified_gmt":"2024-10-11T12:09:31","slug":"prirucka-specificke-potreby-6-1","status":"publish","type":"page","link":"https:\/\/e-ucebnice.ff.ucm.sk\/index.php\/prirucka-specificke-potreby-6-1\/","title":{"rendered":"Prirucka-specificke-potreby-6-1"},"content":{"rendered":"\t\t<div data-elementor-type=\"wp-page\" data-elementor-id=\"8190\" class=\"elementor elementor-8190\" data-elementor-post-type=\"page\">\n\t\t\t\t\t\t<section class=\"elementor-section elementor-top-section elementor-element elementor-element-b2eeed8 elementor-section-height-min-height elementor-section-boxed elementor-section-height-default elementor-section-items-middle\" data-id=\"b2eeed8\" data-element_type=\"section\" data-settings=\"{&quot;background_background&quot;:&quot;classic&quot;}\">\n\t\t\t\t\t\t\t<div class=\"elementor-background-overlay\"><\/div>\n\t\t\t\t\t\t\t<div class=\"elementor-container elementor-column-gap-default\">\n\t\t\t\t\t<div class=\"elementor-column elementor-col-100 elementor-top-column elementor-element elementor-element-91ce5cd\" data-id=\"91ce5cd\" data-element_type=\"column\">\n\t\t\t<div class=\"elementor-widget-wrap elementor-element-populated\">\n\t\t\t\t\t\t<div class=\"elementor-element elementor-element-1c6da3b elementor-widget elementor-widget-heading\" data-id=\"1c6da3b\" data-element_type=\"widget\" data-widget_type=\"heading.default\">\n\t\t\t\t<div class=\"elementor-widget-container\">\n\t\t\t\t\t<h1 class=\"elementor-heading-title elementor-size-default\">Metodick\u00e1 pr\u00edru\u010dka pre z\u00e1ujemcov o \u0161t\u00fadium a \u0161tudentov so \u0161pecifick\u00fdmi potrebami<\/h1>\t\t\t\t<\/div>\n\t\t\t\t<\/div>\n\t\t\t\t\t<\/div>\n\t\t<\/div>\n\t\t\t\t\t<\/div>\n\t\t<\/section>\n\t\t\t\t<section class=\"elementor-section elementor-top-section elementor-element elementor-element-9f9a241 elementor-section-boxed elementor-section-height-default elementor-section-height-default\" data-id=\"9f9a241\" data-element_type=\"section\">\n\t\t\t\t\t\t<div class=\"elementor-container elementor-column-gap-default\">\n\t\t\t\t\t<div class=\"elementor-column elementor-col-100 elementor-top-column elementor-element elementor-element-36e8d15\" data-id=\"36e8d15\" data-element_type=\"column\">\n\t\t\t<div class=\"elementor-widget-wrap elementor-element-populated\">\n\t\t\t\t\t\t<section class=\"elementor-section elementor-inner-section elementor-element elementor-element-0f7453d elementor-section-boxed elementor-section-height-default elementor-section-height-default\" data-id=\"0f7453d\" data-element_type=\"section\">\n\t\t\t\t\t\t<div class=\"elementor-container elementor-column-gap-default\">\n\t\t\t\t\t<div class=\"elementor-column elementor-col-100 elementor-inner-column elementor-element elementor-element-4973de6\" data-id=\"4973de6\" data-element_type=\"column\">\n\t\t\t<div class=\"elementor-widget-wrap elementor-element-populated\">\n\t\t\t\t\t\t<div class=\"elementor-element elementor-element-198bac6 elementor-widget__width-initial elementor-fixed elementor-widget elementor-widget-button\" data-id=\"198bac6\" data-element_type=\"widget\" data-settings=\"{&quot;_position&quot;:&quot;fixed&quot;}\" data-widget_type=\"button.default\">\n\t\t\t\t<div class=\"elementor-widget-container\">\n\t\t\t\t\t\t\t\t\t<div class=\"elementor-button-wrapper\">\n\t\t\t\t\t<a class=\"elementor-button elementor-button-link elementor-size-sm\" href=\"#Kapitola1\">\n\t\t\t\t\t\t<span class=\"elementor-button-content-wrapper\">\n\t\t\t\t\t\t<span class=\"elementor-button-icon\">\n\t\t\t\t<i aria-hidden=\"true\" class=\"fas fa-arrow-up\"><\/i>\t\t\t<\/span>\n\t\t\t\t\t\t\t\t<\/span>\n\t\t\t\t\t<\/a>\n\t\t\t\t<\/div>\n\t\t\t\t\t\t\t\t<\/div>\n\t\t\t\t<\/div>\n\t\t\t\t\t<\/div>\n\t\t<\/div>\n\t\t\t\t\t<\/div>\n\t\t<\/section>\n\t\t\t\t\t<\/div>\n\t\t<\/div>\n\t\t\t\t\t<\/div>\n\t\t<\/section>\n\t\t\t\t<section class=\"elementor-section elementor-top-section elementor-element elementor-element-2858d6f elementor-section-boxed elementor-section-height-default elementor-section-height-default\" data-id=\"2858d6f\" data-element_type=\"section\">\n\t\t\t\t\t\t<div class=\"elementor-container elementor-column-gap-default\">\n\t\t\t\t\t<div class=\"elementor-column elementor-col-100 elementor-top-column elementor-element elementor-element-e63bd34\" data-id=\"e63bd34\" data-element_type=\"column\">\n\t\t\t<div class=\"elementor-widget-wrap elementor-element-populated\">\n\t\t\t\t\t\t<section class=\"elementor-section elementor-inner-section elementor-element elementor-element-0b79421 elementor-section-boxed elementor-section-height-default elementor-section-height-default\" data-id=\"0b79421\" data-element_type=\"section\">\n\t\t\t\t\t\t<div class=\"elementor-container elementor-column-gap-default\">\n\t\t\t\t\t<div class=\"elementor-column elementor-col-100 elementor-inner-column elementor-element elementor-element-bb0ded5\" data-id=\"bb0ded5\" data-element_type=\"column\">\n\t\t\t<div class=\"elementor-widget-wrap elementor-element-populated\">\n\t\t\t\t\t\t<div class=\"elementor-element elementor-element-759b076 elementor-widget elementor-widget-heading\" data-id=\"759b076\" data-element_type=\"widget\" data-widget_type=\"heading.default\">\n\t\t\t\t<div class=\"elementor-widget-container\">\n\t\t\t\t\t<h3 class=\"elementor-heading-title elementor-size-default\">Postup \u017eiadosti o schv\u00e1lenie \u0161tat\u00fatu \u0161tudenta so \u0161pecifick\u00fdmi potrebami <\/h3>\t\t\t\t<\/div>\n\t\t\t\t<\/div>\n\t\t\t\t<div class=\"elementor-element elementor-element-5aa9d5d elementor-widget elementor-widget-text-editor\" data-id=\"5aa9d5d\" data-element_type=\"widget\" data-widget_type=\"text-editor.default\">\n\t\t\t\t<div class=\"elementor-widget-container\">\n\t\t\t\t\t\t\t\t\tFormul\u00e1re k \u017eiadosti o zaradenie do evidencie \u0161tudentov so \u0161pecifick\u00fdmi potrebami (\u0161tudentov so \u0160P) s\u00fa dostupn\u00e9 na webe PPCSZ (\u010das\u0165 <strong>Tla\u010div\u00e1 a \u017eiadosti<\/strong> tu: <span style=\"color: #008000;\"><a style=\"color: #008000;\" href=\"https:\/\/www.ucm.sk\/sk\/centra-podpory\/poradensko-pravne-centrum-studentov-zo-socialne-znevyhodneneho-prostredia-studentov-so-specifickymi-potrebami.html\" target=\"_blank\" rel=\"noopener\">https:\/\/www.ucm.sk\/sk\/centra-podpory\/poradensko-pravne-centrum-studentov-zo-socialne-znevyhodneneho-prostredia-studentov-so-specifickymi-potrebami.html<\/a><\/span> ), potrebn\u00e9 je dolo\u017ei\u0165 nasledovn\u00e9:\n<ol>\n \t<li><strong>\u017dIADOS\u0164 o zaradenie do evidencie \u0161tudentov so \u0161pecifick\u00fdmi potrebami\u00a0 <\/strong><\/li>\n \t<li><strong>S\u00daHLAS s vyhodnoten\u00edm \u0161pecifick\u00fdch potrieb<\/strong><\/li>\n<\/ol>\n<p style=\"text-align: justify;\">Na \u00fa\u010dely vyhodnotenia \u0161pecifick\u00fdch potrieb <strong>k svojej \u017eiadosti priklad\u00e1te<\/strong>:<\/p>\n\n<ol type=\"a\">\n \t<li><em>lek\u00e1rske vysved\u010denie<\/em> nie star\u0161ie ako tri mesiace (lek\u00e1rsky n\u00e1lez, spr\u00e1va o priebehu a v\u00fdvoji choroby a zdravotn\u00e9ho postihnutia alebo v\u00fdpis zo zdravotnej dokument\u00e1cie, pr\u00edpadne in\u00e9),<\/li>\n<strong>alebo<\/strong>\n \t<li><em>vyjadrenie pr\u00edslu\u0161n\u00e9ho odborn\u00edka<\/em> &#8211; psychol\u00f3ga, logop\u00e9da, \u0161kolsk\u00e9ho psychol\u00f3ga, \u0161kolsk\u00e9ho logop\u00e9da, \u0161kolsk\u00e9ho \u0161peci\u00e1lneho pedag\u00f3ga alebo \u0161peci\u00e1lneho pedag\u00f3ga.<\/li>\n<\/ol>\n<p style=\"text-align: justify;\">\u017diados\u0165 spolu s odbornou dokument\u00e1ciou je potrebn\u00e9 v <strong>p\u00edsomnej forme<\/strong> adresova\u0165 na Poradensko-pr\u00e1vne centrum pre \u0161tudentov zo soci\u00e1lne znev\u00fdhodnen\u00e9ho prostredia a \u0161tudentov so \u0161pecifick\u00fdmi potrebami.<\/p>\n\n<ul>\n \t<li style=\"text-align: justify;\"><em>Pr\u00edloha \u010d. 3<\/em>\u00a0 k vn\u00fatorn\u00e9mu predpisu \u010d. 41\/2023 Smernica rektora UCM v Trnave na zabezpe\u010denie v\u0161eobecne pr\u00edstupn\u00e9ho akademick\u00e9ho prostredia pre \u0161tudentov so \u0161pecifick\u00fdmi potrebami &#8211; <strong>Potvrdenie o zdravotnom znev\u00fdhodnen\u00ed<\/strong><\/li>\n \t<li style=\"text-align: justify;\"><em>Pr\u00edloha \u010d. 2<\/em>\u00a0 k vn\u00fatorn\u00e9mu predpisu \u010d. 41\/2023 Smernica rektora UCM v Trnave na zabezpe\u010denie v\u0161eobecne pr\u00edstupn\u00e9ho akademick\u00e9ho prostredia pre \u0161tudentov so \u0161pecifick\u00fdmi potrebami &#8211; <strong>Potvrdenie o poruch\u00e1ch u\u010denia<\/strong><\/li>\n<\/ul>\n<p style=\"text-align: justify;\">Vyplnen\u00e9 potvrdenie odovzd\u00e1 \u0161tudent so \u0161pecifick\u00fdmi potrebami spolu s odborn\u00fdm posudkom\u00a0 v Poradensko-pr\u00e1vnom centre pre \u0161tudentov zo soci\u00e1lne znev\u00fdhodnen\u00e9ho prostredia a \u0161tudentov so \u0161pecifick\u00fdmi potrebami.<\/p>\n<p style=\"text-align: justify;\"><strong>Akceptovate\u013en\u00e1 dokument\u00e1cia mus\u00ed\u00a0 sp\u013a\u0148a\u0165 tieto po\u017eiadavky:<\/strong><\/p>\n\n<ul>\n \t<li style=\"text-align: justify;\"><strong>Identifik\u00e1cia p\u00f4vodu zdravotnej dokument\u00e1cie: <\/strong>Dokument\u00e1cia poch\u00e1dza <u>z Centra pedagogicko-psychologick\u00e9ho poradenstva<\/u><em>,<\/em> resp. z in\u00e9ho <u>\u0161pecializovan\u00e9ho pracoviska<\/u>, obsahuje <u>posudok<\/u> (psychol\u00f3ga alebo \u0161peci\u00e1lneho pedag\u00f3ga, \u0161kolsk\u00e9ho \u0161peci\u00e1lneho pedag\u00f3ga, logop\u00e9da, \u0161kolsk\u00e9ho logop\u00e9da, \u0161kolsk\u00e9ho psychol\u00f3ga), s uveden\u00fdmi <u>kontaktn\u00fdmi \u00fadajmi<\/u>.<\/li>\n \t<li style=\"text-align: justify;\"><strong>\u010casov\u00e1 platnos\u0165:\u00a0 <\/strong>Nie star\u0161ia ako 3 mesiace.<\/li>\n<\/ul>\n\u0160tudent so \u0160P sa <strong>rozhodnut\u00edm <\/strong>dekana o priznan\u00ed \u0161tat\u00fatu \u0161tudenta so \u0160P <strong>preukazuje pri styku s pedag\u00f3gmi<\/strong> a \u010fal\u0161\u00edmi pracovn\u00edkmi UCM <strong>pod\u013ea potreby<\/strong>.\t\t\t\t\t\t\t\t<\/div>\n\t\t\t\t<\/div>\n\t\t\t\t\t<\/div>\n\t\t<\/div>\n\t\t\t\t\t<\/div>\n\t\t<\/section>\n\t\t\t\t\t<\/div>\n\t\t<\/div>\n\t\t\t\t\t<\/div>\n\t\t<\/section>\n\t\t\t\t<\/div>\n\t\t","protected":false},"excerpt":{"rendered":"<p>Metodick\u00e1 pr\u00edru\u010dka pre z\u00e1ujemcov o \u0161t\u00fadium a \u0161tudentov so \u0161pecifick\u00fdmi potrebami Postup \u017eiadosti o schv\u00e1lenie \u0161tat\u00fatu \u0161tudenta so \u0161pecifick\u00fdmi potrebami Formul\u00e1re k \u017eiadosti o zaradenie do evidencie \u0161tudentov so \u0161pecifick\u00fdmi potrebami (\u0161tudentov so \u0160P) s\u00fa dostupn\u00e9 na webe PPCSZ (\u010das\u0165 Tla\u010div\u00e1 a \u017eiadosti tu: https:\/\/www.ucm.sk\/sk\/centra-podpory\/poradensko-pravne-centrum-studentov-zo-socialne-znevyhodneneho-prostredia-studentov-so-specifickymi-potrebami.html ), potrebn\u00e9 je dolo\u017ei\u0165 nasledovn\u00e9: \u017dIADOS\u0164 o zaradenie do evidencie [&hellip;]<\/p>\n","protected":false},"author":3,"featured_media":0,"parent":0,"menu_order":0,"comment_status":"closed","ping_status":"closed","template":"","meta":{"footnotes":""},"class_list":["post-8190","page","type-page","status-publish","hentry"],"_links":{"self":[{"href":"https:\/\/e-ucebnice.ff.ucm.sk\/index.php\/wp-json\/wp\/v2\/pages\/8190","targetHints":{"allow":["GET"]}}],"collection":[{"href":"https:\/\/e-ucebnice.ff.ucm.sk\/index.php\/wp-json\/wp\/v2\/pages"}],"about":[{"href":"https:\/\/e-ucebnice.ff.ucm.sk\/index.php\/wp-json\/wp\/v2\/types\/page"}],"author":[{"embeddable":true,"href":"https:\/\/e-ucebnice.ff.ucm.sk\/index.php\/wp-json\/wp\/v2\/users\/3"}],"replies":[{"embeddable":true,"href":"https:\/\/e-ucebnice.ff.ucm.sk\/index.php\/wp-json\/wp\/v2\/comments?post=8190"}],"version-history":[{"count":25,"href":"https:\/\/e-ucebnice.ff.ucm.sk\/index.php\/wp-json\/wp\/v2\/pages\/8190\/revisions"}],"predecessor-version":[{"id":8217,"href":"https:\/\/e-ucebnice.ff.ucm.sk\/index.php\/wp-json\/wp\/v2\/pages\/8190\/revisions\/8217"}],"wp:attachment":[{"href":"https:\/\/e-ucebnice.ff.ucm.sk\/index.php\/wp-json\/wp\/v2\/media?parent=8190"}],"curies":[{"name":"wp","href":"https:\/\/api.w.org\/{rel}","templated":true}]}}