{"id":8326,"date":"2024-10-15T18:46:47","date_gmt":"2024-10-15T16:46:47","guid":{"rendered":"https:\/\/e-ucebnice.ff.ucm.sk\/?page_id=8326"},"modified":"2024-10-17T13:28:39","modified_gmt":"2024-10-17T11:28:39","slug":"prirucka-specificke-potreby-9-3","status":"publish","type":"page","link":"https:\/\/e-ucebnice.ff.ucm.sk\/index.php\/prirucka-specificke-potreby-9-3\/","title":{"rendered":"Prirucka-specificke-potreby-9-3"},"content":{"rendered":"\t\t<div data-elementor-type=\"wp-page\" data-elementor-id=\"8326\" class=\"elementor elementor-8326\" data-elementor-post-type=\"page\">\n\t\t\t\t\t\t<section class=\"elementor-section elementor-top-section elementor-element elementor-element-b2eeed8 elementor-section-height-min-height elementor-section-boxed elementor-section-height-default elementor-section-items-middle\" data-id=\"b2eeed8\" data-element_type=\"section\" data-settings=\"{&quot;background_background&quot;:&quot;classic&quot;}\">\n\t\t\t\t\t\t\t<div class=\"elementor-background-overlay\"><\/div>\n\t\t\t\t\t\t\t<div class=\"elementor-container elementor-column-gap-default\">\n\t\t\t\t\t<div class=\"elementor-column elementor-col-100 elementor-top-column elementor-element elementor-element-91ce5cd\" data-id=\"91ce5cd\" data-element_type=\"column\">\n\t\t\t<div class=\"elementor-widget-wrap elementor-element-populated\">\n\t\t\t\t\t\t<div class=\"elementor-element elementor-element-1c6da3b elementor-widget elementor-widget-heading\" data-id=\"1c6da3b\" data-element_type=\"widget\" data-widget_type=\"heading.default\">\n\t\t\t\t<div class=\"elementor-widget-container\">\n\t\t\t\t\t<h1 class=\"elementor-heading-title elementor-size-default\">Metodick\u00e1 pr\u00edru\u010dka pre z\u00e1ujemcov o \u0161t\u00fadium a \u0161tudentov so \u0161pecifick\u00fdmi potrebami<\/h1>\t\t\t\t<\/div>\n\t\t\t\t<\/div>\n\t\t\t\t\t<\/div>\n\t\t<\/div>\n\t\t\t\t\t<\/div>\n\t\t<\/section>\n\t\t\t\t<section class=\"elementor-section elementor-top-section elementor-element elementor-element-9f9a241 elementor-section-boxed elementor-section-height-default elementor-section-height-default\" data-id=\"9f9a241\" data-element_type=\"section\">\n\t\t\t\t\t\t<div class=\"elementor-container elementor-column-gap-default\">\n\t\t\t\t\t<div class=\"elementor-column elementor-col-100 elementor-top-column elementor-element elementor-element-36e8d15\" data-id=\"36e8d15\" data-element_type=\"column\">\n\t\t\t<div class=\"elementor-widget-wrap elementor-element-populated\">\n\t\t\t\t\t\t<section class=\"elementor-section elementor-inner-section elementor-element elementor-element-0f7453d elementor-section-boxed elementor-section-height-default elementor-section-height-default\" data-id=\"0f7453d\" data-element_type=\"section\">\n\t\t\t\t\t\t<div class=\"elementor-container elementor-column-gap-default\">\n\t\t\t\t\t<div class=\"elementor-column elementor-col-100 elementor-inner-column elementor-element elementor-element-4973de6\" data-id=\"4973de6\" data-element_type=\"column\">\n\t\t\t<div class=\"elementor-widget-wrap elementor-element-populated\">\n\t\t\t\t\t\t<div class=\"elementor-element elementor-element-198bac6 elementor-widget__width-initial elementor-fixed elementor-widget elementor-widget-button\" data-id=\"198bac6\" data-element_type=\"widget\" data-settings=\"{&quot;_position&quot;:&quot;fixed&quot;}\" data-widget_type=\"button.default\">\n\t\t\t\t<div class=\"elementor-widget-container\">\n\t\t\t\t\t\t\t\t\t<div class=\"elementor-button-wrapper\">\n\t\t\t\t\t<a class=\"elementor-button elementor-button-link elementor-size-sm\" href=\"#Kapitola1\">\n\t\t\t\t\t\t<span class=\"elementor-button-content-wrapper\">\n\t\t\t\t\t\t<span class=\"elementor-button-icon\">\n\t\t\t\t<i aria-hidden=\"true\" class=\"fas fa-arrow-up\"><\/i>\t\t\t<\/span>\n\t\t\t\t\t\t\t\t<\/span>\n\t\t\t\t\t<\/a>\n\t\t\t\t<\/div>\n\t\t\t\t\t\t\t\t<\/div>\n\t\t\t\t<\/div>\n\t\t\t\t\t<\/div>\n\t\t<\/div>\n\t\t\t\t\t<\/div>\n\t\t<\/section>\n\t\t\t\t\t<\/div>\n\t\t<\/div>\n\t\t\t\t\t<\/div>\n\t\t<\/section>\n\t\t\t\t<section class=\"elementor-section elementor-top-section elementor-element elementor-element-2858d6f elementor-section-boxed elementor-section-height-default elementor-section-height-default\" data-id=\"2858d6f\" data-element_type=\"section\">\n\t\t\t\t\t\t<div class=\"elementor-container elementor-column-gap-default\">\n\t\t\t\t\t<div class=\"elementor-column elementor-col-100 elementor-top-column elementor-element elementor-element-e63bd34\" data-id=\"e63bd34\" data-element_type=\"column\">\n\t\t\t<div class=\"elementor-widget-wrap elementor-element-populated\">\n\t\t\t\t\t\t<section class=\"elementor-section elementor-inner-section elementor-element elementor-element-0b79421 elementor-section-boxed elementor-section-height-default elementor-section-height-default\" data-id=\"0b79421\" data-element_type=\"section\">\n\t\t\t\t\t\t<div class=\"elementor-container elementor-column-gap-default\">\n\t\t\t\t\t<div class=\"elementor-column elementor-col-100 elementor-inner-column elementor-element elementor-element-bb0ded5\" data-id=\"bb0ded5\" data-element_type=\"column\">\n\t\t\t<div class=\"elementor-widget-wrap elementor-element-populated\">\n\t\t\t\t\t\t<div class=\"elementor-element elementor-element-759b076 elementor-widget elementor-widget-heading\" data-id=\"759b076\" data-element_type=\"widget\" data-widget_type=\"heading.default\">\n\t\t\t\t<div class=\"elementor-widget-container\">\n\t\t\t\t\t<h3 class=\"elementor-heading-title elementor-size-default\">\u0164a\u017ekosti s mobilitou<\/h3>\t\t\t\t<\/div>\n\t\t\t\t<\/div>\n\t\t\t\t<div class=\"elementor-element elementor-element-5aa9d5d elementor-widget elementor-widget-text-editor\" data-id=\"5aa9d5d\" data-element_type=\"widget\" data-widget_type=\"text-editor.default\">\n\t\t\t\t<div class=\"elementor-widget-container\">\n\t\t\t\t\t\t\t\t\t<p style=\"text-align: justify;\">Porucha mobility je zhor\u0161en\u00e1 schopnos\u0165 pohybu a premiest\u0148ovania, m\u00f4\u017eu by\u0165 do\u010dasn\u00e9 po \u00faraze alebo oper\u00e1cii alebo vroden\u00e9 a celo\u017eivotn\u00e9. Patria sem aj osoby na invalidnom voz\u00edku a \u0161tudenti s poruchami k\u013abov a svalov.<\/p><p style=\"text-align: justify;\"><strong><u>Po\u017eiadavky na dokument\u00e1ciu:<\/u><\/strong> Lek\u00e1rske potvrdenie.<\/p><p style=\"text-align: justify;\">\u00a0<strong><u>Na sk\u00fa\u0161ke m\u00f4\u017eete \u017eiada\u0165:<\/u><\/strong><\/p><ul style=\"text-align: justify;\"><li>vhodn\u00fa miestnos\u0165,<\/li><li>pred\u013a\u017een\u00fd \u010das,<\/li><li>zdvihnutie\/spustenie stola (v miestnosti kde je polohovate\u013en\u00fd st\u00f4l k dispoz\u00edcii),<\/li><li>prisp\u00f4soben\u00fa pracovn\u00fa stoli\u010dku (ak je k dispoz\u00edcii),<\/li><li>pomoc pri p\u00edsan\u00ed\/schv\u00e1lenie pr\u00edtomnosti vlastn\u00e9ho osobn\u00e9ho asistenta,<\/li><li>alternat\u00edvny form\u00e1t sk\u00fa\u0161ky po dohode s vyu\u010duj\u00facim predmetu,<\/li><li>pou\u017e\u00edvanie pc.<\/li><\/ul><p>\u00a0<\/p><p style=\"text-align: justify;\"><strong><u>Mo\u017en\u00e9 organiza\u010dn\u00e9 opatrenia:<\/u><\/strong><\/p><ul><li style=\"text-align: justify;\">Prisp\u00f4soben\u00e9 u\u010debne a prostredie.<\/li><li style=\"text-align: justify;\">Pr\u00edstup na parkovisko alebo in\u00e9 vyhraden\u00e9 parkovisko.<\/li><li style=\"text-align: justify;\">Zna\u010denie, rampy, v\u00fd\u0165ahy, dostupnos\u0165 do are\u00e1lu.<\/li><li style=\"text-align: justify;\">Pr\u00edstup k toalet\u00e1m v pr\u00edpade potreby.<\/li><li style=\"text-align: justify;\">Poskytovanie inform\u00e1ci\u00ed o dostupn\u00fdch \u00fanikov\u00fdch cest\u00e1ch a o tom, na koho sa obr\u00e1ti\u0165 v s\u00favislosti s po\u017eiarmi a \u00fanikov\u00fdmi situ\u00e1ciami.<\/li><li style=\"text-align: justify;\">Vyu\u017eitie asisten\u010dn\u00fdch technol\u00f3gi\u00ed (niektor\u00e9 asisten\u010dn\u00e9 technol\u00f3gie vyu\u017eite\u013en\u00e9 pri \u0165a\u017ekostiach s mobilitou s\u00fa pop\u00edsan\u00e9 tu: <span style=\"color: #008000;\"><a style=\"color: #008000;\" href=\"http:\/\/www.edu.fmph.uniba.sk\/~jaskova\/IKTH\/tema04\/tema04.html\">http:\/\/www.edu.fmph.uniba.sk\/~jaskova\/IKTH\/tema04\/tema04.html<\/a><\/span> .<\/li><\/ul><p>\u00a0<\/p><p style=\"text-align: justify;\"><strong><u>Realiz\u00e1cia praxe:<\/u><\/strong><\/p><ul><li style=\"text-align: justify;\">Pripravte si dobr\u00fa \u0161trukt\u00faru pri pl\u00e1novan\u00ed praxe.<\/li><li style=\"text-align: justify;\">Bu\u010fte otvoren\u00fd v s\u00favislosti s v\u00fdzvami, navrhujte mo\u017enosti a sp\u00f4soby rie\u0161enia, uplat\u0148ujte vlastn\u00fd proakt\u00edvny pr\u00edstup.<\/li><li style=\"text-align: justify;\">V mieste st\u00e1\u017ee alebo praxe sa odpor\u00fa\u010da prediskutova\u0165 \u0161tudentovu potrebu prisp\u00f4sobenia a zdie\u013eanie potrebn\u00fdch inform\u00e1ci\u00ed oh\u013eadom zdravotn\u00fdch \u0165a\u017ekost\u00ed. \u0160tudent preber\u00e1 pln\u00fa zodpovednos\u0165 za inform\u00e1cie, ktor\u00e9 si s\u00e1m \u017eel\u00e1 zdie\u013ea\u0165.<\/li><li style=\"text-align: justify;\">V dostato\u010dnom \u010dasovom predstihu je potrebn\u00e9 zorganizova\u0165 si st\u00e1\u017e alebo prax a zapoji\u0165 do cel\u00e9ho procesu t\u00fdch, ktor\u00fdch sa to t\u00fdka (zamestnancov UCM a st\u00e1\u017eov\u00fa alebo praxov\u00fa organiz\u00e1ciu).<\/li><\/ul>\t\t\t\t\t\t\t\t<\/div>\n\t\t\t\t<\/div>\n\t\t\t\t\t<\/div>\n\t\t<\/div>\n\t\t\t\t\t<\/div>\n\t\t<\/section>\n\t\t\t\t\t<\/div>\n\t\t<\/div>\n\t\t\t\t\t<\/div>\n\t\t<\/section>\n\t\t\t\t<\/div>\n\t\t","protected":false},"excerpt":{"rendered":"<p>Metodick\u00e1 pr\u00edru\u010dka pre z\u00e1ujemcov o \u0161t\u00fadium a \u0161tudentov so \u0161pecifick\u00fdmi potrebami \u0164a\u017ekosti s mobilitou Porucha mobility je zhor\u0161en\u00e1 schopnos\u0165 pohybu a premiest\u0148ovania, m\u00f4\u017eu by\u0165 do\u010dasn\u00e9 po \u00faraze alebo oper\u00e1cii alebo vroden\u00e9 a celo\u017eivotn\u00e9. Patria sem aj osoby na invalidnom voz\u00edku a \u0161tudenti s poruchami k\u013abov a svalov. Po\u017eiadavky na dokument\u00e1ciu: Lek\u00e1rske potvrdenie. \u00a0Na sk\u00fa\u0161ke m\u00f4\u017eete [&hellip;]<\/p>\n","protected":false},"author":3,"featured_media":0,"parent":0,"menu_order":0,"comment_status":"closed","ping_status":"closed","template":"","meta":{"footnotes":""},"class_list":["post-8326","page","type-page","status-publish","hentry"],"_links":{"self":[{"href":"https:\/\/e-ucebnice.ff.ucm.sk\/index.php\/wp-json\/wp\/v2\/pages\/8326","targetHints":{"allow":["GET"]}}],"collection":[{"href":"https:\/\/e-ucebnice.ff.ucm.sk\/index.php\/wp-json\/wp\/v2\/pages"}],"about":[{"href":"https:\/\/e-ucebnice.ff.ucm.sk\/index.php\/wp-json\/wp\/v2\/types\/page"}],"author":[{"embeddable":true,"href":"https:\/\/e-ucebnice.ff.ucm.sk\/index.php\/wp-json\/wp\/v2\/users\/3"}],"replies":[{"embeddable":true,"href":"https:\/\/e-ucebnice.ff.ucm.sk\/index.php\/wp-json\/wp\/v2\/comments?post=8326"}],"version-history":[{"count":4,"href":"https:\/\/e-ucebnice.ff.ucm.sk\/index.php\/wp-json\/wp\/v2\/pages\/8326\/revisions"}],"predecessor-version":[{"id":8358,"href":"https:\/\/e-ucebnice.ff.ucm.sk\/index.php\/wp-json\/wp\/v2\/pages\/8326\/revisions\/8358"}],"wp:attachment":[{"href":"https:\/\/e-ucebnice.ff.ucm.sk\/index.php\/wp-json\/wp\/v2\/media?parent=8326"}],"curies":[{"name":"wp","href":"https:\/\/api.w.org\/{rel}","templated":true}]}}